000
CDUS44 KMOB 232236
CLIPNS


CLIMATE REPORT
NATIONAL WEATHER SERVICE MOBILE AL
534 PM CDT WED AUG 23 2017


...................................

...THE PENSACOLA CLIMATE SUMMARY FOR AUGUST 23 2017...
VALID TODAY AS OF 0500 PM LOCAL TIME.

CLIMATE NORMAL PERIOD 1981 TO 2010
CLIMATE RECORD PERIOD 1879 TO 2017


WEATHER ITEM   OBSERVED TIME   RECORD YEAR NORMAL DEPARTURE LAST
                VALUE   (LST)  VALUE       VALUE  FROM      YEAR
                                                  NORMAL
..................................................................
TEMPERATURE (F)
 TODAY
  MAXIMUM         95    152 PM  99    2014  89      6       95
  MINIMUM         77    431 AM  66    2009  74      3       76
  AVERAGE         86                        82      4       86

PRECIPITATION (IN)
  TODAY            0.00          2.93 1909   0.20  -0.20     0.25
  MONTH TO DATE   12.49                      5.20   7.29    12.02
  SINCE MAR 1     51.55                     33.52  18.03    42.11
  SINCE JAN 1     66.90                     43.21  23.69    50.76

DEGREE DAYS
 COOLING
  TODAY           21                        17      4       21
  MONTH TO DATE  443                       391     52      417
  SINCE JUN 1   1534                      1389    145     1548
  SINCE JAN 1   2330                      1837    493     2144
..................................................................


WIND (MPH)
  HIGHEST WIND SPEED    15   HIGHEST WIND DIRECTION     E (100)
  HIGHEST GUST SPEED    22   HIGHEST GUST DIRECTION     E (100)
  AVERAGE WIND SPEED     4.9


SKY COVER
  POSSIBLE SUNSHINE  MM
  AVERAGE SKY COVER 0.1


WEATHER CONDITIONS
 THE FOLLOWING WEATHER WAS RECORDED TODAY.
  THUNDERSTORM


RELATIVE HUMIDITY (PERCENT)
 HIGHEST    91          1200 AM
 LOWEST     49           100 PM
 AVERAGE    70

..........................................................


THE PENSACOLA CLIMATE NORMALS FOR TOMORROW
                         NORMAL    RECORD    YEAR
 MAXIMUM TEMPERATURE (F)   89        98      2014
                                             1987
 MINIMUM TEMPERATURE (F)   74        63      2009


SUNRISE AND SUNSET
AUGUST 23 2017........SUNRISE   620 AM CDT   SUNSET   722 PM CDT
AUGUST 24 2017........SUNRISE   621 AM CDT   SUNSET   721 PM CDT


-  INDICATES NEGATIVE NUMBERS.
R  INDICATES RECORD WAS SET OR TIED.
MM INDICATES DATA IS MISSING.
T  INDICATES TRACE AMOUNT.




$$
