000
CDUS44 KMOB 272241
CLIPNS


CLIMATE REPORT
NATIONAL WEATHER SERVICE MOBILE AL
538 PM CDT THU AUG 27 2015


...................................

...THE PENSACOLA CLIMATE SUMMARY FOR AUGUST 27 2015...
VALID TODAY AS OF 0500 PM LOCAL TIME.

CLIMATE NORMAL PERIOD 1981 TO 2010
CLIMATE RECORD PERIOD 1879 TO 2015


WEATHER ITEM   OBSERVED TIME   RECORD YEAR NORMAL DEPARTURE LAST
                VALUE   (LST)  VALUE       VALUE  FROM      YEAR
                                                  NORMAL
..................................................................
TEMPERATURE (F)
 TODAY
  MAXIMUM         88   1250 PM  98    2011  89     -1       88
  MINIMUM         65R   458 AM  66    1958  74     -9       73
                                      1927
  AVERAGE         77                        82     -5       81

PRECIPITATION (IN)
  TODAY            0.00          9.89 1935   0.20  -0.20     0.00
  MONTH TO DATE    6.68                      6.01   0.67     1.36
  SINCE MAR 1     35.27                     34.33   0.94    57.41
  SINCE JAN 1     45.68                     44.02   1.66    68.74

DEGREE DAYS
 COOLING
  TODAY           12                        17     -5       16
  MONTH TO DATE  491                       459     32      461
  SINCE JUN 1   1585                      1457    128     1434
  SINCE JAN 1   2238                      1905    333     1885
..................................................................


WIND (MPH)
  HIGHEST WIND SPEED    14   HIGHEST WIND DIRECTION     S (160)
  HIGHEST GUST SPEED    20   HIGHEST GUST DIRECTION     S (180)
  AVERAGE WIND SPEED     7.4


SKY COVER
  POSSIBLE SUNSHINE  MM
  AVERAGE SKY COVER 0.0


WEATHER CONDITIONS
 THE FOLLOWING WEATHER WAS RECORDED TODAY.
  NO SIGNIFICANT WEATHER WAS OBSERVED.


RELATIVE HUMIDITY (PERCENT)
 HIGHEST    84           400 AM
 LOWEST     43           100 PM
 AVERAGE    64

..........................................................


THE PENSACOLA CLIMATE NORMALS FOR TOMORROW
                         NORMAL    RECORD    YEAR
 MAXIMUM TEMPERATURE (F)   89        97      2011
                                             1951
 MINIMUM TEMPERATURE (F)   74        67      1918


SUNRISE AND SUNSET
AUGUST 27 2015........SUNRISE   622 AM CDT   SUNSET   718 PM CDT
AUGUST 28 2015........SUNRISE   623 AM CDT   SUNSET   717 PM CDT


-  INDICATES NEGATIVE NUMBERS.
R  INDICATES RECORD WAS SET OR TIED.
MM INDICATES DATA IS MISSING.
T  INDICATES TRACE AMOUNT.




$$
