000
CDUS44 KMOB 292243
CLIPNS


CLIMATE REPORT
NATIONAL WEATHER SERVICE MOBILE AL
540 PM CDT FRI JUL 29 2016


...................................

...THE PENSACOLA CLIMATE SUMMARY FOR JULY 29 2016...
VALID TODAY AS OF 0500 PM LOCAL TIME.

CLIMATE NORMAL PERIOD 1981 TO 2010
CLIMATE RECORD PERIOD 1879 TO 2016


WEATHER ITEM   OBSERVED TIME   RECORD YEAR NORMAL DEPARTURE LAST
                VALUE   (LST)  VALUE       VALUE  FROM      YEAR
                                                  NORMAL
..................................................................
TEMPERATURE (F)
 TODAY
  MAXIMUM         91   1119 AM 100    1986  90      1       98
  MINIMUM         77    344 PM  66    1994  74      3       77
  AVERAGE         84                        82      2       88

PRECIPITATION (IN)
  TODAY            0.18          4.25 1946   0.24  -0.06     0.21
  MONTH TO DATE    6.80                      6.91  -0.11     6.78
  SINCE MAR 1     30.06                     27.82   2.24    28.37
  SINCE JAN 1     38.71                     37.51   1.20    38.78

DEGREE DAYS
 COOLING
  TODAY           19                        17      2       23
  MONTH TO DATE  569                       493     76      572
  SINCE JUN 1   1090                       958    132     1055
  SINCE JAN 1   1686                      1406    280     1708
..................................................................


WIND (MPH)
  HIGHEST WIND SPEED    24   HIGHEST WIND DIRECTION     W (290)
  HIGHEST GUST SPEED    33   HIGHEST GUST DIRECTION     W (290)
  AVERAGE WIND SPEED     4.8


SKY COVER
  POSSIBLE SUNSHINE  MM
  AVERAGE SKY COVER 0.1


WEATHER CONDITIONS
 THE FOLLOWING WEATHER WAS RECORDED TODAY.
  THUNDERSTORM
  HEAVY RAIN
  RAIN
  LIGHT RAIN
  FOG


RELATIVE HUMIDITY (PERCENT)
 HIGHEST    91           400 AM
 LOWEST     56          1100 AM
 AVERAGE    74

..........................................................


THE PENSACOLA CLIMATE NORMALS FOR TOMORROW
                         NORMAL    RECORD    YEAR
 MAXIMUM TEMPERATURE (F)   90       102      1986
 MINIMUM TEMPERATURE (F)   74        67      2014
                                             1994


SUNRISE AND SUNSET
JULY 29 2016..........SUNRISE   605 AM CDT   SUNSET   745 PM CDT
JULY 30 2016..........SUNRISE   606 AM CDT   SUNSET   744 PM CDT


-  INDICATES NEGATIVE NUMBERS.
R  INDICATES RECORD WAS SET OR TIED.
MM INDICATES DATA IS MISSING.
T  INDICATES TRACE AMOUNT.




$$
