000
CDUS44 KMOB 130630
CLIPNS


CLIMATE REPORT
NATIONAL WEATHER SERVICE MOBILE AL
1229 AM CST SAT FEB 13 2016


...................................

...THE PENSACOLA CLIMATE SUMMARY FOR FEBRUARY 12 2016...

CLIMATE NORMAL PERIOD 1981 TO 2010
CLIMATE RECORD PERIOD 1879 TO 2016


WEATHER ITEM   OBSERVED TIME   RECORD YEAR NORMAL DEPARTURE LAST
                VALUE   (LST)  VALUE       VALUE  FROM      YEAR
                                                  NORMAL
..................................................................
TEMPERATURE (F)
 YESTERDAY
  MAXIMUM         76    208 PM  77    2000  63     13       65
                                      1975
                                      1950
  MINIMUM         57   1159 PM  10    1899  45     12       39
  AVERAGE         67                        54     13       52

PRECIPITATION (IN)
  YESTERDAY        0.00          2.35 1966   0.19  -0.19     0.00
  MONTH TO DATE    1.59                      2.14  -0.55     1.45
  SINCE MAR 1     70.80                     62.35   8.45    79.76
  SINCE JAN 1      5.53                      6.77  -1.24     7.92

SNOWFALL (IN)
  YESTERDAY        0.0          MM      MM   0.0    0.0      0.0
  MONTH TO DATE    0.0                       0.0    0.0      0.0
  SINCE MAR 1      0.0                       0.0    0.0      0.0
  SINCE JUL 1      0.0                       0.0    0.0      0.0
  SNOW DEPTH       0

DEGREE DAYS
 HEATING
  YESTERDAY        0                        11    -11       13
  MONTH TO DATE  134                       145    -11      163
  SINCE DEC 1    686                       944   -258      861
  SINCE JUL 1    763                      1156   -393     1188

 COOLING
  YESTERDAY        2                         0      2        0
  MONTH TO DATE   10                         0     10        1
  SINCE DEC 1     85                        19     66       17
  SINCE JAN 1     10                         6      4        4
..................................................................


WIND (MPH)
  HIGHEST WIND SPEED    23   HIGHEST WIND DIRECTION     W (280)
  HIGHEST GUST SPEED    30   HIGHEST GUST DIRECTION     W (270)
  AVERAGE WIND SPEED    12.5


SKY COVER
  POSSIBLE SUNSHINE  MM
  AVERAGE SKY COVER 0.1


WEATHER CONDITIONS
 THE FOLLOWING WEATHER WAS RECORDED YESTERDAY.
  NO SIGNIFICANT WEATHER WAS OBSERVED.


RELATIVE HUMIDITY (PERCENT)
 HIGHEST    93           700 AM
 LOWEST     46           200 PM
 AVERAGE    70

..........................................................


THE PENSACOLA CLIMATE NORMALS FOR TODAY
                         NORMAL    RECORD    YEAR
 MAXIMUM TEMPERATURE (F)   63        79      1950
 MINIMUM TEMPERATURE (F)   45         7      1899


SUNRISE AND SUNSET
FEBRUARY 13 2016......SUNRISE   631 AM CST   SUNSET   535 PM CST
FEBRUARY 14 2016......SUNRISE   630 AM CST   SUNSET   536 PM CST


-  INDICATES NEGATIVE NUMBERS.
R  INDICATES RECORD WAS SET OR TIED.
MM INDICATES DATA IS MISSING.
T  INDICATES TRACE AMOUNT.




$$
