311
CDUS44 KMOB 241206
CLIPNS


CLIMATE REPORT
NATIONAL WEATHER SERVICE MOBILE AL
656 AM CDT WED AUG 24 2016


...................................

...THE PENSACOLA CLIMATE SUMMARY FOR AUGUST 23 2016...

CLIMATE NORMAL PERIOD 1981 TO 2010
CLIMATE RECORD PERIOD 1879 TO 2016


WEATHER ITEM   OBSERVED TIME   RECORD YEAR NORMAL DEPARTURE LAST
                VALUE   (LST)  VALUE       VALUE  FROM      YEAR
                                                  NORMAL
..................................................................
TEMPERATURE (F)
 YESTERDAY
  MAXIMUM         95    201 PM  99    2014  89      6       95
  MINIMUM         76    544 AM  66    2009  74      2       76
  AVERAGE         86                        82      4       86

PRECIPITATION (IN)
  YESTERDAY        0.25          2.93 1909   0.20   0.05     0.11
  MONTH TO DATE   12.03                      5.20   6.83     6.68
  SINCE MAR 1     42.12                     33.52   8.60    35.27
  SINCE JAN 1     50.77                     43.21   7.56    45.68

DEGREE DAYS
 COOLING
  YESTERDAY       21                        17      4       21
  MONTH TO DATE  417                       391     26      432
  SINCE JUN 1   1548                      1389    159     1526
  SINCE JAN 1   2144                      1837    307     2179
..................................................................


WIND (MPH)
  HIGHEST WIND SPEED    18   HIGHEST WIND DIRECTION    NW (300)
  HIGHEST GUST SPEED    23   HIGHEST GUST DIRECTION     N (340)
  AVERAGE WIND SPEED     4.4


SKY COVER
  POSSIBLE SUNSHINE  MM
  AVERAGE SKY COVER 0.1


WEATHER CONDITIONS
 THE FOLLOWING WEATHER WAS RECORDED YESTERDAY.
  THUNDERSTORM
  HEAVY RAIN
  LIGHT RAIN
  FOG
  HAZE


RELATIVE HUMIDITY (PERCENT)
 HIGHEST    94           500 AM
 LOWEST     49           100 PM
 AVERAGE    72

..........................................................


THE PENSACOLA CLIMATE NORMALS FOR TODAY
                         NORMAL    RECORD    YEAR
 MAXIMUM TEMPERATURE (F)   89        98      2014
                                             1987
 MINIMUM TEMPERATURE (F)   74        63      2009


SUNRISE AND SUNSET
AUGUST 24 2016........SUNRISE   621 AM CDT   SUNSET   720 PM CDT
AUGUST 25 2016........SUNRISE   622 AM CDT   SUNSET   719 PM CDT


-  INDICATES NEGATIVE NUMBERS.
R  INDICATES RECORD WAS SET OR TIED.
MM INDICATES DATA IS MISSING.
T  INDICATES TRACE AMOUNT.




$$
