000
CDUS44 KMOB 230637
CLIPNS


CLIMATE REPORT
NATIONAL WEATHER SERVICE MOBILE AL
126 AM CDT WED JUL 23 2014


...................................

...THE PENSACOLA CLIMATE SUMMARY FOR JULY 22 2014...

CLIMATE NORMAL PERIOD 1981 TO 2010
CLIMATE RECORD PERIOD 1879 TO 2014


WEATHER ITEM   OBSERVED TIME   RECORD YEAR NORMAL DEPARTURE LAST
                VALUE   (LST)  VALUE       VALUE  FROM      YEAR
                                                  NORMAL
..................................................................
TEMPERATURE (F)
 YESTERDAY
  MAXIMUM         86    147 PM  97    1898  90     -4       88
  MINIMUM         74   1159 PM  67    1893  75     -1       73
  AVERAGE         80                        82     -2       81

PRECIPITATION (IN)
  YESTERDAY        T             4.97 1931   0.23  -0.23     1.15
  MONTH TO DATE    6.19                      5.21   0.98    14.40
  SINCE MAR 1     54.60                     26.12  28.48    30.52
  SINCE JAN 1     65.93                     35.81  30.12    44.79

DEGREE DAYS
 COOLING
  YESTERDAY       15                        17     -2       16
  MONTH TO DATE  356                       374    -18      342
  SINCE JUN 1    835                       839     -4      856
  SINCE JAN 1   1286                      1287     -1     1298
..................................................................


WIND (MPH)
  HIGHEST WIND SPEED    17   HIGHEST WIND DIRECTION    SE (150)
  HIGHEST GUST SPEED    21   HIGHEST GUST DIRECTION     S (160)
  AVERAGE WIND SPEED     4.8


SKY COVER
  POSSIBLE SUNSHINE  MM
  AVERAGE SKY COVER 0.3


WEATHER CONDITIONS
 THE FOLLOWING WEATHER WAS RECORDED YESTERDAY.
  THUNDERSTORM
  LIGHT RAIN
  FOG


RELATIVE HUMIDITY (PERCENT)
 HIGHEST    94          1200 AM
 LOWEST     65           600 PM
 AVERAGE    80

..........................................................


THE PENSACOLA CLIMATE NORMALS FOR TODAY
                         NORMAL    RECORD    YEAR
 MAXIMUM TEMPERATURE (F)   90        98      2010
                                             1952
                                             1948
 MINIMUM TEMPERATURE (F)   75        64      1947


SUNRISE AND SUNSET
JULY 23 2014..........SUNRISE   602 AM CDT   SUNSET   749 PM CDT
JULY 24 2014..........SUNRISE   602 AM CDT   SUNSET   748 PM CDT


-  INDICATES NEGATIVE NUMBERS.
R  INDICATES RECORD WAS SET OR TIED.
MM INDICATES DATA IS MISSING.
T  INDICATES TRACE AMOUNT.




$$
