671
CDUS44 KMOB 100645
CLIPNS


CLIMATE REPORT
NATIONAL WEATHER SERVICE MOBILE AL
1245 AM CST SAT DEC 10 2016


...................................

...THE PENSACOLA CLIMATE SUMMARY FOR DECEMBER 9 2016...

CLIMATE NORMAL PERIOD 1981 TO 2010
CLIMATE RECORD PERIOD 1879 TO 2016


WEATHER ITEM   OBSERVED TIME   RECORD YEAR NORMAL DEPARTURE LAST
                VALUE   (LST)  VALUE       VALUE  FROM      YEAR
                                                  NORMAL
..................................................................
TEMPERATURE (F)
 YESTERDAY
  MAXIMUM         53    256 PM  79    2009  64    -11       74
  MINIMUM         37    715 AM  22    1917  45     -8       50
  AVERAGE         45                        55    -10       62

PRECIPITATION (IN)
  YESTERDAY        0.00          2.79 1992   0.16  -0.16     0.00
  MONTH TO DATE    6.09                      1.43   4.66     0.59
  SINCE MAR 1     52.44                     52.46  -0.02    57.53
  SINCE JAN 1     61.09                     62.15  -1.06    67.94

SNOWFALL (IN)
  YESTERDAY        0.0           0.0  2002   0.0    0.0      0.0
                                      2001
                                      2000
  MONTH TO DATE    0.0                       0.0    0.0      0.0
  SINCE MAR 1      0.0                       0.0    0.0      0.0
  SINCE JUL 1      0.0                       0.0    0.0      0.0
  SNOW DEPTH       0

DEGREE DAYS
 HEATING
  YESTERDAY       20                        11      9        3
  MONTH TO DATE   57                        90    -33       54
  SINCE DEC 1     57                        90    -33       54
  SINCE JUL 1    126                       302   -176      131

 COOLING
  YESTERDAY        0                         0      0        0
  MONTH TO DATE    7                         7      0        6
  SINCE DEC 1      7                         7      0        6
  SINCE JAN 1   3215                      2603    612     3039
..................................................................


WIND (MPH)
  HIGHEST WIND SPEED    17   HIGHEST WIND DIRECTION     N (350)
  HIGHEST GUST SPEED    24   HIGHEST GUST DIRECTION     N (10)
  AVERAGE WIND SPEED    10.9


SKY COVER
  POSSIBLE SUNSHINE  MM
  AVERAGE SKY COVER 0.0


WEATHER CONDITIONS
 THE FOLLOWING WEATHER WAS RECORDED YESTERDAY.
  NO SIGNIFICANT WEATHER WAS OBSERVED.


RELATIVE HUMIDITY (PERCENT)
 HIGHEST    59           300 AM
 LOWEST     24           300 PM
 AVERAGE    42

..........................................................


THE PENSACOLA CLIMATE NORMALS FOR TODAY
                         NORMAL    RECORD    YEAR
 MAXIMUM TEMPERATURE (F)   64        78      2012
                                             1971
 MINIMUM TEMPERATURE (F)   45        25      1995


SUNRISE AND SUNSET
DECEMBER 10 2016......SUNRISE   635 AM CST   SUNSET   448 PM CST
DECEMBER 11 2016......SUNRISE   636 AM CST   SUNSET   449 PM CST


-  INDICATES NEGATIVE NUMBERS.
R  INDICATES RECORD WAS SET OR TIED.
MM INDICATES DATA IS MISSING.
T  INDICATES TRACE AMOUNT.




$$
