000
CDUS44 KMOB 050626
CLIPNS


CLIMATE REPORT
NATIONAL WEATHER SERVICE MOBILE AL
126 AM CDT THU MAY 5 2016


...................................

...THE PENSACOLA CLIMATE SUMMARY FOR MAY 4 2016...

CLIMATE NORMAL PERIOD 1981 TO 2010
CLIMATE RECORD PERIOD 1879 TO 2016


WEATHER ITEM   OBSERVED TIME   RECORD YEAR NORMAL DEPARTURE LAST
                VALUE   (LST)  VALUE       VALUE  FROM      YEAR
                                                  NORMAL
..................................................................
TEMPERATURE (F)
 YESTERDAY
  MAXIMUM         77    332 PM  97    1952  80     -3       81
  MINIMUM         61    524 AM  44    1921  63     -2       63
  AVERAGE         69                        72     -3       72

PRECIPITATION (IN)
  YESTERDAY        0.00          2.89 2009   0.13  -0.13     0.00
  MONTH TO DATE    0.38                      0.52  -0.14     0.00
  SINCE MAR 1     14.03                     10.65   3.38    12.36
  SINCE JAN 1     22.68                     20.34   2.34    22.77

DEGREE DAYS
 COOLING
  YESTERDAY        4                         7     -3        7
  MONTH TO DATE   40                        25     15       15
  SINCE MAR 1    267                       159    108      316
  SINCE JAN 1    285                       173    112      323
..................................................................


WIND (MPH)
  HIGHEST WIND SPEED    21   HIGHEST WIND DIRECTION     N (350)
  HIGHEST GUST SPEED    26   HIGHEST GUST DIRECTION    NW (320)
  AVERAGE WIND SPEED    10.9


SKY COVER
  POSSIBLE SUNSHINE  MM
  AVERAGE SKY COVER 0.2


WEATHER CONDITIONS
 THE FOLLOWING WEATHER WAS RECORDED YESTERDAY.
  NO SIGNIFICANT WEATHER WAS OBSERVED.


RELATIVE HUMIDITY (PERCENT)
 HIGHEST    84          1200 AM
 LOWEST     33           400 PM
 AVERAGE    59

..........................................................


THE PENSACOLA CLIMATE NORMALS FOR TODAY
                         NORMAL    RECORD    YEAR
 MAXIMUM TEMPERATURE (F)   81        92      1955
 MINIMUM TEMPERATURE (F)   63        46      1921


SUNRISE AND SUNSET
MAY  5 2016...........SUNRISE   601 AM CDT   SUNSET   730 PM CDT
MAY  6 2016...........SUNRISE   601 AM CDT   SUNSET   731 PM CDT


-  INDICATES NEGATIVE NUMBERS.
R  INDICATES RECORD WAS SET OR TIED.
MM INDICATES DATA IS MISSING.
T  INDICATES TRACE AMOUNT.




$$
