000
CDUS41 KALY 250623
CLIPOU


CLIMATE REPORT
NATIONAL WEATHER SERVICE ALBANY NY
123 AM EST THU DEC 25 2014


...................................

...THE POUGHKEEPSIE NY CLIMATE SUMMARY FOR DECEMBER 24 2014...

CLIMATE NORMAL PERIOD 1981 TO 2010
CLIMATE RECORD PERIOD 1949 TO 2014


WEATHER ITEM   OBSERVED TIME   RECORD YEAR NORMAL DEPARTURE LAST
                VALUE   (LST)  VALUE       VALUE  FROM      YEAR
                                                  NORMAL
..................................................................
TEMPERATURE (F)
 YESTERDAY
  MAXIMUM         50   1159 PM  58    2003  37     13       37
  MINIMUM         42    644 AM -14    1989  19     23       23
  AVERAGE         46                        28     18       30

PRECIPITATION (IN)
  YESTERDAY        0.24          1.51 2003   0.12   0.12     0.01
  MONTH TO DATE    2.94                      2.80   0.14     2.49
  SINCE DEC 1      2.94                      2.80   0.14     2.49
  SINCE JAN 1     34.08                     45.80 -11.72    39.07

DEGREE DAYS
 HEATING
  YESTERDAY       19                        37    -18       35
  MONTH TO DATE  708                       786    -78      777
  SINCE DEC 1    708                       786    -78      777
  SINCE JUL 1   1859                      2064   -205     2020

 COOLING
  YESTERDAY        0                         0      0        0
  MONTH TO DATE    0                         0      0        0
  SINCE DEC 1      0                         0      0        0
  SINCE JAN 1    696                       672     24      829
..................................................................


WIND (MPH)
  HIGHEST WIND SPEED     7   HIGHEST WIND DIRECTION     N (340)
  HIGHEST GUST SPEED     8   HIGHEST GUST DIRECTION     S (180)
  AVERAGE WIND SPEED     1.6


SKY COVER
  AVERAGE SKY COVER 1.0



RELATIVE HUMIDITY (PERCENT)
 HIGHEST    96          1200 AM
 LOWEST     89           300 AM
 AVERAGE    93

..........................................................


THE POUGHKEEPSIE NY CLIMATE NORMALS FOR TODAY
                         NORMAL    RECORD    YEAR
 MAXIMUM TEMPERATURE (F)   37        63      1964
 MINIMUM TEMPERATURE (F)   19       -13      1980


SUNRISE AND SUNSET
DECEMBER 25 2014......SUNRISE   721 AM EST   SUNSET   431 PM EST
DECEMBER 26 2014......SUNRISE   721 AM EST   SUNSET   431 PM EST


-  INDICATES NEGATIVE NUMBERS.
R  INDICATES RECORD WAS SET OR TIED.
MM INDICATES DATA IS MISSING.
T  INDICATES TRACE AMOUNT.





RECORDS FOR KPOU DATE BACK TO 1949...
HOWEVER...DATA IS MISSING FROM JANUARY 1993 - JULY 2000.
$$
