000
CDUS41 KALY 012146
CLIPOU


CLIMATE REPORT
NATIONAL WEATHER SERVICE ALBANY NY
445 PM EST SUN FEB 1 2015


...................................

...THE POUGHKEEPSIE NY CLIMATE SUMMARY FOR FEBRUARY 1 2015...
VALID TODAY AS OF 0400 PM LOCAL TIME.

CLIMATE NORMAL PERIOD 1981 TO 2010
CLIMATE RECORD PERIOD 1949 TO 2015


WEATHER ITEM   OBSERVED TIME   RECORD YEAR NORMAL DEPARTURE LAST
                VALUE   (LST)  VALUE       VALUE  FROM      YEAR
                                                  NORMAL
..................................................................
TEMPERATURE (F)
 TODAY
  MAXIMUM         35    421 PM  66    1989  37     -2       46
  MINIMUM          2    141 AM  -8    1961  16    -14       24
  AVERAGE         19                        26     -7       35

PRECIPITATION (IN)
  TODAY            0.00          1.14 2008   0.09  -0.09     0.00
  MONTH TO DATE    0.00                      0.09  -0.09     0.00
  SINCE DEC 1      5.94                      6.70  -0.76     4.83
  SINCE JAN 1      2.94                      3.17  -0.23     1.50

DEGREE DAYS
 HEATING
  TODAY           46                        39      7       30
  MONTH TO DATE   46                        39      7       30
  SINCE DEC 1   2206                      2313   -107     2321
  SINCE JUL 1   3357                      3591   -234     3564

 COOLING
  TODAY            0                         0      0        0
  MONTH TO DATE    0                         0      0        0
  SINCE DEC 1      0                         0      0        0
  SINCE JAN 1      0                         0      0        0
..................................................................


WIND (MPH)
  HIGHEST WIND SPEED    10   HIGHEST WIND DIRECTION    SW (240)
  HIGHEST GUST SPEED    13   HIGHEST GUST DIRECTION    SW (240)
  AVERAGE WIND SPEED     2.8


SKY COVER
  AVERAGE SKY COVER 0.6



RELATIVE HUMIDITY (PERCENT)
 HIGHEST    79           100 AM
 LOWEST     44           400 PM
 AVERAGE    62

..........................................................


THE POUGHKEEPSIE NY CLIMATE NORMALS FOR TOMORROW
                         NORMAL    RECORD    YEAR
 MAXIMUM TEMPERATURE (F)   37        54      1983
 MINIMUM TEMPERATURE (F)   16       -22      1961


SUNRISE AND SUNSET
FEBRUARY  1 2015......SUNRISE   708 AM EST   SUNSET   511 PM EST
FEBRUARY  2 2015......SUNRISE   707 AM EST   SUNSET   512 PM EST


-  INDICATES NEGATIVE NUMBERS.
R  INDICATES RECORD WAS SET OR TIED.
MM INDICATES DATA IS MISSING.
T  INDICATES TRACE AMOUNT.






RECORDS FOR KPOU DATE BACK TO 1949...
HOWEVER...DATA IS MISSING FROM JANUARY 1993 - JULY 2000.
$$
