000
CDUS41 KALY 290630
CLIPOU


CLIMATE REPORT
NATIONAL WEATHER SERVICE ALBANY NY
228 AM EDT WED MAR 29 2017


...................................

...THE POUGHKEEPSIE NY CLIMATE SUMMARY FOR MARCH 28 2017...

CLIMATE NORMAL PERIOD 1981 TO 2010
CLIMATE RECORD PERIOD 1949 TO 2017


WEATHER ITEM   OBSERVED TIME   RECORD YEAR NORMAL DEPARTURE LAST
                VALUE   (LST)  VALUE       VALUE  FROM      YEAR
                                                  NORMAL
..................................................................
TEMPERATURE (F)
 YESTERDAY
  MAXIMUM         45    405 PM  83    1989  53     -8       61
  MINIMUM         37    220 AM  13    1956  30      7       42
  AVERAGE         41                        41      0       52

PRECIPITATION (IN)
  YESTERDAY        0.44          2.07 2005   0.12   0.32     0.29
  MONTH TO DATE    1.94                      3.22  -1.28     1.04
  SINCE MAR 1      1.94                      3.22  -1.28     1.04
  SINCE JAN 1      6.81                      8.96  -2.15     6.72

DEGREE DAYS
 HEATING
  YESTERDAY       24                        24      0       13
  MONTH TO DATE  918                       805    113      531
  SINCE MAR 1    918                       805    113      531
  SINCE JUL 1   4960                      5376   -416     4063

 COOLING
  YESTERDAY        0                         0      0        0
  MONTH TO DATE    0                         0      0        0
  SINCE MAR 1      0                         0      0        0
  SINCE JAN 1      0                         0      0        0
..................................................................


WIND (MPH)
  HIGHEST WIND SPEED     9   HIGHEST WIND DIRECTION    NE (30)
  HIGHEST GUST SPEED    11   HIGHEST GUST DIRECTION    NE (30)
  AVERAGE WIND SPEED     2.4


SKY COVER
  AVERAGE SKY COVER 1.0



RELATIVE HUMIDITY (PERCENT)
 HIGHEST   100          1200 AM
 LOWEST     92           100 AM
 AVERAGE    96

..........................................................


THE POUGHKEEPSIE NY CLIMATE NORMALS FOR TODAY
                         NORMAL    RECORD    YEAR
 MAXIMUM TEMPERATURE (F)   53        80      1986
 MINIMUM TEMPERATURE (F)   30        11      1959


SUNRISE AND SUNSET
MARCH 29 2017.........SUNRISE   643 AM EDT   SUNSET   718 PM EDT
MARCH 30 2017.........SUNRISE   642 AM EDT   SUNSET   719 PM EDT


-  INDICATES NEGATIVE NUMBERS.
R  INDICATES RECORD WAS SET OR TIED.
MM INDICATES DATA IS MISSING.
T  INDICATES TRACE AMOUNT.




RECORDS FOR KPOU DATE BACK TO 1949...
HOWEVER...DATA IS MISSING FROM JANUARY 1993 - JULY 2000.
$$
