000
CDUS46 KLOX 270859
CLIPRB


CLIMATE REPORT
NATIONAL WEATHER SERVICE LOS ANGELES/OXNARD CA
159 AM PDT WED AUG 27 2014


...................................

...THE PASO ROBLES AIRPORT CA CLIMATE SUMMARY FOR AUGUST 26 2014...

CLIMATE NORMAL PERIOD 1981 TO 2010
CLIMATE RECORD PERIOD 1948 TO 2014


WEATHER ITEM   OBSERVED TIME   RECORD YEAR NORMAL DEPARTURE LAST
                VALUE   (LST)  VALUE       VALUE  FROM      YEAR
                                                  NORMAL
..................................................................
TEMPERATURE (F)
 YESTERDAY
  MAXIMUM         88    230 PM 105    1967  92     -4       95
  MINIMUM         49    606 AM  40    1968  53     -4       57
  AVERAGE         69                        72     -3       76

PRECIPITATION (IN)
  YESTERDAY        0.00          T    2011   0.00   0.00     0.00
  MONTH TO DATE    0.00                      0.08  -0.08     0.00
  SINCE JUL 1      T                         0.08  -0.08      T
  SINCE JAN 1      4.46                      8.87  -4.41     1.46

SNOWFALL (IN)
  YESTERDAY        0.0
  MONTH TO DATE    0.0
  SINCE JUN 1      0.0
  SINCE JUL 1      0.0

DEGREE DAYS
 HEATING
  YESTERDAY        0                         0      0        0
  MONTH TO DATE    0                         0      0        0
  SINCE JUN 1     11                        31    -20        5
  SINCE JUL 1      0                         4     -4        0

 COOLING
  YESTERDAY        4                         8     -4       11
  MONTH TO DATE  220                       221     -1      234
  SINCE JUN 1    796                       630    166      779
  SINCE JAN 1    949                       698    251      909
..................................................................


WIND (MPH)
  HIGHEST WIND SPEED    18   HIGHEST WIND DIRECTION     S (200)
  HIGHEST GUST SPEED    24   HIGHEST GUST DIRECTION    SW (210)
  AVERAGE WIND SPEED     5.6


SKY COVER
  POSSIBLE SUNSHINE  MM
  AVERAGE SKY COVER 0.0


WEATHER CONDITIONS
 THE FOLLOWING WEATHER WAS RECORDED YESTERDAY.
  NO SIGNIFICANT WEATHER WAS OBSERVED.


RELATIVE HUMIDITY (PERCENT)
 HIGHEST    86           500 AM
 LOWEST     21           300 PM
 AVERAGE    54

..........................................................


THE PASO ROBLES AIRPORT CA CLIMATE NORMALS FOR TODAY
                         NORMAL    RECORD    YEAR
 MAXIMUM TEMPERATURE (F)   92       106      2001
 MINIMUM TEMPERATURE (F)   53        43      1995


SUNRISE AND SUNSET
AUGUST 27 2014........SUNRISE   631 AM PDT   SUNSET   736 PM PDT
AUGUST 28 2014........SUNRISE   632 AM PDT   SUNSET   735 PM PDT


-  INDICATES NEGATIVE NUMBERS.
R  INDICATES RECORD WAS SET OR TIED.
MM INDICATES DATA IS MISSING.
T  INDICATES TRACE AMOUNT.




$$
