000
CDUS46 KLOX 220901
CLIPRB


CLIMATE REPORT
NATIONAL WEATHER SERVICE LOS ANGELES/OXNARD CA
101 AM PST WED NOV 22 2017


...................................

...THE PASO ROBLES AIRPORT CA CLIMATE SUMMARY FOR NOVEMBER 21 2017...

CLIMATE NORMAL PERIOD 1981 TO 2010
CLIMATE RECORD PERIOD 1948 TO 2017


WEATHER ITEM   OBSERVED TIME   RECORD YEAR NORMAL DEPARTURE LAST
                VALUE   (LST)  VALUE       VALUE  FROM      YEAR
                                                  NORMAL
..................................................................
TEMPERATURE (F)
 YESTERDAY
  MAXIMUM         81R   259 PM  79    2015  65     16       63
                                      2005
                                      2002
  MINIMUM         46    527 AM  20    1979  37      9       47
  AVERAGE         64                        51     13       55

PRECIPITATION (IN)
  YESTERDAY        0.00          0.54 1996   0.04  -0.04     0.05
  MONTH TO DATE    0.14                      0.70  -0.56     0.95
  SINCE OCT 1      0.23                      1.32  -1.09     2.34
  SINCE JAN 1     12.72                     10.44   2.28     8.34

SNOWFALL (IN)
  YESTERDAY        0.0
  MONTH TO DATE    0.0
  SINCE SEP 1      0.0
  SINCE JUL 1      0.0

DEGREE DAYS
 HEATING
  YESTERDAY        1                        14    -13       10
  MONTH TO DATE  181                       236    -55      108
  SINCE SEP 1    302                       398    -96      230
  SINCE JUL 1    303                       406   -103      230

 COOLING
  YESTERDAY        0                         0      0        0
  MONTH TO DATE    0                         0      0        8
  SINCE SEP 1    270                       193     77      184
  SINCE JAN 1   1370                       926    444     1073
..................................................................


WIND (MPH)
  HIGHEST WIND SPEED    21   HIGHEST WIND DIRECTION     E (90)
  HIGHEST GUST SPEED    38   HIGHEST GUST DIRECTION     E (90)
  AVERAGE WIND SPEED     6.4


SKY COVER
  POSSIBLE SUNSHINE  MM
  AVERAGE SKY COVER 0.0


WEATHER CONDITIONS
 THE FOLLOWING WEATHER WAS RECORDED YESTERDAY.
  NO SIGNIFICANT WEATHER WAS OBSERVED.


RELATIVE HUMIDITY (PERCENT)
 HIGHEST    66           500 AM
 LOWEST     23           100 PM
 AVERAGE    45

..........................................................


THE PASO ROBLES AIRPORT CA CLIMATE NORMALS FOR TODAY
                         NORMAL    RECORD    YEAR
 MAXIMUM TEMPERATURE (F)   64        79      2015
 MINIMUM TEMPERATURE (F)   36        26      1975


SUNRISE AND SUNSET
NOVEMBER 22 2017......SUNRISE   646 AM PST   SUNSET   452 PM PST
NOVEMBER 23 2017......SUNRISE   647 AM PST   SUNSET   451 PM PST


-  INDICATES NEGATIVE NUMBERS.
R  INDICATES RECORD WAS SET OR TIED.
MM INDICATES DATA IS MISSING.
T  INDICATES TRACE AMOUNT.




$$
