000
CDUS46 KLOX 270117
CLIPRB


CLIMATE REPORT
NATIONAL WEATHER SERVICE LOS ANGELES/OXNARD CA
517 PM PST THU FEB 26 2015


...................................

...THE PASO ROBLES AIRPORT CA CLIMATE SUMMARY FOR FEBRUARY 26 2015...
VALID TODAY AS OF 0500 PM LOCAL TIME.

CLIMATE NORMAL PERIOD 1981 TO 2010
CLIMATE RECORD PERIOD 1948 TO 2015


WEATHER ITEM   OBSERVED TIME   RECORD YEAR NORMAL DEPARTURE LAST
                VALUE   (LST)  VALUE       VALUE  FROM      YEAR
                                                  NORMAL
..................................................................
TEMPERATURE (F)
 TODAY
  MAXIMUM         70    359 PM  79    2002  64      6       63
  MINIMUM         37    600 AM  18    1971  40     -3       52
  AVERAGE         54                        52      2       58

PRECIPITATION (IN)
  TODAY            0.00          0.88 2010   0.10  -0.10     0.54
  MONTH TO DATE    2.03                      2.40  -0.37     1.49
  SINCE OCT 1      7.99                      8.81  -0.82     1.95
  SINCE JAN 1      2.27                      5.15  -2.88     1.49

SNOWFALL (IN)
  TODAY            0.0
  MONTH TO DATE    0.0
  SINCE DEC 1      0.0
  SINCE JUL 1      0.0

DEGREE DAYS
 HEATING
  TODAY           11                        13     -2        7
  MONTH TO DATE  229                       391   -162      282
  SINCE DEC 1   1056                      1518   -462     1237
  SINCE JUL 1   1335                      2067   -732     1689

 COOLING
  TODAY            0                         0      0        0
  MONTH TO DATE    0                         0      0        0
  SINCE DEC 1      0                         0      0        0
  SINCE JAN 1      0                         0      0        0
..................................................................


WIND (MPH)
  HIGHEST WIND SPEED    10   HIGHEST WIND DIRECTION     N (340)
  HIGHEST GUST SPEED    23   HIGHEST GUST DIRECTION     N (360)
  AVERAGE WIND SPEED     2.2


SKY COVER
  POSSIBLE SUNSHINE  MM
  AVERAGE SKY COVER 0.2


WEATHER CONDITIONS
 THE FOLLOWING WEATHER WAS RECORDED TODAY.
  FOG
  FOG W/VISIBILITY <= 1/4 MILE


RELATIVE HUMIDITY (PERCENT)
 HIGHEST    96           900 AM
 LOWEST     40           400 PM
 AVERAGE    68

..........................................................


THE PASO ROBLES AIRPORT CA CLIMATE NORMALS FOR TOMORROW
                         NORMAL    RECORD    YEAR
 MAXIMUM TEMPERATURE (F)   64        80      1986
 MINIMUM TEMPERATURE (F)   40        18      1971


SUNRISE AND SUNSET
FEBRUARY 26 2015......SUNRISE   636 AM PST   SUNSET   555 PM PST
FEBRUARY 27 2015......SUNRISE   635 AM PST   SUNSET   556 PM PST


-  INDICATES NEGATIVE NUMBERS.
R  INDICATES RECORD WAS SET OR TIED.
MM INDICATES DATA IS MISSING.
T  INDICATES TRACE AMOUNT.




$$
