000
CDUS46 KLOX 250901
CLIPRB


CLIMATE REPORT
NATIONAL WEATHER SERVICE LOS ANGELES/OXNARD CA
101 AM PST TUE NOV 25 2014


...................................

...THE PASO ROBLES AIRPORT CA CLIMATE SUMMARY FOR NOVEMBER 24 2014...

CLIMATE NORMAL PERIOD 1981 TO 2010
CLIMATE RECORD PERIOD 1948 TO 2014


WEATHER ITEM   OBSERVED TIME   RECORD YEAR NORMAL DEPARTURE LAST
                VALUE   (LST)  VALUE       VALUE  FROM      YEAR
                                                  NORMAL
..................................................................
TEMPERATURE (F)
 YESTERDAY
  MAXIMUM         67    223 PM  81    1959  64      3       67
  MINIMUM         34    712 AM  23    1993  36     -2       33
  AVERAGE         51                        50      1       50

PRECIPITATION (IN)
  YESTERDAY        0.00          1.02 2001   0.04  -0.04     0.00
  MONTH TO DATE    0.20                      0.81  -0.61     0.27
  SINCE JUL 1      1.05                      1.76  -0.71     0.29
  SINCE JAN 1      5.51                     10.55  -5.04     1.75

SNOWFALL (IN)
  YESTERDAY        0.0
  MONTH TO DATE    0.0
  SINCE SEP 1      0.0
  SINCE JUL 1      0.0

DEGREE DAYS
 HEATING
  YESTERDAY       14                        15     -1       15
  MONTH TO DATE  174                       281   -107      233
  SINCE SEP 1    217                       443   -226      383
  SINCE JUL 1    217                       451   -234      383

 COOLING
  YESTERDAY        0                         0      0        0
  MONTH TO DATE    1                         0      1        0
  SINCE SEP 1    350                       193    157      199
  SINCE JAN 1   1357                       926    431     1173
..................................................................


WIND (MPH)
  HIGHEST WIND SPEED    20   HIGHEST WIND DIRECTION     E (80)
  HIGHEST GUST SPEED    23   HIGHEST GUST DIRECTION     E (80)
  AVERAGE WIND SPEED     7.1


SKY COVER
  POSSIBLE SUNSHINE  MM
  AVERAGE SKY COVER 0.0


WEATHER CONDITIONS
 THE FOLLOWING WEATHER WAS RECORDED YESTERDAY.
  NO SIGNIFICANT WEATHER WAS OBSERVED.


RELATIVE HUMIDITY (PERCENT)
 HIGHEST    79          1200 AM
 LOWEST     37           300 PM
 AVERAGE    58

..........................................................


THE PASO ROBLES AIRPORT CA CLIMATE NORMALS FOR TODAY
                         NORMAL    RECORD    YEAR
 MAXIMUM TEMPERATURE (F)   63        80      1995
 MINIMUM TEMPERATURE (F)   36        22      1993


SUNRISE AND SUNSET
NOVEMBER 25 2014......SUNRISE   648 AM PST   SUNSET   451 PM PST
NOVEMBER 26 2014......SUNRISE   649 AM PST   SUNSET   450 PM PST


-  INDICATES NEGATIVE NUMBERS.
R  INDICATES RECORD WAS SET OR TIED.
MM INDICATES DATA IS MISSING.
T  INDICATES TRACE AMOUNT.




$$
