000
CDUS46 KLOX 310905
CLIPRB


CLIMATE REPORT
NATIONAL WEATHER SERVICE LOS ANGELES/OXNARD CA
105 AM PST SAT JAN 31 2015


...................................

...THE PASO ROBLES AIRPORT CA CLIMATE SUMMARY FOR JANUARY 30 2015...

CLIMATE NORMAL PERIOD 1981 TO 2010
CLIMATE RECORD PERIOD 1948 TO 2015


WEATHER ITEM   OBSERVED TIME   RECORD YEAR NORMAL DEPARTURE LAST
                VALUE   (LST)  VALUE       VALUE  FROM      YEAR
                                                  NORMAL
..................................................................
TEMPERATURE (F)
 YESTERDAY
  MAXIMUM         66    439 PM  79    2009  60      6       64
  MINIMUM         37    730 AM  22    1975  36      1       49
  AVERAGE         52                        48      4       57

PRECIPITATION (IN)
  YESTERDAY        0.00          1.50 1963   0.10  -0.10      T
  MONTH TO DATE    0.24                      2.66  -2.42      T
  SINCE OCT 1      5.96                      6.32  -0.36     0.46
  SINCE JAN 1      0.24                      2.66  -2.42      T

SNOWFALL (IN)
  YESTERDAY        0.0
  MONTH TO DATE    0.0
  SINCE DEC 1      0.0
  SINCE JUL 1      0.0

DEGREE DAYS
 HEATING
  YESTERDAY       13                        17     -4        8
  MONTH TO DATE  427                       535   -108      357
  SINCE DEC 1    816                      1110   -294      940
  SINCE JUL 1   1095                      1659   -564     1392

 COOLING
  YESTERDAY        0                         0      0        0
  MONTH TO DATE    0                         0      0        0
  SINCE DEC 1      0                         0      0        0
  SINCE JAN 1      0                         0      0        0
..................................................................


WIND (MPH)
  HIGHEST WIND SPEED    13   HIGHEST WIND DIRECTION    NW (320)
  HIGHEST GUST SPEED    15   HIGHEST GUST DIRECTION     N (350)
  AVERAGE WIND SPEED     2.3


SKY COVER
  POSSIBLE SUNSHINE  MM
  AVERAGE SKY COVER 0.3


WEATHER CONDITIONS
 THE FOLLOWING WEATHER WAS RECORDED YESTERDAY.
  FOG
  FOG W/VISIBILITY <= 1/4 MILE


RELATIVE HUMIDITY (PERCENT)
 HIGHEST   100          1000 AM
 LOWEST     40           400 PM
 AVERAGE    70

..........................................................


THE PASO ROBLES AIRPORT CA CLIMATE NORMALS FOR TODAY
                         NORMAL    RECORD    YEAR
 MAXIMUM TEMPERATURE (F)   60        83      1976
 MINIMUM TEMPERATURE (F)   36        22      1985


SUNRISE AND SUNSET
JANUARY 31 2015.......SUNRISE   703 AM PST   SUNSET   529 PM PST
FEBRUARY  1 2015......SUNRISE   703 AM PST   SUNSET   530 PM PST


-  INDICATES NEGATIVE NUMBERS.
R  INDICATES RECORD WAS SET OR TIED.
MM INDICATES DATA IS MISSING.
T  INDICATES TRACE AMOUNT.




$$
