000
CDUS45 KFGZ 280746
CLIPRC
CLIMATE REPORT
NATIONAL WEATHER SERVICE FLAGSTAFF, AZ
1244 AM MST WED SEP 28 2016


...................................

...THE PRESCOTT AZ AIRPORT CLIMATE SUMMARY FOR SEPTEMBER 27 2016...

CLIMATE NORMAL PERIOD 1981 TO 2010
CLIMATE RECORD PERIOD 1948 TO 2016


WEATHER ITEM   OBSERVED TIME   RECORD YEAR NORMAL DEPARTURE LAST
                VALUE   (LST)  VALUE       VALUE  FROM      YEAR
                                                  NORMAL
..................................................................
TEMPERATURE (F)
 YESTERDAY
  MAXIMUM         71    523 PM  93    2010  78     -7       88
  MINIMUM         55   1132 PM  38    1970  49      6       56
  AVERAGE         63                        64     -1

PRECIPITATION (IN)
  YESTERDAY        0.01          1.36 2014   0.04  -0.03     0.00
  MONTH TO DATE    2.07                      1.39   0.68     0.34
  SINCE SEP 1      2.07                      1.39   0.68     0.34
  SINCE JAN 1     12.83                     11.05   1.78    12.68

DEGREE DAYS
 HEATING
  YESTERDAY        2                               -1
  MONTH TO DATE   30                                5
  SINCE JUL 1     30                                4

 COOLING
  YESTERDAY        0                               -1
  MONTH TO DATE   81                              -30
  SINCE JAN 1   1090                              158
..................................................................


WIND (MPH)
  HIGHEST WIND SPEED    20   HIGHEST WIND DIRECTION    SE (120)
  HIGHEST GUST SPEED    29   HIGHEST GUST DIRECTION    SE (120)
  AVERAGE WIND SPEED     4.9


SKY COVER
  AVERAGE SKY COVER 0.4


WEATHER CONDITIONS
 THE FOLLOWING WEATHER WAS RECORDED YESTERDAY.
  LIGHT RAIN


RELATIVE HUMIDITY (PERCENT)
 HIGHEST    86
 LOWEST     37

..........................................................


THE PRESCOTT AZ AIRPORT CLIMATE NORMALS FOR TODAY
                         NORMAL    RECORD    YEAR
 MAXIMUM TEMPERATURE (F)   78        91      2010
 MINIMUM TEMPERATURE (F)   49        35      2013


SUNRISE AND SUNSET
SEPTEMBER 28 2016.....SUNRISE   623 AM MST   SUNSET   617 PM MST
SEPTEMBER 29 2016.....SUNRISE   623 AM MST   SUNSET   616 PM MST


-  INDICATES NEGATIVE NUMBERS.
R  INDICATES RECORD WAS SET OR TIED.
MM INDICATES DATA IS MISSING.
T  INDICATES TRACE AMOUNT.




$$
