000
CDUS45 KFGZ 200743
CLIPRC
CLIMATE REPORT
NATIONAL WEATHER SERVICE FLAGSTAFF, AZ
1241 AM MST WED AUG 20 2014


...................................

...THE PRESCOTT AZ AIRPORT CLIMATE SUMMARY FOR AUGUST 19 2014...

CLIMATE NORMAL PERIOD 1981 TO 2010
CLIMATE RECORD PERIOD 1948 TO 2014


WEATHER ITEM   OBSERVED TIME   RECORD YEAR NORMAL DEPARTURE LAST
                VALUE   (LST)  VALUE       VALUE  FROM      YEAR
                                                  NORMAL
..................................................................
TEMPERATURE (F)
 YESTERDAY
  MAXIMUM         70    528 PM  97    1960  86    -16       91
  MINIMUM         56   1155 PM  50    1990  60     -4       64
  AVERAGE         63                        73    -10

PRECIPITATION (IN)
  YESTERDAY        1.19          1.68 1984   0.08   1.11     0.05
  MONTH TO DATE    3.62                      1.69   1.93     0.26
  SINCE SEP 1     11.14                     13.04  -1.90     8.05
  SINCE JAN 1      6.42                      8.73  -2.31     6.09

DEGREE DAYS
 HEATING
  YESTERDAY        2                                2
  MONTH TO DATE    2                                2
  SINCE JUL 1      2                                2

 COOLING
  YESTERDAY        0                               -8
  MONTH TO DATE  161                              -14
  SINCE JAN 1    841                              111
..................................................................


WIND (MPH)
  HIGHEST WIND SPEED    23   HIGHEST WIND DIRECTION    NW (330)
  HIGHEST GUST SPEED    28   HIGHEST GUST DIRECTION    NW (330)
  AVERAGE WIND SPEED     5.9


SKY COVER
  AVERAGE SKY COVER 0.6


WEATHER CONDITIONS
 THE FOLLOWING WEATHER WAS RECORDED YESTERDAY.
  THUNDERSTORM
  HEAVY RAIN
  RAIN
  LIGHT RAIN
  FOG
  HAZE


RELATIVE HUMIDITY (PERCENT)
 HIGHEST    93
 LOWEST     59

..........................................................


THE PRESCOTT AZ AIRPORT CLIMATE NORMALS FOR TODAY
                         NORMAL    RECORD    YEAR
 MAXIMUM TEMPERATURE (F)   86        95      1949
 MINIMUM TEMPERATURE (F)   60        50      1979


SUNRISE AND SUNSET
AUGUST 20 2014........SUNRISE   554 AM MST   SUNSET   711 PM MST
AUGUST 21 2014........SUNRISE   555 AM MST   SUNSET   710 PM MST


-  INDICATES NEGATIVE NUMBERS.
R  INDICATES RECORD WAS SET OR TIED.
MM INDICATES DATA IS MISSING.
T  INDICATES TRACE AMOUNT.




$$
