000
CDUS45 KFGZ 110056
CLIPRC
CLIMATE REPORT
NATIONAL WEATHER SERVICE FLAGSTAFF, AZ
555 PM MST THU JUL 10 2014


...................................

...THE PRESCOTT AZ AIRPORT CLIMATE SUMMARY FOR JULY 10 2014...
VALID TODAY AS OF 0500 PM LOCAL TIME.

CLIMATE NORMAL PERIOD 1981 TO 2010
CLIMATE RECORD PERIOD 1948 TO 2014


WEATHER ITEM   OBSERVED TIME   RECORD YEAR NORMAL DEPARTURE LAST
                VALUE   (LST)  VALUE       VALUE  FROM      YEAR
                                                  NORMAL
..................................................................
TEMPERATURE (F)
 TODAY
  MAXIMUM         84    348 PM 103    2003  90     -6       93
  MINIMUM         64    549 AM  53    1987  62      2       71
  AVERAGE         74                        76     -2

PRECIPITATION (IN)
  TODAY            0.04          0.55 2011   0.05  -0.01
  MONTH TO DATE    0.86                      0.45   0.41
  SINCE SEP 1      6.55                      9.69  -3.14
  SINCE JAN 1      1.83                      5.38  -3.55

DEGREE DAYS
 HEATING
  TODAY            0                         0      0
  SINCE JUL 1      0                         0      0

 COOLING
  TODAY            9                        11     -2
  SINCE JAN 1    417                       331     86
..................................................................


WIND (MPH)
  HIGHEST WIND SPEED    24   HIGHEST WIND DIRECTION    SW (240)
  HIGHEST GUST SPEED    28   HIGHEST GUST DIRECTION    SW (240)
  AVERAGE WIND SPEED     6.0


SKY COVER
  POSSIBLE SUNSHINE  MM
  AVERAGE SKY COVER 0.3


WEATHER CONDITIONS
 THE FOLLOWING WEATHER WAS RECORDED TODAY.
  THUNDERSTORM
  LIGHT RAIN


RELATIVE HUMIDITY (PERCENT)
 HIGHEST    78           600 AM
 LOWEST     37           400 PM

..........................................................


THE PRESCOTT AZ AIRPORT CLIMATE NORMALS FOR TOMORROW
                         NORMAL    RECORD    YEAR
 MAXIMUM TEMPERATURE (F)   90       103      1958
 MINIMUM TEMPERATURE (F)   62        52      1974


SUNRISE AND SUNSET
JULY 10 2014..........SUNRISE   525 AM MST   SUNSET   745 PM MST
JULY 11 2014..........SUNRISE   526 AM MST   SUNSET   745 PM MST


-  INDICATES NEGATIVE NUMBERS.
R  INDICATES RECORD WAS SET OR TIED.
MM INDICATES DATA IS MISSING.
T  INDICATES TRACE AMOUNT.




$$
