000
CDUS45 KFGZ 270751
CLIPRC
CLIMATE REPORT
NATIONAL WEATHER SERVICE FLAGSTAFF, AZ
1248 AM MST WED MAY 27 2015


...................................

...THE PRESCOTT AZ AIRPORT CLIMATE SUMMARY FOR MAY 26 2015...

CLIMATE NORMAL PERIOD 1981 TO 2010
CLIMATE RECORD PERIOD 1948 TO 2015


WEATHER ITEM   OBSERVED TIME   RECORD YEAR NORMAL DEPARTURE LAST
                VALUE   (LST)  VALUE       VALUE  FROM      YEAR
                                                  NORMAL
..................................................................
TEMPERATURE (F)
 YESTERDAY
  MAXIMUM         78    202 PM  97    1951  80     -2       89
  MINIMUM         50    553 AM  33    1996  49      1       54
  AVERAGE         64                        65     -1

PRECIPITATION (IN)
  YESTERDAY        0.00          0.18 1964   0.02  -0.02     0.00
  MONTH TO DATE    1.03                      0.39   0.64      T
  SINCE SEP 1      9.80                      8.78   1.02     5.69
  SINCE JAN 1      5.12                      4.47   0.65     0.97

DEGREE DAYS
 HEATING
  YESTERDAY        1                               -2
  MONTH TO DATE  216                               82
  SINCE JUL 1   3475                             -778

 COOLING
  YESTERDAY        0                               -2
  MONTH TO DATE    2                              -25
  SINCE JAN 1      3                              -26
..................................................................


WIND (MPH)
  HIGHEST WIND SPEED    17   HIGHEST WIND DIRECTION    SW (220)
  HIGHEST GUST SPEED    24   HIGHEST GUST DIRECTION    SW (230)
  AVERAGE WIND SPEED     6.4


SKY COVER
  AVERAGE SKY COVER 0.1


WEATHER CONDITIONS
 THE FOLLOWING WEATHER WAS RECORDED YESTERDAY.
  NO SIGNIFICANT WEATHER WAS OBSERVED.


RELATIVE HUMIDITY (PERCENT)
 HIGHEST    52
 LOWEST     18

..........................................................


THE PRESCOTT AZ AIRPORT CLIMATE NORMALS FOR TODAY
                         NORMAL    RECORD    YEAR
 MAXIMUM TEMPERATURE (F)   80        96      2003
 MINIMUM TEMPERATURE (F)   49        35      1987


SUNRISE AND SUNSET
MAY 27 2015...........SUNRISE   520 AM MST   SUNSET   734 PM MST
MAY 28 2015...........SUNRISE   519 AM MST   SUNSET   735 PM MST


-  INDICATES NEGATIVE NUMBERS.
R  INDICATES RECORD WAS SET OR TIED.
MM INDICATES DATA IS MISSING.
T  INDICATES TRACE AMOUNT.




$$
