000
CDUS45 KFGZ 240950
CLIPRC
CLIMATE REPORT
NATIONAL WEATHER SERVICE FLAGSTAFF, AZ
250 AM MST FRI MAR 24 2017


...................................

...THE PRESCOTT AZ AIRPORT CLIMATE SUMMARY FOR MARCH 23 2017...

CLIMATE NORMAL PERIOD 1981 TO 2010
CLIMATE RECORD PERIOD 1948 TO 2017


WEATHER ITEM   OBSERVED TIME   RECORD YEAR NORMAL DEPARTURE LAST
                VALUE   (LST)  VALUE       VALUE  FROM      YEAR
                                                  NORMAL
..................................................................
TEMPERATURE (F)
 YESTERDAY
  MAXIMUM         50    217 PM  77    1990  62    -12       59
  MINIMUM         37    540 AM  16    1952  34      3       29
  AVERAGE         44                        48     -4

PRECIPITATION (IN)
  YESTERDAY        0.15          0.82 2007   0.03   0.12     0.00
  MONTH TO DATE    0.54                      0.85  -0.31     0.16
  SINCE SEP 1     10.75                      7.67   3.08     5.13
  SINCE JAN 1      4.00                      3.36   0.64     1.64

DEGREE DAYS
 HEATING
  YESTERDAY       21                                4
  MONTH TO DATE  269                             -174
  SINCE JUL 1   2978                             -637

 COOLING
  YESTERDAY        0                                0
  MONTH TO DATE    0                                0
  SINCE JAN 1      0                                0
..................................................................


WIND (MPH)
  HIGHEST WIND SPEED    30   HIGHEST WIND DIRECTION    SW (240)
  HIGHEST GUST SPEED    37   HIGHEST GUST DIRECTION     W (250)
  AVERAGE WIND SPEED    11.4


SKY COVER
  AVERAGE SKY COVER 0.7


WEATHER CONDITIONS
 THE FOLLOWING WEATHER WAS RECORDED YESTERDAY.
  LIGHT RAIN
  FOG


RELATIVE HUMIDITY (PERCENT)
 HIGHEST   100
 LOWEST     50

..........................................................


THE PRESCOTT AZ AIRPORT CLIMATE NORMALS FOR TODAY
                         NORMAL    RECORD    YEAR
 MAXIMUM TEMPERATURE (F)   62        78      1956
 MINIMUM TEMPERATURE (F)   34        22      1995


SUNRISE AND SUNSET
MARCH 24 2017.........SUNRISE   627 AM MST   SUNSET   645 PM MST
MARCH 25 2017.........SUNRISE   626 AM MST   SUNSET   646 PM MST


-  INDICATES NEGATIVE NUMBERS.
R  INDICATES RECORD WAS SET OR TIED.
MM INDICATES DATA IS MISSING.
T  INDICATES TRACE AMOUNT.




$$
