000
CDUS45 KFGZ 260910
CLIPRC
CLIMATE REPORT
NATIONAL WEATHER SERVICE FLAGSTAFF, AZ
208 AM MST WED NOV 26 2014


...................................

...THE PRESCOTT AZ AIRPORT CLIMATE SUMMARY FOR NOVEMBER 25 2014...

CLIMATE NORMAL PERIOD 1981 TO 2010
CLIMATE RECORD PERIOD 1948 TO 2014


WEATHER ITEM   OBSERVED TIME   RECORD YEAR NORMAL DEPARTURE LAST
                VALUE   (LST)  VALUE       VALUE  FROM      YEAR
                                                  NORMAL
..................................................................
TEMPERATURE (F)
 YESTERDAY
  MAXIMUM         60    429 PM  75    1995  57      3       54
  MINIMUM         20    729 AM  16    1992  29     -9       29
  AVERAGE         40                        43     -3

PRECIPITATION (IN)
  YESTERDAY        0.00          1.62 1985   0.04  -0.04     0.00
  MONTH TO DATE    0.02                      0.76  -0.74     1.70
  SINCE SEP 1      2.75                      3.19  -0.44     4.41
  SINCE JAN 1     10.22                     12.85  -2.63    12.63

DEGREE DAYS
 HEATING
  YESTERDAY       25                                3
  MONTH TO DATE  441                              -11
  SINCE JUL 1    583                             -175

 COOLING
  YESTERDAY        0                                0
  MONTH TO DATE    0                                0
  SINCE JAN 1   1039                               98
..................................................................


WIND (MPH)
  HIGHEST WIND SPEED    15   HIGHEST WIND DIRECTION     N (350)
  HIGHEST GUST SPEED    22   HIGHEST GUST DIRECTION     N (340)
  AVERAGE WIND SPEED     5.7


SKY COVER
  AVERAGE SKY COVER 0.0


WEATHER CONDITIONS
 THE FOLLOWING WEATHER WAS RECORDED YESTERDAY.
  NO SIGNIFICANT WEATHER WAS OBSERVED.


RELATIVE HUMIDITY (PERCENT)
 HIGHEST    41
 LOWEST      7

..........................................................


THE PRESCOTT AZ AIRPORT CLIMATE NORMALS FOR TODAY
                         NORMAL    RECORD    YEAR
 MAXIMUM TEMPERATURE (F)   56        74      1977
 MINIMUM TEMPERATURE (F)   28        15      1993


SUNRISE AND SUNSET
NOVEMBER 26 2014......SUNRISE   714 AM MST   SUNSET   520 PM MST
NOVEMBER 27 2014......SUNRISE   715 AM MST   SUNSET   520 PM MST


-  INDICATES NEGATIVE NUMBERS.
R  INDICATES RECORD WAS SET OR TIED.
MM INDICATES DATA IS MISSING.
T  INDICATES TRACE AMOUNT.




$$
