000
CDUS45 KFGZ 190113
CLIPRC
CLIMATE REPORT
NATIONAL WEATHER SERVICE FLAGSTAFF, AZ
612 PM MST FRI AUG 18 2017


...................................

...THE PRESCOTT AZ AIRPORT CLIMATE SUMMARY FOR AUGUST 18 2017...
VALID TODAY AS OF 0500 PM LOCAL TIME.

CLIMATE NORMAL PERIOD 1981 TO 2010
CLIMATE RECORD PERIOD 1948 TO 2017


WEATHER ITEM   OBSERVED TIME   RECORD YEAR NORMAL DEPARTURE LAST
                VALUE   (LST)  VALUE       VALUE  FROM      YEAR
                                                  NORMAL
..................................................................
TEMPERATURE (F)
 TODAY
  MAXIMUM         90    359 PM  97    1953  87      3       86
  MINIMUM         54    603 AM  47    1949  60     -6       60
  AVERAGE         72                        73     -1

PRECIPITATION (IN)
  TODAY            0.00          0.89 1984   0.09  -0.09
  MONTH TO DATE    2.19                      1.61   0.58
  SINCE SEP 1     18.36                     12.96   5.40
  SINCE JAN 1     11.61                      8.65   2.96

DEGREE DAYS
 HEATING
  TODAY            0                         0      0
  SINCE JUL 1      0                         0      0

 COOLING
  TODAY            7                         8     -1
  SINCE JAN 1    886                       722    164
..................................................................


WIND (MPH)
  HIGHEST WIND SPEED    10   HIGHEST WIND DIRECTION     S (190)
  HIGHEST GUST SPEED    15   HIGHEST GUST DIRECTION     S (200)
  AVERAGE WIND SPEED     4.2


SKY COVER
  POSSIBLE SUNSHINE  MM
  AVERAGE SKY COVER 0.0


WEATHER CONDITIONS
 THE FOLLOWING WEATHER WAS RECORDED TODAY.
  NO SIGNIFICANT WEATHER WAS OBSERVED.


RELATIVE HUMIDITY (PERCENT)
 HIGHEST    59           300 AM
 LOWEST     10           100 PM

..........................................................


THE PRESCOTT AZ AIRPORT CLIMATE NORMALS FOR TOMORROW
                         NORMAL    RECORD    YEAR
 MAXIMUM TEMPERATURE (F)   86        97      1960
 MINIMUM TEMPERATURE (F)   60        50      1990


SUNRISE AND SUNSET
AUGUST 18 2017........SUNRISE   553 AM MST   SUNSET   714 PM MST
AUGUST 19 2017........SUNRISE   554 AM MST   SUNSET   712 PM MST


-  INDICATES NEGATIVE NUMBERS.
R  INDICATES RECORD WAS SET OR TIED.
MM INDICATES DATA IS MISSING.
T  INDICATES TRACE AMOUNT.




$$
