000
CDUS45 KFGZ 280758
CLIPRC
CLIMATE REPORT
NATIONAL WEATHER SERVICE FLAGSTAFF, AZ
1257 AM MST FRI APR 28 2017


...................................

...THE PRESCOTT AZ AIRPORT CLIMATE SUMMARY FOR APRIL 27 2017...

CLIMATE NORMAL PERIOD 1981 TO 2010
CLIMATE RECORD PERIOD 1948 TO 2017


WEATHER ITEM   OBSERVED TIME   RECORD YEAR NORMAL DEPARTURE LAST
                VALUE   (LST)  VALUE       VALUE  FROM      YEAR
                                                  NORMAL
..................................................................
TEMPERATURE (F)
 YESTERDAY
  MAXIMUM         75    101 PM  86    1996  71      4       66
  MINIMUM         55    615 AM  25    1984  41     14       39
  AVERAGE         65                        56      9

PRECIPITATION (IN)
  YESTERDAY        0.00          0.30 1970   0.01  -0.01     0.02
  MONTH TO DATE    0.11                      0.46  -0.35     1.10
  SINCE SEP 1     11.00                      8.35   2.65     6.23
  SINCE JAN 1      4.25                      4.04   0.21     2.74

DEGREE DAYS
 HEATING
  YESTERDAY        0                               -9
  MONTH TO DATE  243                             -102
  SINCE JUL 1   3345                             -747

 COOLING
  YESTERDAY        0                                0
  MONTH TO DATE    0                                0
  SINCE JAN 1      0                                0
..................................................................


WIND (MPH)
  HIGHEST WIND SPEED    25   HIGHEST WIND DIRECTION    SW (240)
  HIGHEST GUST SPEED    33   HIGHEST GUST DIRECTION    SW (240)
  AVERAGE WIND SPEED    12.7


SKY COVER
  AVERAGE SKY COVER 0.0


WEATHER CONDITIONS
 THE FOLLOWING WEATHER WAS RECORDED YESTERDAY.
  NO SIGNIFICANT WEATHER WAS OBSERVED.


RELATIVE HUMIDITY (PERCENT)
 HIGHEST    40
 LOWEST     18

..........................................................


THE PRESCOTT AZ AIRPORT CLIMATE NORMALS FOR TODAY
                         NORMAL    RECORD    YEAR
 MAXIMUM TEMPERATURE (F)   71        87      2007
 MINIMUM TEMPERATURE (F)   42        26      1970


SUNRISE AND SUNSET
APRIL 28 2017.........SUNRISE   542 AM MST   SUNSET   712 PM MST
APRIL 29 2017.........SUNRISE   541 AM MST   SUNSET   713 PM MST


-  INDICATES NEGATIVE NUMBERS.
R  INDICATES RECORD WAS SET OR TIED.
MM INDICATES DATA IS MISSING.
T  INDICATES TRACE AMOUNT.




$$
