000
CDUS45 KFGZ 270833
CLIPRC
CLIMATE REPORT
NATIONAL WEATHER SERVICE FLAGSTAFF, AZ
132 AM MST SAT DEC 27 2014


...................................

...THE PRESCOTT AZ AIRPORT CLIMATE SUMMARY FOR DECEMBER 26 2014...

CLIMATE NORMAL PERIOD 1981 TO 2010
CLIMATE RECORD PERIOD 1948 TO 2014


WEATHER ITEM   OBSERVED TIME   RECORD YEAR NORMAL DEPARTURE LAST
                VALUE   (LST)  VALUE       VALUE  FROM      YEAR
                                                  NORMAL
..................................................................
TEMPERATURE (F)
 YESTERDAY
  MAXIMUM         39    224 PM  68    1980  50    -11       56
  MINIMUM         20    801 AM   6    1990  25     -5       20
  AVERAGE         30                        37     -7

PRECIPITATION (IN)
  YESTERDAY        0.00          0.40 2003   0.03  -0.03     0.00
  MONTH TO DATE    1.81                      0.79   1.02     0.31
  SINCE SEP 1      4.56                      4.14   0.42     4.72
  SINCE JAN 1     12.03                     13.80  -1.77    12.94

DEGREE DAYS
 HEATING
  YESTERDAY       35                                7
  MONTH TO DATE  565                             -128
  SINCE JUL 1   1222                             -345

 COOLING
  YESTERDAY        0                                0
  MONTH TO DATE    0                                0
  SINCE JAN 1   1039                               98
..................................................................


WIND (MPH)
  HIGHEST WIND SPEED    14   HIGHEST WIND DIRECTION    NW (310)
  HIGHEST GUST SPEED    17   HIGHEST GUST DIRECTION     N (360)
  AVERAGE WIND SPEED     7.1


SKY COVER
  AVERAGE SKY COVER 0.1


WEATHER CONDITIONS
 THE FOLLOWING WEATHER WAS RECORDED YESTERDAY.
  NO SIGNIFICANT WEATHER WAS OBSERVED.


RELATIVE HUMIDITY (PERCENT)
 HIGHEST    68
 LOWEST     27

..........................................................


THE PRESCOTT AZ AIRPORT CLIMATE NORMALS FOR TODAY
                         NORMAL    RECORD    YEAR
 MAXIMUM TEMPERATURE (F)   50        70      1980
 MINIMUM TEMPERATURE (F)   25         8      1988


SUNRISE AND SUNSET
DECEMBER 27 2014......SUNRISE   735 AM MST   SUNSET   526 PM MST
DECEMBER 28 2014......SUNRISE   736 AM MST   SUNSET   527 PM MST


-  INDICATES NEGATIVE NUMBERS.
R  INDICATES RECORD WAS SET OR TIED.
MM INDICATES DATA IS MISSING.
T  INDICATES TRACE AMOUNT.




$$
