000
CDUS45 KFGZ 280833
CLIPRC
CLIMATE REPORT
NATIONAL WEATHER SERVICE FLAGSTAFF, AZ
132 AM MST MON JUL 28 2014


...................................

...THE PRESCOTT AZ AIRPORT CLIMATE SUMMARY FOR JULY 27 2014...

CLIMATE NORMAL PERIOD 1981 TO 2010
CLIMATE RECORD PERIOD 1948 TO 2014


WEATHER ITEM   OBSERVED TIME   RECORD YEAR NORMAL DEPARTURE LAST
                VALUE   (LST)  VALUE       VALUE  FROM      YEAR
                                                  NORMAL
..................................................................
TEMPERATURE (F)
 YESTERDAY
  MAXIMUM         90    427 PM 102    1995  88      2       84
  MINIMUM         68    526 AM  49    1986  63      5       62
  AVERAGE         79                        75      4

PRECIPITATION (IN)
  YESTERDAY        0.00          0.92 1967   0.09  -0.09     0.34
  MONTH TO DATE    1.65                      1.74  -0.09     3.24
  SINCE SEP 1      7.34                     10.98  -3.64     7.72
  SINCE JAN 1      2.62                      6.67  -4.05     5.76

DEGREE DAYS
 HEATING
  YESTERDAY        0                                0
  MONTH TO DATE    0                                0
  SINCE JUL 1      0                                0

 COOLING
  YESTERDAY       14                                4
  MONTH TO DATE  326                               37
  SINCE JAN 1    632                              115
..................................................................


WIND (MPH)
  HIGHEST WIND SPEED    20   HIGHEST WIND DIRECTION    SW (210)
  HIGHEST GUST SPEED    26   HIGHEST GUST DIRECTION     S (200)
  AVERAGE WIND SPEED     7.5


SKY COVER
  AVERAGE SKY COVER 0.3


WEATHER CONDITIONS
 THE FOLLOWING WEATHER WAS RECORDED YESTERDAY.
  THUNDERSTORM


RELATIVE HUMIDITY (PERCENT)
 HIGHEST    61
 LOWEST     28

..........................................................


THE PRESCOTT AZ AIRPORT CLIMATE NORMALS FOR TODAY
                         NORMAL    RECORD    YEAR
 MAXIMUM TEMPERATURE (F)   88       104      1995
 MINIMUM TEMPERATURE (F)   63        52      1986


SUNRISE AND SUNSET
JULY 28 2014..........SUNRISE   537 AM MST   SUNSET   735 PM MST
JULY 29 2014..........SUNRISE   538 AM MST   SUNSET   734 PM MST


-  INDICATES NEGATIVE NUMBERS.
R  INDICATES RECORD WAS SET OR TIED.
MM INDICATES DATA IS MISSING.
T  INDICATES TRACE AMOUNT.




$$
