000
CDUS46 KPDT 300827
CLIPSC

CLIMATE REPORT
NATIONAL WEATHER SERVICE PENDLETON OR
127 AM PDT MON MAR 30 2015


...................................

...THE PASCO WA CLIMATE SUMMARY FOR MARCH 29 2015...

CLIMATE NORMAL PERIOD 1981 TO 2010
CLIMATE RECORD PERIOD 1948 TO 2015


WEATHER ITEM   OBSERVED TIME   RECORD YEAR NORMAL DEPARTURE LAST
                VALUE   (LST)  VALUE       VALUE  FROM      YEAR
                                                  NORMAL
..................................................................
TEMPERATURE (F)
 YESTERDAY
  MAXIMUM         74    340 PM  77    2004  63     11       67
  MINIMUM         43   1119 PM  28    2007  37      6       42
                                      1995
  AVERAGE         59                        50      9       55

PRECIPITATION (IN)
  YESTERDAY        0.00          0.17 1955   0.03  -0.03     0.00
  MONTH TO DATE    0.49                      0.74  -0.25     0.76
  SINCE OCT 1      4.09                      5.77  -1.68     2.32
  SINCE JAN 1      1.72                      2.82  -1.10     1.74

SNOWFALL (IN)
  YESTERDAY        0.0
  SNOW DEPTH       0

DEGREE DAYS
 HEATING
  YESTERDAY        6                        15     -9       10
  MONTH TO DATE  429                       549   -120      526
  SINCE MAR 1    429                       549   -120      526
  SINCE JUL 1   3885                      4432   -547     4755

 COOLING
  YESTERDAY        0                         0      0        0
  MONTH TO DATE    0                         0      0        0
  SINCE MAR 1      0                         0      0        0
  SINCE JAN 1      0                         0      0        0
..................................................................


WIND (MPH)
  RESULTANT WIND SPEED   4   RESULTANT WIND DIRECTION   S (180)
  HIGHEST WIND SPEED    15   HIGHEST WIND DIRECTION     S (200)
  HIGHEST GUST SPEED    19   HIGHEST GUST DIRECTION     S (190)


SKY COVER
  POSSIBLE SUNSHINE  MM
  AVERAGE SKY COVER 0.1


WEATHER CONDITIONS
 THE FOLLOWING WEATHER WAS RECORDED YESTERDAY.
  NO SIGNIFICANT WEATHER WAS OBSERVED.


RELATIVE HUMIDITY (PERCENT)
 HIGHEST    76
 LOWEST     19
 AVERAGE    48

..........................................................


THE PASCO WA CLIMATE NORMALS FOR TODAY
                         NORMAL    RECORD    YEAR
 MAXIMUM TEMPERATURE (F)   63        80      2003
 MINIMUM TEMPERATURE (F)   37        27      2000


SUNRISE AND SUNSET
MARCH 30 2015.........SUNRISE   640 AM PDT   SUNSET   722 PM PDT
MARCH 31 2015.........SUNRISE   638 AM PDT   SUNSET   724 PM PDT


-  INDICATES NEGATIVE NUMBERS.
R  INDICATES RECORD WAS SET OR TIED.
MM INDICATES DATA IS MISSING.
T  INDICATES TRACE AMOUNT.




$$
