000
CDUS46 KPDT 220850
CLIPSC

CLIMATE REPORT
NATIONAL WEATHER SERVICE PENDLETON OR
146 AM PDT FRI MAY 22 2015


...................................

...THE PASCO WA CLIMATE SUMMARY FOR MAY 21 2015...

CLIMATE NORMAL PERIOD 1981 TO 2010
CLIMATE RECORD PERIOD 1948 TO 2015


WEATHER ITEM   OBSERVED TIME   RECORD YEAR NORMAL DEPARTURE LAST
                VALUE   (LST)  VALUE       VALUE  FROM      YEAR
                                                  NORMAL
..................................................................
TEMPERATURE (F)
 YESTERDAY
  MAXIMUM         87    155 PM  93    2000  77     10       85
  MINIMUM         59    237 AM  33    2009  48     11       47
  AVERAGE         73                        62     11       66

PRECIPITATION (IN)
  YESTERDAY        0.00          0.81 1972   0.02  -0.02     0.00
  MONTH TO DATE    1.11                      0.43   0.68     0.24
  SINCE OCT 1      5.40                      6.90  -1.50     2.91
  SINCE JAN 1      3.03                      3.95  -0.92     2.33

SNOWFALL (IN)
  YESTERDAY        0.0
  SNOW DEPTH       0

DEGREE DAYS
 HEATING
  YESTERDAY        0                         4     -4        0
  MONTH TO DATE  107                       134    -27       80
  SINCE MAR 1    935                      1075   -140      964
  SINCE JUL 1   4391                      4958   -567     5193

 COOLING
  YESTERDAY        8                         1      7        1
  MONTH TO DATE   17                        13      4       18
  SINCE MAR 1     17                        14      3       18
  SINCE JAN 1     17                        14      3       18
..................................................................


WIND (MPH)
  RESULTANT WIND SPEED   4   RESULTANT WIND DIRECTION  SE (130)
  HIGHEST WIND SPEED    17   HIGHEST WIND DIRECTION    SE (130)
  HIGHEST GUST SPEED    22   HIGHEST GUST DIRECTION    SE (130)


SKY COVER
  POSSIBLE SUNSHINE  MM
  AVERAGE SKY COVER 0.3


WEATHER CONDITIONS
 THE FOLLOWING WEATHER WAS RECORDED YESTERDAY.
  NO SIGNIFICANT WEATHER WAS OBSERVED.


RELATIVE HUMIDITY (PERCENT)
 HIGHEST    84
 LOWEST     29
 AVERAGE    57

..........................................................


THE PASCO WA CLIMATE NORMALS FOR TODAY
                         NORMAL    RECORD    YEAR
 MAXIMUM TEMPERATURE (F)   77        98      2001
 MINIMUM TEMPERATURE (F)   48        36      2009


SUNRISE AND SUNSET
MAY 22 2015...........SUNRISE   516 AM PDT   SUNSET   831 PM PDT
MAY 23 2015...........SUNRISE   515 AM PDT   SUNSET   832 PM PDT


-  INDICATES NEGATIVE NUMBERS.
R  INDICATES RECORD WAS SET OR TIED.
MM INDICATES DATA IS MISSING.
T  INDICATES TRACE AMOUNT.

$$
