000
CDUS46 KPDT 110036
CLIPSC

CLIMATE REPORT
NATIONAL WEATHER SERVICE PENDLETON OR
525 PM PDT THU JUL 10 2014


...................................

...THE PASCO WA CLIMATE SUMMARY FOR JULY 10 2014...
VALID TODAY AS OF 0500 PM LOCAL TIME.

CLIMATE NORMAL PERIOD 1981 TO 2010
CLIMATE RECORD PERIOD 1948 TO 2014


WEATHER ITEM   OBSERVED TIME   RECORD YEAR NORMAL DEPARTURE LAST
                VALUE   (LST)  VALUE       VALUE  FROM      YEAR
                                                  NORMAL
..................................................................
TEMPERATURE (F)
 TODAY
  MAXIMUM         97    349 PM 103    2001  91      6      101
  MINIMUM         58    449 AM  47    2011  55      3       58
  AVERAGE         78                        73      5       80

PRECIPITATION (IN)
  TODAY            0.00          0.48 1980   0.02  -0.02     0.00
  MONTH TO DATE    T                         0.15  -0.15      T
  SINCE OCT 1      3.14                      8.03  -4.89     6.30
  SINCE JAN 1      2.56                      5.08  -2.52     2.94

SNOWFALL (IN)
  TODAY            0.0
  SNOW DEPTH       0

DEGREE DAYS
 HEATING
  TODAY            0                         0      0        0
  MONTH TO DATE    0                         1     -1        0
  SINCE JUN 1     18                        33    -15       19
  SINCE JUL 1      0                         1     -1        0

 COOLING
  TODAY           13                         8      5       15
  MONTH TO DATE  144                        69     75      143
  SINCE JUN 1    255                       178     77      267
  SINCE JAN 1    289                       211     78      313
..................................................................


WIND (MPH)
  RESULTANT WIND SPEED   2   RESULTANT WIND DIRECTION  NE (40)
  HIGHEST WIND SPEED    12   HIGHEST WIND DIRECTION     N (350)
  HIGHEST GUST SPEED    14   HIGHEST GUST DIRECTION     N (340)


SKY COVER
  POSSIBLE SUNSHINE  MM
  AVERAGE SKY COVER 0.0


WEATHER CONDITIONS
 THE FOLLOWING WEATHER WAS RECORDED TODAY.
  FOG
  HAZE


RELATIVE HUMIDITY (PERCENT)
 HIGHEST    80
 LOWEST     12
 AVERAGE    46

..........................................................


THE PASCO WA CLIMATE NORMALS FOR TOMORROW
                         NORMAL    RECORD    YEAR
 MAXIMUM TEMPERATURE (F)   91       106      2002
 MINIMUM TEMPERATURE (F)   55        42      2008


SUNRISE AND SUNSET
JULY 10 2014..........SUNRISE   515 AM PDT   SUNSET   848 PM PDT
JULY 11 2014..........SUNRISE   516 AM PDT   SUNSET   848 PM PDT


-  INDICATES NEGATIVE NUMBERS.
R  INDICATES RECORD WAS SET OR TIED.
MM INDICATES DATA IS MISSING.
T  INDICATES TRACE AMOUNT.




$$
