000
CDUS46 KPDT 060853
CLIPSC

CLIMATE REPORT
NATIONAL WEATHER SERVICE PENDLETON OR
150 AM PDT MON JUL 6 2015


...................................

...THE PASCO WA CLIMATE SUMMARY FOR JULY 5 2015...

CLIMATE NORMAL PERIOD 1981 TO 2010
CLIMATE RECORD PERIOD 1948 TO 2015


WEATHER ITEM   OBSERVED TIME   RECORD YEAR NORMAL DEPARTURE LAST
                VALUE   (LST)  VALUE       VALUE  FROM      YEAR
                                                  NORMAL
..................................................................
TEMPERATURE (F)
 YESTERDAY
  MAXIMUM         97    305 PM 105    2007  89      8       96
  MINIMUM         66    432 AM  44    2002  54     12       67
  AVERAGE         82                        72     10       82

PRECIPITATION (IN)
  YESTERDAY        0.00          0.88 1948   0.02  -0.02     0.00
  MONTH TO DATE    0.00                      0.08  -0.08      T
  SINCE OCT 1      5.57                      7.96  -2.39     3.14
  SINCE JAN 1      3.20                      5.01  -1.81     2.56

SNOWFALL (IN)
  YESTERDAY        0.0
  SNOW DEPTH       0

DEGREE DAYS
 HEATING
  YESTERDAY        0                         0      0        0
  MONTH TO DATE    0                         1     -1        0
  SINCE JUN 1      1                        33    -32       18
  SINCE JUL 1      0                         1     -1        0

 COOLING
  YESTERDAY       17                         7     10       17
  MONTH TO DATE   93                        32     61       68
  SINCE JUN 1    409                       141    268      179
  SINCE JAN 1    491                       174    317      213
..................................................................


WIND (MPH)
  RESULTANT WIND SPEED   9   RESULTANT WIND DIRECTION   N (340)
  HIGHEST WIND SPEED    18   HIGHEST WIND DIRECTION    NW (330)
  HIGHEST GUST SPEED    25   HIGHEST GUST DIRECTION    NW (300)


SKY COVER
  POSSIBLE SUNSHINE  MM
  AVERAGE SKY COVER 0.0


WEATHER CONDITIONS
 THE FOLLOWING WEATHER WAS RECORDED YESTERDAY.
  NO SIGNIFICANT WEATHER WAS OBSERVED.


RELATIVE HUMIDITY (PERCENT)
 HIGHEST    68
 LOWEST     17
 AVERAGE    43

..........................................................


THE PASCO WA CLIMATE NORMALS FOR TODAY
                         NORMAL    RECORD    YEAR
 MAXIMUM TEMPERATURE (F)   89       100      2007
 MINIMUM TEMPERATURE (F)   54        46      1996


SUNRISE AND SUNSET
JULY  6 2015..........SUNRISE   512 AM PDT   SUNSET   850 PM PDT
JULY  7 2015..........SUNRISE   512 AM PDT   SUNSET   850 PM PDT


-  INDICATES NEGATIVE NUMBERS.
R  INDICATES RECORD WAS SET OR TIED.
MM INDICATES DATA IS MISSING.
T  INDICATES TRACE AMOUNT.




$$
