000
CDUS46 KPDT 240053 RRB
CLIPSC

CLIMATE REPORT
NATIONAL WEATHER SERVICE PENDLETON OR
448 PM PST THU NOV 23 2017


...................................

...THE PASCO WA CLIMATE SUMMARY FOR NOVEMBER 23 2017...
VALID TODAY AS OF 0400 PM LOCAL TIME.

CLIMATE NORMAL PERIOD 1981 TO 2010
CLIMATE RECORD PERIOD 1948 TO 2017


WEATHER ITEM   OBSERVED TIME   RECORD YEAR NORMAL DEPARTURE LAST
                VALUE   (LST)  VALUE       VALUE  FROM      YEAR
                                                  NORMAL
..................................................................
TEMPERATURE (F)
 TODAY
  MAXIMUM         70    133 PM  71    1959  46     24       54
                                      1933
  MINIMUM         44   1213 AM  -8    1985  31     13       36
  AVERAGE         57                        39     18       45

PRECIPITATION (IN)
  TODAY            0.01          0.50 1897   0.04  -0.03     0.10
  MONTH TO DATE    1.10                      0.80   0.30     0.52
  SINCE OCT 1      1.77                      1.45   0.32     3.10
  SINCE JAN 1      8.12                      7.33   0.79     8.72

SNOWFALL (IN)
  TODAY            0.0
  SNOW DEPTH       0

DEGREE DAYS
 HEATING
  TODAY            8                        26    -18       20
  MONTH TO DATE  493                       516    -23      397
  SINCE SEP 1    994                      1022    -28      805
  SINCE JUL 1    994                      1034    -40      805

 COOLING
  TODAY            0                         0      0        0
  MONTH TO DATE    0                         0      0        0
  SINCE SEP 1    103                        53     50       27
  SINCE JAN 1    981                       710    271      778
..................................................................


WIND (MPH)
  RESULTANT WIND SPEED   9   RESULTANT WIND DIRECTION   S (200)
  HIGHEST WIND SPEED    25   HIGHEST WIND DIRECTION    SW (220)
  HIGHEST GUST SPEED    33   HIGHEST GUST DIRECTION    SW (210)


SKY COVER
  POSSIBLE SUNSHINE  MM
  AVERAGE SKY COVER 0.5


WEATHER CONDITIONS
 THE FOLLOWING WEATHER WAS RECORDED TODAY.
  LIGHT RAIN
  FOG


RELATIVE HUMIDITY (PERCENT)
 HIGHEST   100
 LOWEST     63
 AVERAGE    82

..........................................................


THE PASCO WA CLIMATE NORMALS FOR TOMORROW
                         NORMAL    RECORD    YEAR
 MAXIMUM TEMPERATURE (F)   46        68      1909
 MINIMUM TEMPERATURE (F)   31        -7      2010


SUNRISE AND SUNSET
NOVEMBER 23 2017......SUNRISE   709 AM PST   SUNSET   416 PM PST
NOVEMBER 24 2017......SUNRISE   710 AM PST   SUNSET   416 PM PST


-  INDICATES NEGATIVE NUMBERS.
R  INDICATES RECORD WAS SET OR TIED.
MM INDICATES DATA IS MISSING.
T  INDICATES TRACE AMOUNT.




$$
