000
CDUS46 KPDT 280034 RRA
CLIPSC

CLIMATE REPORT
NATIONAL WEATHER SERVICE PENDLETON OR
432 PM PST MON FEB 27 2017


...................................

...THE PASCO WA CLIMATE SUMMARY FOR FEBRUARY 27 2017...
VALID TODAY AS OF 0400 PM LOCAL TIME.

CLIMATE NORMAL PERIOD 1981 TO 2010
CLIMATE RECORD PERIOD 1948 TO 2017


WEATHER ITEM   OBSERVED TIME   RECORD YEAR NORMAL DEPARTURE LAST
                VALUE   (LST)  VALUE       VALUE  FROM      YEAR
                                                  NORMAL
..................................................................
TEMPERATURE (F)
 TODAY
  MAXIMUM         46    109 PM  65    2016  53     -7       65
  MINIMUM         33    521 AM   8    1993  29      4       43
  AVERAGE         40                        41     -1       54

PRECIPITATION (IN)
  TODAY            0.00          0.42 2000   0.03  -0.03     0.05
  MONTH TO DATE    1.62                      0.83   0.79     0.38
  SINCE OCT 1      6.34                      5.00   1.34     4.33
  SINCE JAN 1      2.57                      2.05   0.52     1.57

SNOWFALL (IN)
  TODAY            0.0
  SNOW DEPTH       0

DEGREE DAYS
 HEATING
  TODAY           25                        24      1       11
  MONTH TO DATE  870                       709    161      582
  SINCE DEC 1   3351                      2631    720     2381
  SINCE JUL 1   4297                      3860    437     3483

 COOLING
  TODAY            0                         0      0        0
  MONTH TO DATE    0                         0      0        0
  SINCE DEC 1      0                         0      0        0
  SINCE JAN 1      0                         0      0        0
..................................................................


WIND (MPH)
  RESULTANT WIND SPEED   8   RESULTANT WIND DIRECTION  SW (230)
  HIGHEST WIND SPEED    26   HIGHEST WIND DIRECTION    SW (240)
  HIGHEST GUST SPEED    31   HIGHEST GUST DIRECTION    SW (240)


SKY COVER
  POSSIBLE SUNSHINE  MM
  AVERAGE SKY COVER 0.9


WEATHER CONDITIONS
 THE FOLLOWING WEATHER WAS RECORDED TODAY.
  NO SIGNIFICANT WEATHER WAS OBSERVED.


RELATIVE HUMIDITY (PERCENT)
 HIGHEST    89
 LOWEST     53
 AVERAGE    71

..........................................................


THE PASCO WA CLIMATE NORMALS FOR TOMORROW
                         NORMAL    RECORD    YEAR
 MAXIMUM TEMPERATURE (F)   54        64      2008
 MINIMUM TEMPERATURE (F)   30         7      1993


SUNRISE AND SUNSET
FEBRUARY 27 2017......SUNRISE   639 AM PST   SUNSET   540 PM PST
FEBRUARY 28 2017......SUNRISE   637 AM PST   SUNSET   542 PM PST


-  INDICATES NEGATIVE NUMBERS.
R  INDICATES RECORD WAS SET OR TIED.
MM INDICATES DATA IS MISSING.
T  INDICATES TRACE AMOUNT.




$$
