444
CDUS46 KPDT 181002
CLIPSC

CLIMATE REPORT
NATIONAL WEATHER SERVICE PENDLETON OR
159 AM PST WED JAN 18 2017


...................................

...THE PASCO WA CLIMATE SUMMARY FOR JANUARY 17 2017...

CLIMATE NORMAL PERIOD 1981 TO 2010
CLIMATE RECORD PERIOD 1948 TO 2017


WEATHER ITEM   OBSERVED TIME   RECORD YEAR NORMAL DEPARTURE LAST
                VALUE   (LST)  VALUE       VALUE  FROM      YEAR
                                                  NORMAL
..................................................................
TEMPERATURE (F)
 YESTERDAY
  MAXIMUM         23   1159 PM  61    2011  42    -19       38
  MINIMUM          6    132 AM   5    2007  28    -22       29
  AVERAGE         15                        35    -20       34

PRECIPITATION (IN)
  YESTERDAY        0.15          0.33 1958   0.03   0.12     0.18
                                      1958
                                      2015
  MONTH TO DATE    0.78                      0.79  -0.01     0.60
  SINCE OCT 1      4.55                      3.74   0.81     3.36
  SINCE JAN 1      0.78                      0.79  -0.01     0.60

SNOWFALL (IN)
  YESTERDAY        0.1
  SNOW DEPTH       8

DEGREE DAYS
 HEATING
  YESTERDAY       50                        30     20       31
  MONTH TO DATE  856                       530    326      573
  SINCE DEC 1   1997                      1517    480     1456
  SINCE JUL 1   2943                      2746    197     2558

 COOLING
  YESTERDAY        0                         0      0        0
  MONTH TO DATE    0                         0      0        0
  SINCE DEC 1      0                         0      0        0
  SINCE JAN 1      0                         0      0        0
..................................................................


WIND (MPH)
  RESULTANT WIND SPEED   1   RESULTANT WIND DIRECTION  NE (50)
  HIGHEST WIND SPEED    10   HIGHEST WIND DIRECTION    NW (300)
  HIGHEST GUST SPEED    12   HIGHEST GUST DIRECTION    SE (120)


SKY COVER
  POSSIBLE SUNSHINE  MM
  AVERAGE SKY COVER 0.9


WEATHER CONDITIONS
 THE FOLLOWING WEATHER WAS RECORDED YESTERDAY.
  MIXED PRECIP
  FREEZING RAIN
  FOG
  HAZE


RELATIVE HUMIDITY (PERCENT)
 HIGHEST    92
 LOWEST     73
 AVERAGE    83

..........................................................


THE PASCO WA CLIMATE NORMALS FOR TODAY
                         NORMAL    RECORD    YEAR
 MAXIMUM TEMPERATURE (F)   42        59      1999
 MINIMUM TEMPERATURE (F)   28        11      2007


SUNRISE AND SUNSET
JANUARY 18 2017.......SUNRISE   733 AM PST   SUNSET   441 PM PST
JANUARY 19 2017.......SUNRISE   732 AM PST   SUNSET   443 PM PST


-  INDICATES NEGATIVE NUMBERS.
R  INDICATES RECORD WAS SET OR TIED.
MM INDICATES DATA IS MISSING.
T  INDICATES TRACE AMOUNT.




$$
