000
CDUS46 KPDT 300832
CLIPSC

CLIMATE REPORT
NATIONAL WEATHER SERVICE PENDLETON OR
130 AM PDT MON MAY 30 2016


...................................

...THE PASCO WA CLIMATE SUMMARY FOR MAY 29 2016...

CLIMATE NORMAL PERIOD 1981 TO 2010
CLIMATE RECORD PERIOD 1948 TO 2016


WEATHER ITEM   OBSERVED TIME   RECORD YEAR NORMAL DEPARTURE LAST
                VALUE   (LST)  VALUE       VALUE  FROM      YEAR
                                                  NORMAL
..................................................................
TEMPERATURE (F)
 YESTERDAY
  MAXIMUM         82    255 PM  96    2009  79      3       94
  MINIMUM         50    502 AM  39    2007  50      0       54
                                      2001
  AVERAGE         66                        64      2       74

PRECIPITATION (IN)
  YESTERDAY        0.00          0.52 1988   0.03  -0.03     0.00
  MONTH TO DATE    1.52                      0.67   0.85     1.28
  SINCE OCT 1      7.31                      7.14   0.17     5.57
  SINCE JAN 1      4.55                      4.19   0.36     3.20

SNOWFALL (IN)
  YESTERDAY        0.0
  SNOW DEPTH       0

DEGREE DAYS
 HEATING
  YESTERDAY        0                         3     -3        0
  MONTH TO DATE   70                       160    -90      107
  SINCE MAR 1    791                      1101   -310      935
  SINCE JUL 1   4309                      4984   -675     4391

 COOLING
  YESTERDAY        1                         2     -1        9
  MONTH TO DATE   29                        28      1       60
  SINCE MAR 1     33                        29      4       60
  SINCE JAN 1     33                        29      4       60
..................................................................


WIND (MPH)
  RESULTANT WIND SPEED   6   RESULTANT WIND DIRECTION   W (280)
  HIGHEST WIND SPEED    25   HIGHEST WIND DIRECTION    NW (310)
  HIGHEST GUST SPEED    33   HIGHEST GUST DIRECTION    NW (320)


SKY COVER
  POSSIBLE SUNSHINE  MM
  AVERAGE SKY COVER 0.1


WEATHER CONDITIONS
 THE FOLLOWING WEATHER WAS RECORDED YESTERDAY.
  NO SIGNIFICANT WEATHER WAS OBSERVED.


RELATIVE HUMIDITY (PERCENT)
 HIGHEST    83
 LOWEST     23
 AVERAGE    53

..........................................................


THE PASCO WA CLIMATE NORMALS FOR TODAY
                         NORMAL    RECORD    YEAR
 MAXIMUM TEMPERATURE (F)   79        98      2009
 MINIMUM TEMPERATURE (F)   50        41      2006
                                             2001


SUNRISE AND SUNSET
MAY 30 2016...........SUNRISE   509 AM PDT   SUNSET   840 PM PDT
MAY 31 2016...........SUNRISE   508 AM PDT   SUNSET   841 PM PDT


-  INDICATES NEGATIVE NUMBERS.
R  INDICATES RECORD WAS SET OR TIED.
MM INDICATES DATA IS MISSING.
T  INDICATES TRACE AMOUNT.

$$
