000
CDUS46 KPDT 210832
CLIPSC

CLIMATE REPORT
NATIONAL WEATHER SERVICE PENDLETON OR
130 AM PDT MON AUG 21 2017


...................................

...THE PASCO WA CLIMATE SUMMARY FOR AUGUST 20 2017...

CLIMATE NORMAL PERIOD 1981 TO 2010
CLIMATE RECORD PERIOD 1948 TO 2017


WEATHER ITEM   OBSERVED TIME   RECORD YEAR NORMAL DEPARTURE LAST
                VALUE   (LST)  VALUE       VALUE  FROM      YEAR
                                                  NORMAL
..................................................................
TEMPERATURE (F)
 YESTERDAY
  MAXIMUM         86    244 PM 106    1977  89     -3       97
                                      1897
  MINIMUM         50    533 AM  42    1945  55     -5       50
  AVERAGE         68                        72     -4       74

PRECIPITATION (IN)
  YESTERDAY        0.00          0.45 1918   0.01  -0.01     0.00
  MONTH TO DATE    0.05                      0.15  -0.10     0.04
  SINCE OCT 1      9.99                      8.31   1.68     8.14
  SINCE JAN 1      6.22                      5.36   0.86     5.38

SNOWFALL (IN)
  YESTERDAY        0.0
  SNOW DEPTH       0

DEGREE DAYS
 HEATING
  YESTERDAY        0                         0      0        0
  MONTH TO DATE    0                         0      0        0
  SINCE JUN 1     26                        37    -11       30
  SINCE JUL 1      0                         5     -5        0

 COOLING
  YESTERDAY        3                         7     -4        9
  MONTH TO DATE  239                       181     58      191
  SINCE JUN 1    750                       558    192      643
  SINCE JAN 1    799                       591    208      676
..................................................................


WIND (MPH)
  RESULTANT WIND SPEED   1   RESULTANT WIND DIRECTION  NE (50)
  HIGHEST WIND SPEED     9   HIGHEST WIND DIRECTION     W (280)
  HIGHEST GUST SPEED    11   HIGHEST GUST DIRECTION     W (290)


SKY COVER
  POSSIBLE SUNSHINE  MM
  AVERAGE SKY COVER 0.0


WEATHER CONDITIONS
 THE FOLLOWING WEATHER WAS RECORDED YESTERDAY.
  NO SIGNIFICANT WEATHER WAS OBSERVED.


RELATIVE HUMIDITY (PERCENT)
 HIGHEST    89
 LOWEST     20
 AVERAGE    55

..........................................................


THE PASCO WA CLIMATE NORMALS FOR TODAY
                         NORMAL    RECORD    YEAR
 MAXIMUM TEMPERATURE (F)   89       104      1977
                                             1897
 MINIMUM TEMPERATURE (F)   55        42      1945


SUNRISE AND SUNSET
AUGUST 21 2017........SUNRISE   603 AM PDT   SUNSET   755 PM PDT
AUGUST 22 2017........SUNRISE   605 AM PDT   SUNSET   753 PM PDT


-  INDICATES NEGATIVE NUMBERS.
R  INDICATES RECORD WAS SET OR TIED.
MM INDICATES DATA IS MISSING.
T  INDICATES TRACE AMOUNT.

$$
