000
CDUS46 KPDT 060837 RRA
CLIPSC

CLIMATE REPORT
NATIONAL WEATHER SERVICE PENDLETON OR
1235 AM PST SAT FEB 6 2016


...................................

...THE PASCO WA CLIMATE SUMMARY FOR FEBRUARY 5 2016...

CLIMATE NORMAL PERIOD 1981 TO 2010
CLIMATE RECORD PERIOD 1948 TO 2016


WEATHER ITEM   OBSERVED TIME   RECORD YEAR NORMAL DEPARTURE LAST
                VALUE   (LST)  VALUE       VALUE  FROM      YEAR
                                                  NORMAL
..................................................................
TEMPERATURE (F)
 YESTERDAY
  MAXIMUM         53   1109 PM  59    1991  46      7       49
  MINIMUM         30    723 AM   2    1989  29      1       40
  AVERAGE         42                        37      5       45

PRECIPITATION (IN)
  YESTERDAY        T             0.22 1972   0.04  -0.04     0.03
  MONTH TO DATE    0.04                      0.18  -0.14     0.29
  SINCE OCT 1      3.99                      4.35  -0.36     3.35
  SINCE JAN 1      1.23                      1.40  -0.17     0.98

SNOWFALL (IN)
  YESTERDAY       MM
  SNOW DEPTH       0

DEGREE DAYS
 HEATING
  YESTERDAY       23                        28     -5       20
  MONTH TO DATE  139                       140     -1      132
  SINCE DEC 1   1938                      2062   -124     1914
  SINCE JUL 1   3040                      3291   -251     2979

 COOLING
  YESTERDAY        0                         0      0        0
  MONTH TO DATE    0                         0      0        0
  SINCE DEC 1      0                         0      0        0
  SINCE JAN 1      0                         0      0        0
..................................................................


WIND (MPH)
  RESULTANT WIND SPEED   2   RESULTANT WIND DIRECTION  NW (300)
  HIGHEST WIND SPEED    22   HIGHEST WIND DIRECTION    SW (220)
  HIGHEST GUST SPEED    28   HIGHEST GUST DIRECTION    SW (220)


SKY COVER
  POSSIBLE SUNSHINE  MM
  AVERAGE SKY COVER 0.2


WEATHER CONDITIONS
 THE FOLLOWING WEATHER WAS RECORDED YESTERDAY.
  NO SIGNIFICANT WEATHER WAS OBSERVED.


RELATIVE HUMIDITY (PERCENT)
 HIGHEST   100
 LOWEST     63
 AVERAGE    82

..........................................................


THE PASCO WA CLIMATE NORMALS FOR TODAY
                         NORMAL    RECORD    YEAR
 MAXIMUM TEMPERATURE (F)   46        61      2015
 MINIMUM TEMPERATURE (F)   29         0      1989


SUNRISE AND SUNSET
FEBRUARY  6 2016......SUNRISE   713 AM PST   SUNSET   508 PM PST
FEBRUARY  7 2016......SUNRISE   712 AM PST   SUNSET   510 PM PST


-  INDICATES NEGATIVE NUMBERS.
R  INDICATES RECORD WAS SET OR TIED.
MM INDICATES DATA IS MISSING.
T  INDICATES TRACE AMOUNT.




$$
