212
CDUS41 KALY 300630
CLIPSF


CLIMATE REPORT
NATIONAL WEATHER SERVICE ALBANY NY
226 AM EDT FRI SEP 30 2016


...................................

...THE PITTSFIELD MA CLIMATE SUMMARY FOR SEPTEMBER 29 2016...

CLIMATE NORMAL PERIOD 1981 TO 2010
CLIMATE RECORD PERIOD 9999 TO 9999


WEATHER ITEM   OBSERVED TIME   NORMAL DEPARTURE LAST
                VALUE   (LST)  VALUE  FROM      YEAR
                                      NORMAL
......................................................
TEMPERATURE (F)
 YESTERDAY
  MAXIMUM         64    236 PM  64      0       75
  MINIMUM         50    653 AM  43      7       60
  AVERAGE         57            53      4       68

PRECIPITATION (IN)
  YESTERDAY        0.00          0.18  -0.18     0.24
  MONTH TO DATE    1.83          3.79  -1.96     2.31
  SINCE SEP 1      1.83          3.79  -1.96     2.31
  SINCE JAN 1     25.20         33.57  -8.37    29.55

DEGREE DAYS
 HEATING
  YESTERDAY        8            12     -4        0
  MONTH TO DATE  116           202    -86       91
  SINCE SEP 1    116           202    -86       91
  SINCE JUL 1    140           280   -140      119

 COOLING
  YESTERDAY        0             0      0        3
  MONTH TO DATE   50            16     34       53
  SINCE SEP 1     50            16     34       53
  SINCE JAN 1    431           286    145      361
......................................................


WIND (MPH)
  HIGHEST WIND SPEED    17   HIGHEST WIND DIRECTION    NE (60)
  HIGHEST GUST SPEED    26   HIGHEST GUST DIRECTION    NE (50)
  AVERAGE WIND SPEED    10.1


SKY COVER
  AVERAGE SKY COVER 0.3



RELATIVE HUMIDITY (PERCENT)
 HIGHEST    77
 LOWEST     51
 AVERAGE    64

..........................................................


THE PITTSFIELD MA CLIMATE NORMALS FOR TODAY
                         NORMAL
 MAXIMUM TEMPERATURE (F)   63
 MINIMUM TEMPERATURE (F)   43


SUNRISE AND SUNSET
SEPTEMBER 30 2016.....SUNRISE   650 AM EDT   SUNSET   636 PM EDT
OCTOBER  1 2016.......SUNRISE   651 AM EDT   SUNSET   634 PM EDT


-  INDICATES NEGATIVE NUMBERS.
R  INDICATES RECORD WAS SET OR TIED.
MM INDICATES DATA IS MISSING.
T  INDICATES TRACE AMOUNT.




$$
