000
CDUS41 KALY 030624
CLIPSF


CLIMATE REPORT
NATIONAL WEATHER SERVICE ALBANY NY
123 AM EST SAT DEC 3 2016


...................................

...THE PITTSFIELD MA CLIMATE SUMMARY FOR DECEMBER 2 2016...

CLIMATE NORMAL PERIOD 1981 TO 2010
CLIMATE RECORD PERIOD 9999 TO 9999


WEATHER ITEM   OBSERVED TIME   NORMAL DEPARTURE LAST
                VALUE   (LST)  VALUE  FROM      YEAR
                                      NORMAL
......................................................
TEMPERATURE (F)
 YESTERDAY
  MAXIMUM         43    235 PM  39      4       49
  MINIMUM         34    400 AM  25      9       36
  AVERAGE         39            32      7       43

PRECIPITATION (IN)
  YESTERDAY        T             0.10  -0.10     0.38
  MONTH TO DATE    0.55          0.19   0.36     0.55
  SINCE DEC 1      0.55          0.19   0.36     0.55
  SINCE JAN 1     32.49         42.57 -10.08    37.50

DEGREE DAYS
 HEATING
  YESTERDAY       26            33     -7       22
  MONTH TO DATE   49            66    -17       55
  SINCE DEC 1     49            66    -17       55
  SINCE JUL 1   1456          1717   -261     1428

 COOLING
  YESTERDAY        0             0      0        0
  MONTH TO DATE    0             0      0        0
  SINCE DEC 1      0             0      0        0
  SINCE JAN 1    432           290    142      361
......................................................


WIND (MPH)
  HIGHEST WIND SPEED    24   HIGHEST WIND DIRECTION     W (280)
  HIGHEST GUST SPEED    37   HIGHEST GUST DIRECTION     W (280)
  AVERAGE WIND SPEED    12.0


SKY COVER
  AVERAGE SKY COVER 0.9



RELATIVE HUMIDITY (PERCENT)
 HIGHEST    82
 LOWEST     53
 AVERAGE    68

..........................................................


THE PITTSFIELD MA CLIMATE NORMALS FOR TODAY
                         NORMAL
 MAXIMUM TEMPERATURE (F)   39
 MINIMUM TEMPERATURE (F)   24


SUNRISE AND SUNSET
DECEMBER  3 2016......SUNRISE   705 AM EST   SUNSET   421 PM EST
DECEMBER  4 2016......SUNRISE   706 AM EST   SUNSET   421 PM EST


-  INDICATES NEGATIVE NUMBERS.
R  INDICATES RECORD WAS SET OR TIED.
MM INDICATES DATA IS MISSING.
T  INDICATES TRACE AMOUNT.




$$
