000
CDUS41 KALY 232052
CLIPSF


CLIMATE REPORT
NATIONAL WEATHER SERVICE ALBANY NY
451 PM EDT FRI JUN 23 2017


...................................

...THE PITTSFIELD MA CLIMATE SUMMARY FOR JUNE 23 2017...
VALID TODAY AS OF 0400 PM LOCAL TIME.

CLIMATE NORMAL PERIOD 1981 TO 2010
CLIMATE RECORD PERIOD 9999 TO 9999


WEATHER ITEM   OBSERVED TIME   NORMAL DEPARTURE LAST
                VALUE   (LST)  VALUE  FROM      YEAR
                                      NORMAL
......................................................
TEMPERATURE (F)
 TODAY
  MAXIMUM         84    110 PM  76      8       78
  MINIMUM         61    425 AM  55      6       45
  AVERAGE         73            65      8       62

PRECIPITATION (IN)
  TODAY            T             0.12  -0.12     0.00
  MONTH TO DATE    2.86          3.59  -0.73     2.09
  SINCE JUN 1      2.86          3.59  -0.73     2.09
  SINCE JAN 1     21.64         20.63   1.01    16.19

DEGREE DAYS
 HEATING
  TODAY            0             2     -2        3
  MONTH TO DATE   92            91      1       75
  SINCE JUN 1     92            91      1       75
  SINCE JUL 1   6766          7451   -685     6204

 COOLING
  TODAY            8             2      6        0
  MONTH TO DATE   63            39     24       19
  SINCE JUN 1     63            39     24       19
  SINCE JAN 1     77            52     25       60
......................................................


WIND (MPH)
  HIGHEST WIND SPEED    20   HIGHEST WIND DIRECTION    SW (230)
  HIGHEST GUST SPEED    28   HIGHEST GUST DIRECTION    SW (240)
  AVERAGE WIND SPEED     5.3


SKY COVER
  AVERAGE SKY COVER 0.5



RELATIVE HUMIDITY (PERCENT)
 HIGHEST    93
 LOWEST     51
 AVERAGE    72

..........................................................


THE PITTSFIELD MA CLIMATE NORMALS FOR TOMORROW
                         NORMAL
 MAXIMUM TEMPERATURE (F)   76
 MINIMUM TEMPERATURE (F)   55


SUNRISE AND SUNSET
JUNE 23 2017..........SUNRISE   517 AM EDT   SUNSET   834 PM EDT
JUNE 24 2017..........SUNRISE   517 AM EDT   SUNSET   834 PM EDT


-  INDICATES NEGATIVE NUMBERS.
R  INDICATES RECORD WAS SET OR TIED.
MM INDICATES DATA IS MISSING.
T  INDICATES TRACE AMOUNT.




$$
