000
CDUS41 KALY 190622
CLIPSF


CLIMATE REPORT
NATIONAL WEATHER SERVICE ALBANY NY
222 AM EDT THU OCT 19 2017


...................................

...THE PITTSFIELD MA CLIMATE SUMMARY FOR OCTOBER 18 2017...

CLIMATE NORMAL PERIOD 1981 TO 2010
CLIMATE RECORD PERIOD 9999 TO 9999


WEATHER ITEM   OBSERVED TIME   NORMAL DEPARTURE LAST
                VALUE   (LST)  VALUE  FROM      YEAR
                                      NORMAL
......................................................
TEMPERATURE (F)
 YESTERDAY
  MAXIMUM         67    254 PM  57     10       80
  MINIMUM         32    624 AM  37     -5       52
  AVERAGE         50            47      3       66

PRECIPITATION (IN)
  YESTERDAY        0.00          0.16  -0.16     0.00
  MONTH TO DATE    1.27          3.04  -1.77     0.20
  SINCE SEP 1      4.05          7.00  -2.95     2.07
  SINCE JAN 1     34.84         36.78  -1.94    25.44

DEGREE DAYS
 HEATING
  YESTERDAY       15            18     -3        0
  MONTH TO DATE  173           279   -106      218
  SINCE SEP 1    309           493   -184      346
  SINCE JUL 1    395           571   -176      370

 COOLING
  YESTERDAY        0             0      0        1
  MONTH TO DATE    6             0      6        1
  SINCE SEP 1     79            19     60       51
  SINCE JAN 1    349           289     60      432
......................................................


WIND (MPH)
  HIGHEST WIND SPEED    13   HIGHEST WIND DIRECTION     W (260)
  HIGHEST GUST SPEED    17   HIGHEST GUST DIRECTION     W (260)
  AVERAGE WIND SPEED     2.3


SKY COVER
  AVERAGE SKY COVER 0.0



RELATIVE HUMIDITY (PERCENT)
 HIGHEST   100
 LOWEST     42
 AVERAGE    71

..........................................................


THE PITTSFIELD MA CLIMATE NORMALS FOR TODAY
                         NORMAL
 MAXIMUM TEMPERATURE (F)   57
 MINIMUM TEMPERATURE (F)   36


SUNRISE AND SUNSET
OCTOBER 19 2017.......SUNRISE   711 AM EDT   SUNSET   605 PM EDT
OCTOBER 20 2017.......SUNRISE   712 AM EDT   SUNSET   603 PM EDT


-  INDICATES NEGATIVE NUMBERS.
R  INDICATES RECORD WAS SET OR TIED.
MM INDICATES DATA IS MISSING.
T  INDICATES TRACE AMOUNT.




$$
