000
CDUS46 KSGX 270119
CLIPSP


CLIMATE REPORT
NATIONAL WEATHER SERVICE SAN DIEGO, CA
519 PM PST WED NOV 26 2014


...................................

...THE PALM SPRINGS INTL AIRPORT CA CLIMATE SUMMARY FOR NOVEMBER 26 2014...
VALID TODAY AS OF 0500 PM LOCAL TIME.

CLIMATE NORMAL PERIOD 1981 TO 2010
CLIMATE RECORD PERIOD 1893 TO 2014


WEATHER ITEM   OBSERVED TIME   RECORD YEAR NORMAL DEPARTURE LAST
                VALUE   (LST)  VALUE       VALUE  FROM      YEAR
                                                  NORMAL
..................................................................
TEMPERATURE (F)
 TODAY
  MAXIMUM         79    337 PM  92    1954  72      7       72
  MINIMUM         45    507 AM  31    1952  48     -3       47
  AVERAGE         62                        60      2       60

PRECIPITATION (IN)
  TODAY            0.00          0.36 2008   0.03  -0.03     0.00
  MONTH TO DATE    0.07                      0.44  -0.37     0.10
  SINCE JUL 1      1.26                      1.83  -0.57     1.25
  SINCE JAN 1      2.01                      4.77  -2.76     2.22

SNOWFALL (IN)
  TODAY            0.0
  MONTH TO DATE    0.0
  SINCE JAN 1      0.0
  SINCE JUL 1      0.0
  SNOW DEPTH       0

DEGREE DAYS
 HEATING
  TODAY            3                         6     -3        5
  MONTH TO DATE   26                        67    -41       39
  SINCE SEP 1     26                        71    -45       49
  SINCE JUL 1     26                        71    -45       49

 COOLING
  TODAY            0                         1     -1        0
  MONTH TO DATE   68                        74     -6       69
  SINCE SEP 1   1323                      1052    271     1010
  SINCE JAN 1   4920                      4136    784     4506
..................................................................


WIND (MPH)
  RESULTANT WIND SPEED   2   RESULTANT WIND DIRECTION   N (360)
  HIGHEST WIND SPEED     9   HIGHEST WIND DIRECTION    NW (330)
  HIGHEST GUST SPEED    11   HIGHEST GUST DIRECTION    NW (330)
  AVERAGE WIND SPEED     4.0


SKY COVER
  POSSIBLE SUNSHINE  MM
  AVERAGE SKY COVER 0.0


WEATHER CONDITIONS
 THE FOLLOWING WEATHER WAS RECORDED TODAY.
  NO SIGNIFICANT WEATHER WAS OBSERVED.


RELATIVE HUMIDITY (PERCENT)
 HIGHEST    42           500 AM
 LOWEST      9           300 PM
 AVERAGE    26

..........................................................


THE PALM SPRINGS INTL AIRPORT CA CLIMATE NORMALS FOR TOMORROW
                         NORMAL    RECORD    YEAR
 MAXIMUM TEMPERATURE (F)   72        92      1954
 MINIMUM TEMPERATURE (F)   48        34      1983


SUNRISE AND SUNSET
NOVEMBER 26 2014......SUNRISE   628 AM PST   SUNSET   438 PM PST
NOVEMBER 27 2014......SUNRISE   629 AM PST   SUNSET   438 PM PST


-  INDICATES NEGATIVE NUMBERS.
R  INDICATES RECORD WAS SET OR TIED.
MM INDICATES DATA IS MISSING.
T  INDICATES TRACE AMOUNT.




$$
