000
CDUS46 KSGX 300018
CLIPSP


CLIMATE REPORT
NATIONAL WEATHER SERVICE SAN DIEGO, CA
518 PM PDT MON JUN 29 2015


...................................

...THE PALM SPRINGS INTL AIRPORT CA CLIMATE SUMMARY FOR JUNE 29 2015...
VALID TODAY AS OF 0500 PM LOCAL TIME.

CLIMATE NORMAL PERIOD 1981 TO 2010
CLIMATE RECORD PERIOD 1893 TO 2015


WEATHER ITEM   OBSERVED TIME   RECORD YEAR NORMAL DEPARTURE LAST
                VALUE   (LST)  VALUE       VALUE  FROM      YEAR
                                                  NORMAL
..................................................................
TEMPERATURE (F)
 TODAY
  MAXIMUM        107    359 PM 122    2013 106      1      105
  MINIMUM         85    532 AM  51    1955  75     10       79
  AVERAGE         96                        90      6       92

PRECIPITATION (IN)
  TODAY            0.00          0.00 2002   0.01  -0.01     0.00
                                      2001
                                      1999
  MONTH TO DATE    T                         0.06  -0.06     0.00
  SINCE OCT 1      2.21                      4.79  -2.58     0.93
  SINCE JAN 1      1.34                      2.94  -1.60     0.75

SNOWFALL (IN)
  TODAY            0.0
  MONTH TO DATE    0.0
  SINCE JUN 1      0.0
  SINCE JUL 1      0.0
  SNOW DEPTH       0

DEGREE DAYS
 HEATING
  TODAY            0                         0      0        0
  MONTH TO DATE    0                         0      0        0
  SINCE JUN 1      0                         0      0        0
  SINCE JUL 1    407                       874   -467      431

 COOLING
  TODAY           31                        25      6       27
  MONTH TO DATE  753                       622    131      714
  SINCE JUN 1    753                       622    131      714
  SINCE JAN 1   1818                      1381    437     1824
..................................................................


WIND (MPH)
  RESULTANT WIND SPEED   4   RESULTANT WIND DIRECTION   E (80)
  HIGHEST WIND SPEED    15   HIGHEST WIND DIRECTION     E (110)
  HIGHEST GUST SPEED    18   HIGHEST GUST DIRECTION     E (80)
  AVERAGE WIND SPEED     5.9


SKY COVER
  POSSIBLE SUNSHINE  MM
  AVERAGE SKY COVER 0.1


WEATHER CONDITIONS
 THE FOLLOWING WEATHER WAS RECORDED TODAY.
  NO SIGNIFICANT WEATHER WAS OBSERVED.


RELATIVE HUMIDITY (PERCENT)
 HIGHEST    39           500 AM
 LOWEST     17           700 AM
 AVERAGE    28

..........................................................


THE PALM SPRINGS INTL AIRPORT CA CLIMATE NORMALS FOR TOMORROW
                         NORMAL    RECORD    YEAR
 MAXIMUM TEMPERATURE (F)  106       120      1950
 MINIMUM TEMPERATURE (F)   75        56      1943


SUNRISE AND SUNSET
JUNE 29 2015..........SUNRISE   538 AM PDT   SUNSET   801 PM PDT
JUNE 30 2015..........SUNRISE   538 AM PDT   SUNSET   801 PM PDT


-  INDICATES NEGATIVE NUMBERS.
R  INDICATES RECORD WAS SET OR TIED.
MM INDICATES DATA IS MISSING.
T  INDICATES TRACE AMOUNT.




$$
