000
CDUS46 KSGX 280017
CLIPSP


CLIMATE REPORT
NATIONAL WEATHER SERVICE SAN DIEGO, CA
417 PM PST FRI FEB 27 2015


...................................

...THE PALM SPRINGS INTL AIRPORT CA CLIMATE SUMMARY FOR FEBRUARY 27 2015...
VALID TODAY AS OF 0400 PM LOCAL TIME.

CLIMATE NORMAL PERIOD 1981 TO 2010
CLIMATE RECORD PERIOD 1893 TO 2015


WEATHER ITEM   OBSERVED TIME   RECORD YEAR NORMAL DEPARTURE LAST
                VALUE   (LST)  VALUE       VALUE  FROM      YEAR
                                                  NORMAL
..................................................................
TEMPERATURE (F)
 TODAY
  MAXIMUM         76    222 PM  99    1986  75      1       83
  MINIMUM         53    504 AM  32    1939  50      3       58
  AVERAGE         65                        62      3       71

PRECIPITATION (IN)
  TODAY            0.00          0.58 2001   0.03  -0.03      T
  MONTH TO DATE    0.17                      0.99  -0.82      T
  SINCE OCT 1      1.26                      3.84  -2.58     0.18
  SINCE JAN 1      0.39                      1.99  -1.60      T

SNOWFALL (IN)
  TODAY            0.0
  MONTH TO DATE    0.0
  SINCE JAN 1      0.0
  SINCE JUL 1      0.0
  SNOW DEPTH       0

DEGREE DAYS
 HEATING
  TODAY            0                         4     -4        0
  MONTH TO DATE    8                       149   -141       59
  SINCE DEC 1    337                       680   -343      349
  SINCE JUL 1    370                       776   -406      410

 COOLING
  TODAY            0                         1     -1        6
  MONTH TO DATE  102                        26     76       71
  SINCE DEC 1    144                        38    106      112
  SINCE JAN 1    120                        34     86      108
..................................................................


WIND (MPH)
  RESULTANT WIND SPEED   6   RESULTANT WIND DIRECTION  NW (310)
  HIGHEST WIND SPEED    25   HIGHEST WIND DIRECTION    NW (330)
  HIGHEST GUST SPEED    31   HIGHEST GUST DIRECTION    NW (320)
  AVERAGE WIND SPEED     7.4


SKY COVER
  POSSIBLE SUNSHINE  MM
  AVERAGE SKY COVER 0.1


WEATHER CONDITIONS
 THE FOLLOWING WEATHER WAS RECORDED TODAY.
  NO SIGNIFICANT WEATHER WAS OBSERVED.


RELATIVE HUMIDITY (PERCENT)
 HIGHEST    71           500 AM
 LOWEST     27           200 PM
 AVERAGE    49

..........................................................


THE PALM SPRINGS INTL AIRPORT CA CLIMATE NORMALS FOR TOMORROW
                         NORMAL    RECORD    YEAR
 MAXIMUM TEMPERATURE (F)   75        94      1986
 MINIMUM TEMPERATURE (F)   50        28      1962


SUNRISE AND SUNSET
FEBRUARY 27 2015......SUNRISE   617 AM PST   SUNSET   541 PM PST
FEBRUARY 28 2015......SUNRISE   616 AM PST   SUNSET   542 PM PST


-  INDICATES NEGATIVE NUMBERS.
R  INDICATES RECORD WAS SET OR TIED.
MM INDICATES DATA IS MISSING.
T  INDICATES TRACE AMOUNT.




$$
