000
CDUS46 KSGX 221133
CLIPSP


CLIMATE REPORT
NATIONAL WEATHER SERVICE SAN DIEGO, CA
433 AM PDT MON MAY 22 2017


...................................

...THE PALM SPRINGS INTL AIRPORT CA CLIMATE SUMMARY FOR MAY 21 2017...

CLIMATE NORMAL PERIOD 1981 TO 2010
CLIMATE RECORD PERIOD 1893 TO 2017


WEATHER ITEM   OBSERVED TIME   RECORD YEAR NORMAL DEPARTURE LAST
                VALUE   (LST)  VALUE       VALUE  FROM      YEAR
                                                  NORMAL
..................................................................
TEMPERATURE (F)
 YESTERDAY
  MAXIMUM        106    432 PM 111    1967  95     11       83
  MINIMUM         75    206 AM  48    1975  66      9       59
  AVERAGE         91                        80     11       71

PRECIPITATION (IN)
  YESTERDAY        0.00          0.04 1933   0.00   0.00     0.00
  MONTH TO DATE    T                         0.11  -0.11     0.02
  SINCE OCT 1      6.97                      4.71   2.26     2.63
  SINCE JAN 1      5.18                      2.86   2.32     2.44

DEGREE DAYS
 HEATING
  YESTERDAY        0                         0      0        0
  MONTH TO DATE    5                         0      5        0
  SINCE MAR 1     24                        94    -70       28
  SINCE JUL 1    684                       872   -188      738

 COOLING
  YESTERDAY       26                        15     11        6
  MONTH TO DATE  274                       271      3      265
  SINCE MAR 1    869                       564    305      732
  SINCE JAN 1    914                       591    323      882
..................................................................


WIND (MPH)
  RESULTANT WIND SPEED   3   RESULTANT WIND DIRECTION  NW (320)
  HIGHEST WIND SPEED    24   HIGHEST WIND DIRECTION    NW (300)
  HIGHEST GUST SPEED    31   HIGHEST GUST DIRECTION    NW (330)
  AVERAGE WIND SPEED     7.3


SKY COVER
  POSSIBLE SUNSHINE  MM
  AVERAGE SKY COVER 0.0


WEATHER CONDITIONS
 THE FOLLOWING WEATHER WAS RECORDED YESTERDAY.
  NO SIGNIFICANT WEATHER WAS OBSERVED.


RELATIVE HUMIDITY (PERCENT)
 HIGHEST    25           100 AM
 LOWEST      5           100 PM
 AVERAGE    15

..........................................................


THE PALM SPRINGS INTL AIRPORT CA CLIMATE NORMALS FOR TODAY
                         NORMAL    RECORD    YEAR
 MAXIMUM TEMPERATURE (F)   95       113      2000
 MINIMUM TEMPERATURE (F)   66        44      1933


SUNRISE AND SUNSET
MAY 22 2017...........SUNRISE   540 AM PDT   SUNSET   745 PM PDT
MAY 23 2017...........SUNRISE   540 AM PDT   SUNSET   746 PM PDT


-  INDICATES NEGATIVE NUMBERS.
R  INDICATES RECORD WAS SET OR TIED.
MM INDICATES DATA IS MISSING.
T  INDICATES TRACE AMOUNT.




$$
