000
CDUS46 KSGX 230117
CLIPSP


CLIMATE REPORT
NATIONAL WEATHER SERVICE SAN DIEGO, CA
517 PM PST MON JAN 22 2018


...................................

...THE PALM SPRINGS INTL AIRPORT CA CLIMATE SUMMARY FOR JANUARY 22 2018...
VALID TODAY AS OF 0500 PM LOCAL TIME.

CLIMATE NORMAL PERIOD 1981 TO 2010
CLIMATE RECORD PERIOD 1893 TO 2018


WEATHER ITEM   OBSERVED TIME   RECORD YEAR NORMAL DEPARTURE LAST
                VALUE   (LST)  VALUE       VALUE  FROM      YEAR
                                                  NORMAL
..................................................................
TEMPERATURE (F)
 TODAY
  MAXIMUM         70    338 PM  89    1948  70      0       55
  MINIMUM         43    629 AM  19    1937  46     -3       48
  AVERAGE         57                        58     -1       52

PRECIPITATION (IN)
  TODAY            0.00          1.93 1943   0.03  -0.03     1.64
  MONTH TO DATE    1.45                      0.86   0.59     3.27
  SINCE OCT 1      1.45                      2.71  -1.26     5.06
  SINCE JAN 1      1.45                      0.86   0.59     3.27

DEGREE DAYS
 HEATING
  TODAY            8                         7      1       13
  MONTH TO DATE   51                       178   -127      201
  SINCE DEC 1    145                       468   -323      423
  SINCE JUL 1    145                       564   -419      484

 COOLING
  TODAY            0                         0      0        0
  MONTH TO DATE   25                         0     25        0
  SINCE DEC 1     54                         4     50        1
  SINCE JAN 1     25                         0     25        0
..................................................................


WIND (MPH)
  RESULTANT WIND SPEED   3   RESULTANT WIND DIRECTION  NW (330)
  HIGHEST WIND SPEED     8   HIGHEST WIND DIRECTION    NW (330)
  HIGHEST GUST SPEED     9   HIGHEST GUST DIRECTION    NW (330)
  AVERAGE WIND SPEED     3.7


SKY COVER
  POSSIBLE SUNSHINE  MM
  AVERAGE SKY COVER 0.0


WEATHER CONDITIONS
 THE FOLLOWING WEATHER WAS RECORDED TODAY.
  NO SIGNIFICANT WEATHER WAS OBSERVED.


RELATIVE HUMIDITY (PERCENT)
 HIGHEST    58           200 AM
 LOWEST     11           200 PM
 AVERAGE    35

..........................................................


THE PALM SPRINGS INTL AIRPORT CA CLIMATE NORMALS FOR TOMORROW
                         NORMAL    RECORD    YEAR
 MAXIMUM TEMPERATURE (F)   70        88      1948
 MINIMUM TEMPERATURE (F)   46        25      1937


SUNRISE AND SUNSET
JANUARY 22 2018.......SUNRISE   648 AM PST   SUNSET   507 PM PST
JANUARY 23 2018.......SUNRISE   648 AM PST   SUNSET   508 PM PST


-  INDICATES NEGATIVE NUMBERS.
R  INDICATES RECORD WAS SET OR TIED.
MM INDICATES DATA IS MISSING.
T  INDICATES TRACE AMOUNT.




$$
