000
CDUS46 KSGX 271535
CLIPSP


CLIMATE REPORT
NATIONAL WEATHER SERVICE SAN DIEGO, CA
735 AM PST MON FEB 27 2017


...................................

...THE PALM SPRINGS INTL AIRPORT CA CLIMATE SUMMARY FOR FEBRUARY 26 2017...

CLIMATE NORMAL PERIOD 1981 TO 2010
CLIMATE RECORD PERIOD 1893 TO 2017


WEATHER ITEM   OBSERVED TIME   RECORD YEAR NORMAL DEPARTURE LAST
                VALUE   (LST)  VALUE       VALUE  FROM      YEAR
                                                  NORMAL
..................................................................
TEMPERATURE (F)
 YESTERDAY
  MAXIMUM         69    225 PM  99    1986  75     -6       87
  MINIMUM         50   1159 PM  33    1987  50      0       56
  AVERAGE         60                        62     -2       72

PRECIPITATION (IN)
  YESTERDAY        T             0.49 2001   0.04  -0.04     0.00
  MONTH TO DATE    0.48                      0.96  -0.48      T
  SINCE OCT 1      5.80                      3.81   1.99     2.45
  SINCE JAN 1      4.01                      1.96   2.05     2.26

DEGREE DAYS
 HEATING
  YESTERDAY        5                         4      1        0
  MONTH TO DATE   68                       145    -77       56
  SINCE DEC 1    580                       676    -96      603
  SINCE JUL 1    641                       772   -131      710

 COOLING
  YESTERDAY        0                         1     -1        7
  MONTH TO DATE   45                        25     20      124
  SINCE DEC 1     46                        37      9      124
  SINCE JAN 1     45                        33     12      124
..................................................................


WIND (MPH)
  RESULTANT WIND SPEED   7   RESULTANT WIND DIRECTION  NW (320)
  HIGHEST WIND SPEED    26   HIGHEST WIND DIRECTION    NW (330)
  HIGHEST GUST SPEED    32   HIGHEST GUST DIRECTION     W (290)
  AVERAGE WIND SPEED     9.0


SKY COVER
  POSSIBLE SUNSHINE  MM
  AVERAGE SKY COVER 0.3


WEATHER CONDITIONS
 THE FOLLOWING WEATHER WAS RECORDED YESTERDAY.
  NO SIGNIFICANT WEATHER WAS OBSERVED.


RELATIVE HUMIDITY (PERCENT)
 HIGHEST    67           700 PM
 LOWEST     42           300 PM
 AVERAGE    55

..........................................................


THE PALM SPRINGS INTL AIRPORT CA CLIMATE NORMALS FOR TODAY
                         NORMAL    RECORD    YEAR
 MAXIMUM TEMPERATURE (F)   75        99      1986
 MINIMUM TEMPERATURE (F)   50        32      1939


SUNRISE AND SUNSET
FEBRUARY 27 2017......SUNRISE   617 AM PST   SUNSET   541 PM PST
FEBRUARY 28 2017......SUNRISE   615 AM PST   SUNSET   542 PM PST


-  INDICATES NEGATIVE NUMBERS.
R  INDICATES RECORD WAS SET OR TIED.
MM INDICATES DATA IS MISSING.
T  INDICATES TRACE AMOUNT.




$$
