000
CDUS45 KPUB 250025
CLIPUB


CLIMATE REPORT
NATIONAL WEATHER SERVICE PUEBLO
625 PM MDT THU APR 24 2014


...................................

...THE PUEBLO CO CLIMATE SUMMARY FOR APRIL 24 2014...
VALID TODAY AS OF 0500 PM LOCAL TIME.

CLIMATE NORMAL PERIOD 1981 TO 2010
CLIMATE RECORD PERIOD 1888 TO 2014


WEATHER ITEM   OBSERVED TIME   RECORD YEAR NORMAL DEPARTURE LAST
                VALUE   (LST)  VALUE       VALUE  FROM      YEAR
                                                  NORMAL
..................................................................
TEMPERATURE (F)
 TODAY
  MAXIMUM         69    408 PM  92    2012  70     -1       57
  MINIMUM         34    522 AM  19    2013  37     -3       19
  AVERAGE         52                        53     -1       38

PRECIPITATION (IN)
  TODAY            0.00          1.73 1980   0.05  -0.05     0.00
  MONTH TO DATE    1.20                      1.07   0.13     0.30
  SINCE MAR 1      1.96                      2.00  -0.04     0.51
  SINCE JAN 1      2.69                      2.65   0.04     1.20

SNOWFALL (IN)
  TODAY            0.0           5.6  1980   0.1   -0.1      0.0
  MONTH TO DATE    8.3                       3.3    5.0      3.4
  SINCE MAR 1     10.7                       9.0    1.7      9.1
  SINCE JUL 1     29.3                      30.8   -1.5     23.8
  SNOW DEPTH       0

DEGREE DAYS
 HEATING
  TODAY           13                        12      1       27
  MONTH TO DATE  305                       371    -66      504
  SINCE MAR 1    977                      1073    -96     1239
  SINCE JUL 1   5182                      5376   -194     5476

 COOLING
  TODAY            0                         0      0        0
  MONTH TO DATE    2                         0      2        0
  SINCE MAR 1      2                         0      2        0
  SINCE JAN 1      2                         0      2        0
..................................................................


WIND (MPH)
  HIGHEST WIND SPEED    28   HIGHEST WIND DIRECTION    SE (120)
  HIGHEST GUST SPEED    35   HIGHEST GUST DIRECTION     N (10)
  AVERAGE WIND SPEED     9.4


SKY COVER
  POSSIBLE SUNSHINE  MM
  AVERAGE SKY COVER 0.1


WEATHER CONDITIONS
 THE FOLLOWING WEATHER WAS RECORDED TODAY.
  NO SIGNIFICANT WEATHER WAS OBSERVED.


RELATIVE HUMIDITY (PERCENT)
 HIGHEST    82           600 AM
 LOWEST     15           300 PM
 AVERAGE    49

..........................................................


THE PUEBLO CO CLIMATE NORMALS FOR TOMORROW
                         NORMAL    RECORD    YEAR
 MAXIMUM TEMPERATURE (F)   70        88      2012
                                             1981
                                             1949
 MINIMUM TEMPERATURE (F)   37        22      1950


SUNRISE AND SUNSET
APRIL 24 2014.........SUNRISE   610 AM MDT   SUNSET   743 PM MDT
APRIL 25 2014.........SUNRISE   609 AM MDT   SUNSET   744 PM MDT


-  INDICATES NEGATIVE NUMBERS.
R  INDICATES RECORD WAS SET OR TIED.
MM INDICATES DATA IS MISSING.
T  INDICATES TRACE AMOUNT.




$$
