371
CDUS45 KPUB 131134
CLIPUB


CLIMATE REPORT
NATIONAL WEATHER SERVICE PUEBLO
434 AM MST SAT FEB 13 2016


...................................

...THE PUEBLO CO CLIMATE SUMMARY FOR FEBRUARY 12 2016...

CLIMATE NORMAL PERIOD 1981 TO 2010
CLIMATE RECORD PERIOD 1888 TO 2016


WEATHER ITEM   OBSERVED TIME   RECORD YEAR NORMAL DEPARTURE LAST
                VALUE   (LST)  VALUE       VALUE  FROM      YEAR
                                                  NORMAL
..................................................................
TEMPERATURE (F)
 YESTERDAY
  MAXIMUM         66    358 PM  76    1962  50     16       57
  MINIMUM         26    706 AM -27    1899  16     10       24
  AVERAGE         46                        33     13       41

PRECIPITATION (IN)
  YESTERDAY        0.00          0.40 1940   0.01  -0.01     0.00
  MONTH TO DATE    0.35                      0.11   0.24     0.20
  SINCE DEC 1      1.28                      0.84   0.44     0.69
  SINCE JAN 1      0.88                      0.46   0.42     0.45

SNOWFALL (IN)
  YESTERDAY        0.0           4.9  1940   0.1   -0.1      0.0
  MONTH TO DATE    5.8                       1.8    4.0       T
  SINCE DEC 1     17.8                      13.8    4.0      7.7
  SINCE JUL 1     24.2                      19.8    4.4     17.6
  SNOW DEPTH       0

DEGREE DAYS
 HEATING
  YESTERDAY       19                        32    -13       24
  MONTH TO DATE  376                       396    -20      246
  SINCE DEC 1   2307                      2547   -240     2282
  SINCE JUL 1   3181                      3828   -647     3444

 COOLING
  YESTERDAY        0                         0      0        0
  MONTH TO DATE    0                         0      0        0
  SINCE DEC 1      0                         0      0        0
  SINCE JAN 1      0                         0      0        0
..................................................................


WIND (MPH)
  HIGHEST WIND SPEED    16   HIGHEST WIND DIRECTION     E (110)
  HIGHEST GUST SPEED    19   HIGHEST GUST DIRECTION     E (100)
  AVERAGE WIND SPEED     5.4


SKY COVER
  POSSIBLE SUNSHINE  MM
  AVERAGE SKY COVER 0.0


WEATHER CONDITIONS
 THE FOLLOWING WEATHER WAS RECORDED YESTERDAY.
  NO SIGNIFICANT WEATHER WAS OBSERVED.


RELATIVE HUMIDITY (PERCENT)
 HIGHEST    81           700 AM
 LOWEST     23           200 PM
 AVERAGE    52

..........................................................


THE PUEBLO CO CLIMATE NORMALS FOR TODAY
                         NORMAL    RECORD    YEAR
 MAXIMUM TEMPERATURE (F)   50        75      1954
 MINIMUM TEMPERATURE (F)   17       -26      1905


SUNRISE AND SUNSET
FEBRUARY 13 2016......SUNRISE   651 AM MST   SUNSET   534 PM MST
FEBRUARY 14 2016......SUNRISE   650 AM MST   SUNSET   535 PM MST


-  INDICATES NEGATIVE NUMBERS.
R  INDICATES RECORD WAS SET OR TIED.
MM INDICATES DATA IS MISSING.
T  INDICATES TRACE AMOUNT.




$$
