523
CDUS45 KPUB 261019
CLIPUB


CLIMATE REPORT
NATIONAL WEATHER SERVICE PUEBLO
418 AM MDT MON SEP 26 2016


...................................

...THE PUEBLO CO CLIMATE SUMMARY FOR SEPTEMBER 25 2016...

CLIMATE NORMAL PERIOD 1981 TO 2010
CLIMATE RECORD PERIOD 1888 TO 2016


WEATHER ITEM   OBSERVED TIME   RECORD YEAR NORMAL DEPARTURE LAST
                VALUE   (LST)  VALUE       VALUE  FROM      YEAR
                                                  NORMAL
..................................................................
TEMPERATURE (F)
 YESTERDAY
  MAXIMUM         72    356 PM  97    1998  78     -6       88
  MINIMUM         47    600 AM  28    2000  43      4       51
                                      1995
  AVERAGE         60                        60      0       70

PRECIPITATION (IN)
  YESTERDAY        0.00          1.01 1915   0.02  -0.02     0.00
  MONTH TO DATE    0.05                      0.67  -0.62     0.03
  SINCE SEP 1      0.05                      0.67  -0.62     0.03
  SINCE JAN 1     10.37                     10.90  -0.53    15.05

SNOWFALL (IN)
  YESTERDAY        0.0           0.0  2002   0.0    0.0      0.0
  MONTH TO DATE    0.0                       0.2   -0.2      0.0
  SINCE SEP 1      0.0                       0.2   -0.2      0.0
  SINCE JUL 1      T                         0.2   -0.2      0.0
  SNOW DEPTH       0

DEGREE DAYS
 HEATING
  YESTERDAY        5                         6     -1        0
  MONTH TO DATE   15                        62    -47        0
  SINCE SEP 1     15                        62    -47        0
  SINCE JUL 1     15                        67    -52        0

 COOLING
  YESTERDAY        0                         1     -1        5
  MONTH TO DATE  164                        78     86      203
  SINCE SEP 1    164                        78     86      203
  SINCE JAN 1   1329                       889    440     1249
..................................................................


WIND (MPH)
  HIGHEST WIND SPEED    20   HIGHEST WIND DIRECTION     N (10)
  HIGHEST GUST SPEED    24   HIGHEST GUST DIRECTION     N (10)
  AVERAGE WIND SPEED     6.2


SKY COVER
  POSSIBLE SUNSHINE  MM
  AVERAGE SKY COVER 0.2


WEATHER CONDITIONS
 THE FOLLOWING WEATHER WAS RECORDED YESTERDAY.
  NO SIGNIFICANT WEATHER WAS OBSERVED.


RELATIVE HUMIDITY (PERCENT)
 HIGHEST    54           600 AM
 LOWEST     22           400 PM
 AVERAGE    38

..........................................................


THE PUEBLO CO CLIMATE NORMALS FOR TODAY
                         NORMAL    RECORD    YEAR
 MAXIMUM TEMPERATURE (F)   77        93      2001
 MINIMUM TEMPERATURE (F)   43        31      1912


SUNRISE AND SUNSET
SEPTEMBER 26 2016.....SUNRISE   650 AM MDT   SUNSET   648 PM MDT
SEPTEMBER 27 2016.....SUNRISE   651 AM MDT   SUNSET   646 PM MDT


-  INDICATES NEGATIVE NUMBERS.
R  INDICATES RECORD WAS SET OR TIED.
MM INDICATES DATA IS MISSING.
T  INDICATES TRACE AMOUNT.




$$
