000
CDUS45 KPUB 311023
CLIPUB


CLIMATE REPORT
NATIONAL WEATHER SERVICE PUEBLO
422 AM MDT WED AUG 31 2016


...................................

...THE PUEBLO CO CLIMATE SUMMARY FOR AUGUST 30 2016...

CLIMATE NORMAL PERIOD 1981 TO 2010
CLIMATE RECORD PERIOD 1888 TO 2016


WEATHER ITEM   OBSERVED TIME   RECORD YEAR NORMAL DEPARTURE LAST
                VALUE   (LST)  VALUE       VALUE  FROM      YEAR
                                                  NORMAL
..................................................................
TEMPERATURE (F)
 YESTERDAY
  MAXIMUM         85    312 PM 102    1990  87     -2       98
  MINIMUM         59    620 AM  43    1944  55      4       57
  AVERAGE         72                        71      1       78

PRECIPITATION (IN)
  YESTERDAY        0.00          0.73 1974   0.06  -0.06     0.00
  MONTH TO DATE    1.32                      2.26  -0.94     4.24
  SINCE JUN 1      3.15                      5.68  -2.53     6.10
  SINCE JAN 1     10.32                     10.17   0.15    15.02

SNOWFALL (IN)
  YESTERDAY        0.0           0.0  2002   0.0    0.0      0.0
  MONTH TO DATE    T                         0.0    0.0      0.0
  SINCE JUN 1      T                         0.0    0.0      0.0
  SINCE JUL 1      T                         0.0    0.0      0.0
  SNOW DEPTH       0

DEGREE DAYS
 HEATING
  YESTERDAY        0                         0      0        0
  MONTH TO DATE    0                         0      0        0
  SINCE JUN 1      1                        26    -25        0
  SINCE JUL 1      0                         1     -1        0

 COOLING
  YESTERDAY        7                         6      1       13
  MONTH TO DATE  307                       259     48      386
  SINCE JUN 1   1130                       770    360     1029
  SINCE JAN 1   1160                       804    356     1033
..................................................................


WIND (MPH)
  HIGHEST WIND SPEED    22   HIGHEST WIND DIRECTION     E (90)
  HIGHEST GUST SPEED    28   HIGHEST GUST DIRECTION     E (80)
  AVERAGE WIND SPEED     6.4


SKY COVER
  POSSIBLE SUNSHINE  MM
  AVERAGE SKY COVER 0.4


WEATHER CONDITIONS
 THE FOLLOWING WEATHER WAS RECORDED YESTERDAY.
  THUNDERSTORM


RELATIVE HUMIDITY (PERCENT)
 HIGHEST    78           100 AM
 LOWEST     31           300 PM
 AVERAGE    55

..........................................................


THE PUEBLO CO CLIMATE NORMALS FOR TODAY
                         NORMAL    RECORD    YEAR
 MAXIMUM TEMPERATURE (F)   87       101      1985
 MINIMUM TEMPERATURE (F)   54        42      1993


SUNRISE AND SUNSET
AUGUST 31 2016........SUNRISE   627 AM MDT   SUNSET   728 PM MDT
SEPTEMBER  1 2016.....SUNRISE   628 AM MDT   SUNSET   727 PM MDT


-  INDICATES NEGATIVE NUMBERS.
R  INDICATES RECORD WAS SET OR TIED.
MM INDICATES DATA IS MISSING.
T  INDICATES TRACE AMOUNT.




$$
