000
CDUS45 KPUB 271126
CLIPUB


CLIMATE REPORT
NATIONAL WEATHER SERVICE PUEBLO
426 AM MST TUE JAN 27 2015


...................................

...THE PUEBLO CO CLIMATE SUMMARY FOR JANUARY 26 2015...

CLIMATE NORMAL PERIOD 1981 TO 2010
CLIMATE RECORD PERIOD 1888 TO 2015


WEATHER ITEM   OBSERVED TIME   RECORD YEAR NORMAL DEPARTURE LAST
                VALUE   (LST)  VALUE       VALUE  FROM      YEAR
                                                  NORMAL
..................................................................
TEMPERATURE (F)
 YESTERDAY
  MAXIMUM         71    246 PM  74    1951  47     24       65
  MINIMUM         25    659 AM -13    1996  14     11       18
  AVERAGE         48                        31     17       42

PRECIPITATION (IN)
  YESTERDAY        0.00          0.28 1944   0.01  -0.01     0.00
  MONTH TO DATE    0.19                      0.29  -0.10     0.08
  SINCE DEC 1      0.43                      0.67  -0.24     0.11
  SINCE JAN 1      0.19                      0.29  -0.10     0.08

SNOWFALL (IN)
  YESTERDAY        0.0           6.3  1944   0.2   -0.2      0.0
  MONTH TO DATE    4.3                       5.5   -1.2      2.7
  SINCE DEC 1      7.5                      11.0   -3.5      4.9
  SINCE JUL 1     17.4                      17.0    0.4      8.6
  SNOW DEPTH       0

DEGREE DAYS
 HEATING
  YESTERDAY       17                        34    -17       23
  MONTH TO DATE  860                       898    -38      841
  SINCE DEC 1   1929                      1980    -51     1896
  SINCE JUL 1   3091                      3261   -170     3079

 COOLING
  YESTERDAY        0                         0      0        0
  MONTH TO DATE    0                         0      0        0
  SINCE DEC 1      0                         0      0        0
  SINCE JAN 1      0                         0      0        0
..................................................................


WIND (MPH)
  HIGHEST WIND SPEED    12   HIGHEST WIND DIRECTION    SW (220)
  HIGHEST GUST SPEED    15   HIGHEST GUST DIRECTION     W (260)
  AVERAGE WIND SPEED     4.4


SKY COVER
  POSSIBLE SUNSHINE  MM
  AVERAGE SKY COVER 0.0


WEATHER CONDITIONS
 THE FOLLOWING WEATHER WAS RECORDED YESTERDAY.
  NO SIGNIFICANT WEATHER WAS OBSERVED.


RELATIVE HUMIDITY (PERCENT)
 HIGHEST    92           200 AM
 LOWEST     16           300 PM
 AVERAGE    54

..........................................................


THE PUEBLO CO CLIMATE NORMALS FOR TODAY
                         NORMAL    RECORD    YEAR
 MAXIMUM TEMPERATURE (F)   47        73      2003
 MINIMUM TEMPERATURE (F)   14       -24      1948


SUNRISE AND SUNSET
JANUARY 27 2015.......SUNRISE   707 AM MST   SUNSET   515 PM MST
JANUARY 28 2015.......SUNRISE   706 AM MST   SUNSET   516 PM MST


-  INDICATES NEGATIVE NUMBERS.
R  INDICATES RECORD WAS SET OR TIED.
MM INDICATES DATA IS MISSING.
T  INDICATES TRACE AMOUNT.




$$
