000
CDUS46 KOTX 050826
CLIPUW


CLIMATE REPORT
NATIONAL WEATHER SERVICE SPOKANE, WA
1225 AM PST MON DEC 5 2016


...................................

...THE PULLMAN-MOSCOW  AIRPORT CLIMATE SUMMARY FOR DECEMBER 4 2016...

CLIMATE NORMAL PERIOD 1981 TO 2010
CLIMATE RECORD PERIOD 9999 TO 9999


WEATHER ITEM   OBSERVED TIME   RECORD YEAR NORMAL DEPARTURE LAST
                VALUE   (LST)  VALUE       VALUE  FROM      YEAR
                                                  NORMAL
..................................................................
TEMPERATURE (F)
 YESTERDAY
  MAXIMUM         40   1254 AM  56    2007  37      3       43
  MINIMUM         25   1024 PM  -4    2013  26     -1       31
  AVERAGE         33                        31      2       37

PRECIPITATION (IN)
  YESTERDAY        0.29                      0.06   0.23     0.02
  MONTH TO DATE    0.30                      0.25   0.05     0.14
  SINCE OCT 1      7.16                      3.88   3.28     3.67
  SINCE JAN 1     19.48                     15.57   3.91    14.29

SNOWFALL (IN)
  YESTERDAY       MM

DEGREE DAYS
 HEATING
  YESTERDAY       32                        34     -2       28
  MONTH TO DATE  122                       133    -11      130
  SINCE DEC 1    122                       133    -11      130
  SINCE JUL 1   1470                      1877   -407     1587

 COOLING
  YESTERDAY        0                         0      0        0
  MONTH TO DATE    0                         0      0        0
  SINCE DEC 1      0                         0      0        0
  SINCE JAN 1    203                       213    -10      416
..................................................................


WIND (MPH)
  HIGHEST WIND SPEED    29   HIGHEST WIND DIRECTION    SW (240)
  HIGHEST GUST SPEED    36   HIGHEST GUST DIRECTION     W (280)
  AVERAGE WIND SPEED    16.5


SKY COVER
  POSSIBLE SUNSHINE  MM
  AVERAGE SKY COVER 0.7


WEATHER CONDITIONS
 THE FOLLOWING WEATHER WAS RECORDED YESTERDAY.
  LIGHT RAIN
  LIGHT SNOW
  FOG


RELATIVE HUMIDITY (PERCENT)
 HIGHEST    85           500 AM
 LOWEST     59           400 PM
 AVERAGE    72

..........................................................


THE PULLMAN-MOSCOW  AIRPORT CLIMATE NORMALS FOR TODAY
                         NORMAL    RECORD    YEAR
 MAXIMUM TEMPERATURE (F)   37        50      1965
 MINIMUM TEMPERATURE (F)   26        -3      2013


SUNRISE AND SUNSET
DECEMBER  5 2016......SUNRISE   718 AM PST   SUNSET   401 PM PST
DECEMBER  6 2016......SUNRISE   719 AM PST   SUNSET   401 PM PST


-  INDICATES NEGATIVE NUMBERS.
R  INDICATES RECORD WAS SET OR TIED.
MM INDICATES DATA IS MISSING.
T  INDICATES TRACE AMOUNT.




$$
