000
CDUS46 KOTX 270827
CLIPUW


CLIMATE REPORT
NATIONAL WEATHER SERVICE SPOKANE, WA
126 AM PDT WED MAY 27 2015


...................................

...THE PULLMAN-MOSCOW  AIRPORT CLIMATE SUMMARY FOR MAY 26 2015...

CLIMATE NORMAL PERIOD 1981 TO 2010
CLIMATE RECORD PERIOD 9999 TO 9999


WEATHER ITEM   OBSERVED TIME   RECORD YEAR NORMAL DEPARTURE LAST
                VALUE   (LST)  VALUE       VALUE  FROM      YEAR
                                                  NORMAL
..................................................................
TEMPERATURE (F)
 YESTERDAY
  MAXIMUM         66    159 PM  89    1958  67     -1       69
  MINIMUM         43   1156 PM  33    1967  44     -1       42
  AVERAGE         55                        55      0       56

PRECIPITATION (IN)
  YESTERDAY        0.06          1.01 1980   0.05   0.01      T
  MONTH TO DATE    1.88                      1.36   0.52     0.64
  SINCE OCT 1     15.56                     13.51   2.05    12.69
  SINCE JAN 1      8.71                      8.31   0.40     9.35

SNOWFALL (IN)
  YESTERDAY       MM

DEGREE DAYS
 HEATING
  YESTERDAY       10                        10      0        9
  MONTH TO DATE  261                       324    -63      265
  SINCE MAR 1   1431                      1648   -217     1538
  SINCE JUL 1   5262                      6351  -1089     6389

 COOLING
  YESTERDAY        0                         0      0        0
  MONTH TO DATE    0                         0      0        1
  SINCE MAR 1      0                         0      0        1
  SINCE JAN 1      0                         0      0        1
..................................................................


WIND (MPH)
  HIGHEST WIND SPEED    16   HIGHEST WIND DIRECTION     N (360)
  HIGHEST GUST SPEED    19   HIGHEST GUST DIRECTION     N (360)
  AVERAGE WIND SPEED     3.5


SKY COVER
  POSSIBLE SUNSHINE  MM
  AVERAGE SKY COVER 0.5


WEATHER CONDITIONS
 THE FOLLOWING WEATHER WAS RECORDED YESTERDAY.
  LIGHT RAIN


RELATIVE HUMIDITY (PERCENT)
 HIGHEST    93           900 PM
 LOWEST     56           200 PM
 AVERAGE    75

..........................................................


THE PULLMAN-MOSCOW  AIRPORT CLIMATE NORMALS FOR TODAY
                         NORMAL    RECORD    YEAR
 MAXIMUM TEMPERATURE (F)   67        89      1958
 MINIMUM TEMPERATURE (F)   44        31      1973


SUNRISE AND SUNSET
MAY 27 2015...........SUNRISE   502 AM PDT   SUNSET   830 PM PDT
MAY 28 2015...........SUNRISE   501 AM PDT   SUNSET   831 PM PDT


-  INDICATES NEGATIVE NUMBERS.
R  INDICATES RECORD WAS SET OR TIED.
MM INDICATES DATA IS MISSING.
T  INDICATES TRACE AMOUNT.




$$
