000
CDUS46 KOTX 210824
CLIPUW


CLIMATE REPORT
NATIONAL WEATHER SERVICE SPOKANE, WA
1223 AM PST SUN JAN 21 2018


...................................

...THE PULLMAN-MOSCOW  AIRPORT CLIMATE SUMMARY FOR JANUARY 20 2018...

CLIMATE NORMAL PERIOD 1981 TO 2010
CLIMATE RECORD PERIOD 9999 TO 9999


WEATHER ITEM   OBSERVED TIME   RECORD YEAR NORMAL DEPARTURE LAST
                VALUE   (LST)  VALUE       VALUE  FROM      YEAR
                                                  NORMAL
..................................................................
TEMPERATURE (F)
 YESTERDAY
  MAXIMUM         41    240 PM  51    1899  37      4       40
  MINIMUM         33    847 PM -21    1937  27      6       33
  AVERAGE         37                        32      5       37

PRECIPITATION (IN)
  YESTERDAY        T                         0.07  -0.07     0.00
  MONTH TO DATE    1.82                      1.05   0.77     1.18
  SINCE OCT 1     10.68                      6.25   4.43     9.59
  SINCE JAN 1      1.82                      1.05   0.77     1.18

SNOWFALL (IN)
  YESTERDAY       MM

DEGREE DAYS
 HEATING
  YESTERDAY       28                        33     -5       28
  MONTH TO DATE  557                       679   -122      934
  SINCE DEC 1   1679                      1759    -80     2164
  SINCE JUL 1   3162                      3503   -341     3512

 COOLING
  YESTERDAY        0                         0      0        0
  MONTH TO DATE    0                         0      0        0
  SINCE DEC 1      0                         0      0        0
  SINCE JAN 1      0                         0      0        0
..................................................................


WIND (MPH)
  HIGHEST WIND SPEED    21   HIGHEST WIND DIRECTION    SW (230)
  HIGHEST GUST SPEED    26   HIGHEST GUST DIRECTION    SW (230)
  AVERAGE WIND SPEED     7.4


SKY COVER
  POSSIBLE SUNSHINE  MM
  AVERAGE SKY COVER 0.8


WEATHER CONDITIONS
 THE FOLLOWING WEATHER WAS RECORDED YESTERDAY.
  LIGHT SNOW
  FOG


RELATIVE HUMIDITY (PERCENT)
 HIGHEST    89          1200 AM
 LOWEST     70           300 PM
 AVERAGE    80

..........................................................


THE PULLMAN-MOSCOW  AIRPORT CLIMATE NORMALS FOR TODAY
                         NORMAL    RECORD    YEAR
 MAXIMUM TEMPERATURE (F)   37        55      2005
 MINIMUM TEMPERATURE (F)   27       -17      1937


SUNRISE AND SUNSET
JANUARY 21 2018.......SUNRISE   724 AM PST   SUNSET   436 PM PST
JANUARY 22 2018.......SUNRISE   723 AM PST   SUNSET   437 PM PST


-  INDICATES NEGATIVE NUMBERS.
R  INDICATES RECORD WAS SET OR TIED.
MM INDICATES DATA IS MISSING.
T  INDICATES TRACE AMOUNT.




$$
