000
CDUS46 KOTX 290824
CLIPUW


CLIMATE REPORT
NATIONAL WEATHER SERVICE SPOKANE, WA
121 AM PDT WED JUL 29 2015


...................................

...THE PULLMAN-MOSCOW  AIRPORT CLIMATE SUMMARY FOR JULY 28 2015...

CLIMATE NORMAL PERIOD 1981 TO 2010
CLIMATE RECORD PERIOD 9999 TO 9999


WEATHER ITEM   OBSERVED TIME   RECORD YEAR NORMAL DEPARTURE LAST
                VALUE   (LST)  VALUE       VALUE  FROM      YEAR
                                                  NORMAL
..................................................................
TEMPERATURE (F)
 YESTERDAY
  MAXIMUM         78    539 PM 102    1998  84     -6       98
  MINIMUM         48    445 AM  37    1976  51     -3       56
  AVERAGE         63                        68     -5       77

PRECIPITATION (IN)
  YESTERDAY        0.00          0.48 1948   0.01  -0.01     0.00
  MONTH TO DATE    0.54                      0.63  -0.09     0.33
  SINCE OCT 1     16.63                     15.42   1.21    14.28
  SINCE JAN 1      9.78                     10.22  -0.44    10.94

SNOWFALL (IN)
  YESTERDAY       MM

DEGREE DAYS
 HEATING
  YESTERDAY        2                         1      1        0
  MONTH TO DATE   19                        59    -40       10
  SINCE JUN 1     98                       265   -167      214
  SINCE JUL 1     19                        59    -40       10

 COOLING
  YESTERDAY        0                         4     -4       12
  MONTH TO DATE  147                        70     77      157
  SINCE JUN 1    240                        83    157      158
  SINCE JAN 1    252                        88    164      159
..................................................................


WIND (MPH)
  HIGHEST WIND SPEED    13   HIGHEST WIND DIRECTION    SW (230)
  HIGHEST GUST SPEED    16   HIGHEST GUST DIRECTION     W (260)
  AVERAGE WIND SPEED     3.5


SKY COVER
  POSSIBLE SUNSHINE  MM
  AVERAGE SKY COVER 0.1


WEATHER CONDITIONS
 THE FOLLOWING WEATHER WAS RECORDED YESTERDAY.
  NO SIGNIFICANT WEATHER WAS OBSERVED.


RELATIVE HUMIDITY (PERCENT)
 HIGHEST    80           300 AM
 LOWEST     20           400 PM
 AVERAGE    50

..........................................................


THE PULLMAN-MOSCOW  AIRPORT CLIMATE NORMALS FOR TODAY
                         NORMAL    RECORD    YEAR
 MAXIMUM TEMPERATURE (F)   84       100      1996
 MINIMUM TEMPERATURE (F)   51        35      1954


SUNRISE AND SUNSET
JULY 29 2015..........SUNRISE   525 AM PDT   SUNSET   824 PM PDT
JULY 30 2015..........SUNRISE   526 AM PDT   SUNSET   823 PM PDT


-  INDICATES NEGATIVE NUMBERS.
R  INDICATES RECORD WAS SET OR TIED.
MM INDICATES DATA IS MISSING.
T  INDICATES TRACE AMOUNT.




$$
