000
CDUS41 KBOX 010539
CLIPVD


CLIMATE REPORT
NATIONAL WEATHER SERVICE TAUNTON MA
138 AM EDT WED JUN 1 2016


...................................

...THE PROVIDENCE RI CLIMATE SUMMARY FOR MAY 31 2016...

CLIMATE NORMAL PERIOD 1981 TO 2010
CLIMATE RECORD PERIOD 1904 TO 2016


WEATHER ITEM   OBSERVED TIME   RECORD YEAR NORMAL DEPARTURE LAST
                VALUE   (LST)  VALUE       VALUE  FROM      YEAR
                                                  NORMAL
..................................................................
TEMPERATURE (F)
 YESTERDAY
  MAXIMUM         84    247 PM  95    1944  73     11       81
  MINIMUM         67   1159 PM  37    1961  53     14       50
  AVERAGE         76                        63     13       66

PRECIPITATION (IN)
  YESTERDAY        0.00          5.15 1984   0.13  -0.13     3.18
  MONTH TO DATE    3.18                      3.55  -0.37     3.69
  SINCE MAR 1      9.77                     12.92  -3.15    10.60
  SINCE JAN 1     18.12                     20.07  -1.95    16.95

SNOWFALL (IN)
  YESTERDAY        0.0           0.0  2015   0.0    0.0      0.0
  MONTH TO DATE    0.0                       0.0    0.0      0.0
  SINCE MAR 1      9.3                       6.1    3.2     16.3
  SINCE JUL 1     28.7                      33.8   -5.1     76.2
  SNOW DEPTH       0

DEGREE DAYS
 HEATING
  YESTERDAY        0                         4     -4        0
  MONTH TO DATE  218                       225     -7      122
  SINCE MAR 1   1374                      1513   -139     1586
  SINCE JUL 1   4745                      5575   -830     5948

 COOLING
  YESTERDAY       11                         2      9        1
  MONTH TO DATE   51                        24     27       64
  SINCE MAR 1     51                        26     25       64
  SINCE JAN 1     51                        26     25       64
..................................................................


WIND (MPH)
  RESULTANT WIND SPEED   7   RESULTANT WIND DIRECTION  SW (230)
  HIGHEST WIND SPEED    18   HIGHEST WIND DIRECTION    SW (230)
  HIGHEST GUST SPEED    23   HIGHEST GUST DIRECTION    SW (230)
  AVERAGE WIND SPEED     8.4


SKY COVER
  POSSIBLE SUNSHINE  MM
  AVERAGE SKY COVER 0.6


WEATHER CONDITIONS
 THE FOLLOWING WEATHER WAS RECORDED YESTERDAY.
  NO SIGNIFICANT WEATHER WAS OBSERVED.


RELATIVE HUMIDITY (PERCENT)
 HIGHEST    90          1200 AM
 LOWEST     42          1100 AM
 AVERAGE    66

..........................................................


THE PROVIDENCE RI CLIMATE NORMALS FOR TODAY
                         NORMAL    RECORD    YEAR
 MAXIMUM TEMPERATURE (F)   73        93      1937
 MINIMUM TEMPERATURE (F)   54        39      1945


SUNRISE AND SUNSET
JUNE  1 2016..........SUNRISE   513 AM EDT   SUNSET   814 PM EDT
JUNE  2 2016..........SUNRISE   513 AM EDT   SUNSET   815 PM EDT


-  INDICATES NEGATIVE NUMBERS.
R  INDICATES RECORD WAS SET OR TIED.
MM INDICATES DATA IS MISSING.
T  INDICATES TRACE AMOUNT.




$$
