000
CDUS41 KBOX 230540
CLIPVD


CLIMATE REPORT
NATIONAL WEATHER SERVICE TAUNTON MA
1236 AM EST MON JAN 23 2017


...................................

...THE PROVIDENCE RI CLIMATE SUMMARY FOR JANUARY 22 2017...

CLIMATE NORMAL PERIOD 1981 TO 2010
CLIMATE RECORD PERIOD 1904 TO 2017


WEATHER ITEM   OBSERVED TIME   RECORD YEAR NORMAL DEPARTURE LAST
                VALUE   (LST)  VALUE       VALUE  FROM      YEAR
                                                  NORMAL
..................................................................
TEMPERATURE (F)
 YESTERDAY
  MAXIMUM         52    143 PM  61    1916  37     15       32
  MINIMUM         34    217 AM -10    1976  21     13       18
  AVERAGE         43                        29     14       25

PRECIPITATION (IN)
  YESTERDAY        T             1.26 1958   0.13  -0.13     0.00
  MONTH TO DATE    2.71                      2.76  -0.05     2.60
  SINCE DEC 1      5.85                      6.98  -1.13     7.40
  SINCE JAN 1      2.71                      2.76  -0.05     2.60

SNOWFALL (IN)
  YESTERDAY        0.0           7.0  2005   0.3   -0.3      0.0
  MONTH TO DATE   14.1                       6.4    7.7      2.0
  SINCE DEC 1     18.5                      15.1    3.4      2.6
  SINCE JUL 1     18.5                      16.6    1.9      2.6
  SNOW DEPTH       0

DEGREE DAYS
 HEATING
  YESTERDAY       22                        36    -14       40
  MONTH TO DATE  673                       788   -115      740
  SINCE DEC 1   1601                      1740   -139     1323
  SINCE JUL 1   2488                      2815   -327     2204

 COOLING
  YESTERDAY        0                         0      0        0
  MONTH TO DATE    0                         0      0        0
  SINCE DEC 1      0                         0      0        0
  SINCE JAN 1      0                         0      0        0
..................................................................


WIND (MPH)
  RESULTANT WIND SPEED   6   RESULTANT WIND DIRECTION  NE (40)
  HIGHEST WIND SPEED    21   HIGHEST WIND DIRECTION    NE (50)
  HIGHEST GUST SPEED    25   HIGHEST GUST DIRECTION    NE (50)
  AVERAGE WIND SPEED     7.5


SKY COVER
  POSSIBLE SUNSHINE  MM
  AVERAGE SKY COVER 0.8


WEATHER CONDITIONS
 THE FOLLOWING WEATHER WAS RECORDED YESTERDAY.
  LIGHT RAIN
  FOG
  FOG W/VISIBILITY <= 1/4 MILE
  HAZE


RELATIVE HUMIDITY (PERCENT)
 HIGHEST   100           100 AM
 LOWEST     63           100 PM
 AVERAGE    82

..........................................................


THE PROVIDENCE RI CLIMATE NORMALS FOR TODAY
                         NORMAL    RECORD    YEAR
 MAXIMUM TEMPERATURE (F)   37        64      1906
 MINIMUM TEMPERATURE (F)   21       -13      1976


SUNRISE AND SUNSET
JANUARY 23 2017.......SUNRISE   706 AM EST   SUNSET   450 PM EST
JANUARY 24 2017.......SUNRISE   705 AM EST   SUNSET   451 PM EST


-  INDICATES NEGATIVE NUMBERS.
R  INDICATES RECORD WAS SET OR TIED.
MM INDICATES DATA IS MISSING.
T  INDICATES TRACE AMOUNT.




$$
