000
CDUS41 KBOX 160540
CLIPVD


CLIMATE REPORT
NATIONAL WEATHER SERVICE TAUNTON MA
136 AM EDT TUE SEP 16 2014


...................................

...THE PROVIDENCE RI CLIMATE SUMMARY FOR SEPTEMBER 15 2014...

CLIMATE NORMAL PERIOD 1981 TO 2010
CLIMATE RECORD PERIOD 1904 TO 2014


WEATHER ITEM   OBSERVED TIME   RECORD YEAR NORMAL DEPARTURE LAST
                VALUE   (LST)  VALUE       VALUE  FROM      YEAR
                                                  NORMAL
..................................................................
TEMPERATURE (F)
 YESTERDAY
  MAXIMUM         70    131 PM  90    1915  75     -5       71
  MINIMUM         48    619 AM  38    1975  56     -8       49
  AVERAGE         59                        65     -6       60

PRECIPITATION (IN)
  YESTERDAY        0.00          2.66 2005   0.13  -0.13     0.00
  MONTH TO DATE    0.54                      1.90  -1.36     4.24
  SINCE SEP 1      0.54                      1.90  -1.36     4.24
  SINCE JAN 1     31.99                     32.50  -0.51    35.05

SNOWFALL (IN)
  YESTERDAY        0.0           0.0  2002   0.0    0.0      0.0
                                      2001
                                      2000
  MONTH TO DATE    0.0                       0.0    0.0      0.0
  SINCE SEP 1      0.0                       0.0    0.0      0.0
  SINCE JUL 1      0.0                       0.0    0.0      0.0
  SNOW DEPTH       0

DEGREE DAYS
 HEATING
  YESTERDAY        6                         2      4        5
  MONTH TO DATE   12                        21     -9       22
  SINCE SEP 1     12                        21     -9       22
  SINCE JUL 1     12                        30    -18       22

 COOLING
  YESTERDAY        0                         3     -3        0
  MONTH TO DATE  100                        58     42       63
  SINCE SEP 1    100                        58     42       63
  SINCE JAN 1    682                       714    -32      885
..................................................................


WIND (MPH)
  RESULTANT WIND SPEED   2   RESULTANT WIND DIRECTION  NW (310)
  HIGHEST WIND SPEED    14   HIGHEST WIND DIRECTION     S (160)
  HIGHEST GUST SPEED    16   HIGHEST GUST DIRECTION    SW (240)
  AVERAGE WIND SPEED     6.4


SKY COVER
  POSSIBLE SUNSHINE  MM
  AVERAGE SKY COVER 0.4


WEATHER CONDITIONS
 THE FOLLOWING WEATHER WAS RECORDED YESTERDAY.
  NO SIGNIFICANT WEATHER WAS OBSERVED.


RELATIVE HUMIDITY (PERCENT)
 HIGHEST    86           200 AM
 LOWEST     39           100 PM
 AVERAGE    63

..........................................................


THE PROVIDENCE RI CLIMATE NORMALS FOR TODAY
                         NORMAL    RECORD    YEAR
 MAXIMUM TEMPERATURE (F)   74        92      1941
                                             1915
 MINIMUM TEMPERATURE (F)   55        41      1964


SUNRISE AND SUNSET
SEPTEMBER 16 2014.....SUNRISE   627 AM EDT   SUNSET   653 PM EDT
SEPTEMBER 17 2014.....SUNRISE   628 AM EDT   SUNSET   652 PM EDT


-  INDICATES NEGATIVE NUMBERS.
R  INDICATES RECORD WAS SET OR TIED.
MM INDICATES DATA IS MISSING.
T  INDICATES TRACE AMOUNT.




$$
