000
CDUS41 KBOX 220559
CLIPVD


CLIMATE REPORT
NATIONAL WEATHER SERVICE TAUNTON MA
1254 AM EST WED FEB 22 2017


...................................

...THE PROVIDENCE RI CLIMATE SUMMARY FOR FEBRUARY 21 2017...

CLIMATE NORMAL PERIOD 1981 TO 2010
CLIMATE RECORD PERIOD 1904 TO 2017


WEATHER ITEM   OBSERVED TIME   RECORD YEAR NORMAL DEPARTURE LAST
                VALUE   (LST)  VALUE       VALUE  FROM      YEAR
                                                  NORMAL
..................................................................
TEMPERATURE (F)
 YESTERDAY
  MAXIMUM         44    303 PM  63    1930  42      2       54
  MINIMUM         27    645 AM  -5    2015  25      2       36
  AVERAGE         36                        33      3       45

PRECIPITATION (IN)
  YESTERDAY        0.00          1.38 1989   0.12  -0.12     0.00
  MONTH TO DATE    2.07                      2.38  -0.31     3.64
  SINCE DEC 1     10.17                     10.46  -0.29    11.47
  SINCE JAN 1      7.03                      6.24   0.79     6.67

SNOWFALL (IN)
  YESTERDAY        0.0           8.1  1947   0.3   -0.3      0.0
  MONTH TO DATE   16.8                       6.6   10.2     11.5
  SINCE DEC 1     38.2                      24.3   13.9     19.4
  SINCE JUL 1     38.2                      25.8   12.4     19.4
  SNOW DEPTH       0

DEGREE DAYS
 HEATING
  YESTERDAY       29                        32     -3       20
  MONTH TO DATE  688                       707    -19      708
  SINCE DEC 1   2545                      2769   -224     2301
  SINCE JUL 1   3432                      3844   -412     3182

 COOLING
  YESTERDAY        0                         0      0        0
  MONTH TO DATE    0                         0      0        0
  SINCE DEC 1      0                         0      0        0
  SINCE JAN 1      0                         0      0        0
..................................................................


WIND (MPH)
  RESULTANT WIND SPEED   1   RESULTANT WIND DIRECTION   S (190)
  HIGHEST WIND SPEED    14   HIGHEST WIND DIRECTION     S (160)
  HIGHEST GUST SPEED    16   HIGHEST GUST DIRECTION     S (160)
  AVERAGE WIND SPEED     6.6


SKY COVER
  POSSIBLE SUNSHINE  MM
  AVERAGE SKY COVER 0.5


WEATHER CONDITIONS
 THE FOLLOWING WEATHER WAS RECORDED YESTERDAY.
  NO SIGNIFICANT WEATHER WAS OBSERVED.


RELATIVE HUMIDITY (PERCENT)
 HIGHEST    75          1000 PM
 LOWEST     36          1200 PM
 AVERAGE    56

..........................................................


THE PROVIDENCE RI CLIMATE NORMALS FOR TODAY
                         NORMAL    RECORD    YEAR
 MAXIMUM TEMPERATURE (F)   42        65      1991
 MINIMUM TEMPERATURE (F)   25         1      1918


SUNRISE AND SUNSET
FEBRUARY 22 2017......SUNRISE   631 AM EST   SUNSET   528 PM EST
FEBRUARY 23 2017......SUNRISE   629 AM EST   SUNSET   529 PM EST


-  INDICATES NEGATIVE NUMBERS.
R  INDICATES RECORD WAS SET OR TIED.
MM INDICATES DATA IS MISSING.
T  INDICATES TRACE AMOUNT.




$$
