000
CDUS41 KBOX 240544
CLIPVD


CLIMATE REPORT
NATIONAL WEATHER SERVICE TAUNTON MA
142 AM EDT FRI MAR 24 2017


...................................

...THE PROVIDENCE RI CLIMATE SUMMARY FOR MARCH 23 2017...

CLIMATE NORMAL PERIOD 1981 TO 2010
CLIMATE RECORD PERIOD 1904 TO 2017


WEATHER ITEM   OBSERVED TIME   RECORD YEAR NORMAL DEPARTURE LAST
                VALUE   (LST)  VALUE       VALUE  FROM      YEAR
                                                  NORMAL
..................................................................
TEMPERATURE (F)
 YESTERDAY
  MAXIMUM         40    417 PM  77    1938  50    -10       68
  MINIMUM         18    555 AM   8    1934  32    -14       42
  AVERAGE         29                        41    -12       55

PRECIPITATION (IN)
  YESTERDAY        0.00          3.30 2010   0.17  -0.17      T
  MONTH TO DATE    2.22                      3.63  -1.41     2.32
  SINCE MAR 1      2.22                      3.63  -1.41     2.32
  SINCE JAN 1      9.40                     10.78  -1.38    10.67

SNOWFALL (IN)
  YESTERDAY        0.0           1.4  2005   0.2   -0.2      0.0
                                      1965
  MONTH TO DATE    7.7                       4.7    3.0      2.6
  SINCE MAR 1      7.7                       4.7    3.0      2.6
  SINCE JUL 1     45.9                      32.4   13.5     22.0
  SNOW DEPTH       0

DEGREE DAYS
 HEATING
  YESTERDAY       36                        24     12       10
  MONTH TO DATE  724                       629     95      491
  SINCE MAR 1    724                       629     95      491
  SINCE JUL 1   4282                      4691   -409     3862

 COOLING
  YESTERDAY        0                         0      0        0
  MONTH TO DATE    0                         0      0        0
  SINCE MAR 1      0                         0      0        0
  SINCE JAN 1      0                         0      0        0
..................................................................


WIND (MPH)
  RESULTANT WIND SPEED  10   RESULTANT WIND DIRECTION  NW (310)
  HIGHEST WIND SPEED    22   HIGHEST WIND DIRECTION     W (270)
  HIGHEST GUST SPEED    31   HIGHEST GUST DIRECTION     N (360)
  AVERAGE WIND SPEED    10.7


SKY COVER
  POSSIBLE SUNSHINE  MM
  AVERAGE SKY COVER 0.1


WEATHER CONDITIONS
 THE FOLLOWING WEATHER WAS RECORDED YESTERDAY.
  NO SIGNIFICANT WEATHER WAS OBSERVED.


RELATIVE HUMIDITY (PERCENT)
 HIGHEST    37           600 AM
 LOWEST     17           400 PM
 AVERAGE    27

..........................................................


THE PROVIDENCE RI CLIMATE NORMALS FOR TODAY
                         NORMAL    RECORD    YEAR
 MAXIMUM TEMPERATURE (F)   50        67      1938
 MINIMUM TEMPERATURE (F)   32         9      1906


SUNRISE AND SUNSET
MARCH 24 2017.........SUNRISE   642 AM EDT   SUNSET   703 PM EDT
MARCH 25 2017.........SUNRISE   640 AM EDT   SUNSET   704 PM EDT


-  INDICATES NEGATIVE NUMBERS.
R  INDICATES RECORD WAS SET OR TIED.
MM INDICATES DATA IS MISSING.
T  INDICATES TRACE AMOUNT.




$$
