000
CDUS41 KBOX 150554
CLIPVD


CLIMATE REPORT
NATIONAL WEATHER SERVICE TAUNTON MA
1243 AM EST FRI DEC 15 2017


...................................

...THE PROVIDENCE RI CLIMATE SUMMARY FOR DECEMBER 14 2017...

CLIMATE NORMAL PERIOD 1981 TO 2010
CLIMATE RECORD PERIOD 1904 TO 2017


WEATHER ITEM   OBSERVED TIME   RECORD YEAR NORMAL DEPARTURE LAST
                VALUE   (LST)  VALUE       VALUE  FROM      YEAR
                                                  NORMAL
..................................................................
TEMPERATURE (F)
 YESTERDAY
  MAXIMUM         30    221 PM  61    2015  43    -13       44
  MINIMUM         17   1159 PM   1    1976  27    -10       26
  AVERAGE         24                        35    -11       35

PRECIPITATION (IN)
  YESTERDAY        0.10          1.72 1954   0.14  -0.04     0.00
  MONTH TO DATE    1.46                      2.08  -0.62     0.92
  SINCE DEC 1      1.46                      2.08  -0.62     0.92
  SINCE JAN 1     47.89                     45.04   2.85    37.78

SNOWFALL (IN)
  YESTERDAY        1.8           7.0  1907   0.3    1.5      0.0
  MONTH TO DATE    4.9                       3.3    1.6      1.2
  SINCE DEC 1      4.9                       3.3    1.6      1.2
  SINCE JUL 1      4.9                       4.8    0.1      1.2
  SNOW DEPTH       1

DEGREE DAYS
 HEATING
  YESTERDAY       41                        30     11       30
  MONTH TO DATE  382                       392    -10      399
  SINCE DEC 1    382                       392    -10      399
  SINCE JUL 1   1196                      1467   -271     1286

 COOLING
  YESTERDAY        0                         0      0        0
  MONTH TO DATE    0                         0      0        0
  SINCE DEC 1      0                         0      0        0
  SINCE JAN 1    880                       744    136     1049
..................................................................


WIND (MPH)
  RESULTANT WIND SPEED   9   RESULTANT WIND DIRECTION  NW (300)
  HIGHEST WIND SPEED    21   HIGHEST WIND DIRECTION    NW (300)
  HIGHEST GUST SPEED    28   HIGHEST GUST DIRECTION     W (290)
  AVERAGE WIND SPEED     9.5


SKY COVER
  POSSIBLE SUNSHINE  MM
  AVERAGE SKY COVER 0.5


WEATHER CONDITIONS
 THE FOLLOWING WEATHER WAS RECORDED YESTERDAY.
  SNOW
  LIGHT SNOW
  FOG


RELATIVE HUMIDITY (PERCENT)
 HIGHEST    92           600 AM
 LOWEST     40           500 PM
 AVERAGE    66

..........................................................


THE PROVIDENCE RI CLIMATE NORMALS FOR TODAY
                         NORMAL    RECORD    YEAR
 MAXIMUM TEMPERATURE (F)   42        64      2015
 MINIMUM TEMPERATURE (F)   26         6      1904


SUNRISE AND SUNSET
DECEMBER 15 2017......SUNRISE   706 AM EST   SUNSET   416 PM EST
DECEMBER 16 2017......SUNRISE   707 AM EST   SUNSET   416 PM EST


-  INDICATES NEGATIVE NUMBERS.
R  INDICATES RECORD WAS SET OR TIED.
MM INDICATES DATA IS MISSING.
T  INDICATES TRACE AMOUNT.




$$
