000
CDUS43 KLOT 230635
CLIPWK


CLIMATE REPORT
NATIONAL WEATHER SERVICE CHICAGO IL
133 AM CDT WED APR 23 2014


...................................

...THE CHICAGO EXECUTIVE CLIMATE SUMMARY FOR APRIL 22 2014...

CLIMATE NORMAL PERIOD 1981 TO 2010
CLIMATE RECORD PERIOD 1996 TO 2014


WEATHER ITEM   OBSERVED TIME   RECORD YEAR NORMAL DEPARTURE LAST
                VALUE   (LST)  VALUE       VALUE  FROM      YEAR
                                                  NORMAL
..................................................................
TEMPERATURE (F)
 YESTERDAY
  MAXIMUM         60    143 PM  82    2007  60      0       64
  MINIMUM         37   1024 PM  32    2000  40     -3       44
  AVERAGE         49                        50     -1       54

PRECIPITATION (IN)
  YESTERDAY        0.00          1.49 1999   0.10  -0.10    MM
  MONTH TO DATE    1.37                      1.89  -0.52     0.67
  SINCE MAR 1      1.92                      4.14  -2.22     1.49
  SINCE JAN 1      4.05                      6.72  -2.67     6.45

DEGREE DAYS
 HEATING
  YESTERDAY       16                        15      1       11
  MONTH TO DATE  385                       413    -28      468
  SINCE MAR 1   1432                      1266    166     1493
  SINCE JUL 1   6791                      6004    787     6000

 COOLING
  YESTERDAY        0                         0      0        0
  MONTH TO DATE    0                         0      0        0
  SINCE MAR 1      0                         0      0        0
  SINCE JAN 1      0                         0      0        0
..................................................................


WIND (MPH)
  RESULTANT WIND SPEED   9   RESULTANT WIND DIRECTION   N (10)
  HIGHEST WIND SPEED    23   HIGHEST WIND DIRECTION     N (340)
  HIGHEST GUST SPEED    33   HIGHEST GUST DIRECTION    NW (330)
  AVERAGE WIND SPEED    10.9



WEATHER CONDITIONS
 THE FOLLOWING WEATHER WAS RECORDED YESTERDAY.
  NO SIGNIFICANT WEATHER WAS OBSERVED.


..........................................................


THE CHICAGO EXECUTIVE CLIMATE NORMALS FOR TODAY
                         NORMAL    RECORD    YEAR
 MAXIMUM TEMPERATURE (F)   61        72      2008
                                             2001
                                             1998
 MINIMUM TEMPERATURE (F)   40        31      2003


SUNRISE AND SUNSET
APRIL 23 2014.........SUNRISE   559 AM CDT   SUNSET   742 PM CDT
APRIL 24 2014.........SUNRISE   557 AM CDT   SUNSET   743 PM CDT


-  INDICATES NEGATIVE NUMBERS.
R  INDICATES RECORD WAS SET OR TIED.
MM INDICATES DATA IS MISSING.
T  INDICATES TRACE AMOUNT.




$$
