000
CDUS43 KLOT 270633
CLIPWK


CLIMATE REPORT
NATIONAL WEATHER SERVICE CHICAGO IL
133 AM CDT TUE SEP 27 2016


...................................

...THE CHICAGO EXECUTIVE CLIMATE SUMMARY FOR SEPTEMBER 26 2016...

CLIMATE NORMAL PERIOD 1981 TO 2010
CLIMATE RECORD PERIOD 1996 TO 2016


WEATHER ITEM   OBSERVED TIME   RECORD YEAR NORMAL DEPARTURE LAST
                VALUE   (LST)  VALUE       VALUE  FROM      YEAR
                                                  NORMAL
..................................................................
TEMPERATURE (F)
 YESTERDAY
  MAXIMUM         69    328 PM  91    1998  70     -1       74
  MINIMUM         56   1159 PM  37    2000  50      6       56
  AVERAGE         63                        60      3       65

PRECIPITATION (IN)
  YESTERDAY        T             0.80 2011   0.11  -0.11     0.00
  MONTH TO DATE    0.95                      2.71  -1.76     4.11
  SINCE SEP 1      0.95                      2.71  -1.76     4.11
  SINCE JAN 1     26.32                     25.19   1.13    24.41

DEGREE DAYS
 HEATING
  YESTERDAY        2                         6     -4        0
  MONTH TO DATE    3                        72    -69       34
  SINCE SEP 1      3                        72    -69       34
  SINCE JUL 1      5                        82    -77       63

 COOLING
  YESTERDAY        0                         1     -1        0
  MONTH TO DATE  137                        75     62      145
  SINCE SEP 1    137                        75     62      145
  SINCE JAN 1   1050                       772    278      761
..................................................................


WIND (MPH)
  RESULTANT WIND SPEED  12   RESULTANT WIND DIRECTION   W (260)
  HIGHEST WIND SPEED    24   HIGHEST WIND DIRECTION     W (280)
  HIGHEST GUST SPEED    34   HIGHEST GUST DIRECTION     W (280)
  AVERAGE WIND SPEED    11.6



WEATHER CONDITIONS
 THE FOLLOWING WEATHER WAS RECORDED YESTERDAY.
  LIGHT RAIN


..........................................................


THE CHICAGO EXECUTIVE CLIMATE NORMALS FOR TODAY
                         NORMAL    RECORD    YEAR
 MAXIMUM TEMPERATURE (F)   70        84      1998
 MINIMUM TEMPERATURE (F)   49        44      2012
                                             2001


SUNRISE AND SUNSET
SEPTEMBER 27 2016.....SUNRISE   645 AM CDT   SUNSET   639 PM CDT
SEPTEMBER 28 2016.....SUNRISE   646 AM CDT   SUNSET   637 PM CDT


-  INDICATES NEGATIVE NUMBERS.
R  INDICATES RECORD WAS SET OR TIED.
MM INDICATES DATA IS MISSING.
T  INDICATES TRACE AMOUNT.




$$
