000
CDUS43 KLOT 100635
CLIPWK


CLIMATE REPORT
NATIONAL WEATHER SERVICE CHICAGO IL
134 AM CDT THU JUL 10 2014


...................................

...THE CHICAGO EXECUTIVE CLIMATE SUMMARY FOR JULY 9 2014...

CLIMATE NORMAL PERIOD 1981 TO 2010
CLIMATE RECORD PERIOD 1996 TO 2014


WEATHER ITEM   OBSERVED TIME   RECORD YEAR NORMAL DEPARTURE LAST
                VALUE   (LST)  VALUE       VALUE  FROM      YEAR
                                                  NORMAL
..................................................................
TEMPERATURE (F)
 YESTERDAY
  MAXIMUM         80    150 PM  94    2007  84     -4       87
  MINIMUM         62   1159 PM  53    1997  64     -2       71
  AVERAGE         71                        74     -3       79

PRECIPITATION (IN)
  YESTERDAY        0.00          0.78 2004   0.08  -0.08     0.12
  MONTH TO DATE    0.75                      0.64   0.11     0.34
  SINCE JUN 1      8.48                      4.35   4.13     7.32
  SINCE JAN 1     17.68                     15.84   1.84    17.28

DEGREE DAYS
 HEATING
  YESTERDAY        0                         0      0        0
  MONTH TO DATE    1                         0      1        1
  SINCE JUN 1     21                        52    -31       58
  SINCE JUL 1      1                         0      1        1

 COOLING
  YESTERDAY        6                         9     -3       14
  MONTH TO DATE   59                        75    -16       72
  SINCE JUN 1    237                       229      8      223
  SINCE JAN 1    295                       271     24      304
..................................................................


WIND (MPH)
  RESULTANT WIND SPEED   6   RESULTANT WIND DIRECTION  NW (320)
  HIGHEST WIND SPEED    17   HIGHEST WIND DIRECTION    NW (310)
  HIGHEST GUST SPEED    24   HIGHEST GUST DIRECTION    NW (330)
  AVERAGE WIND SPEED     6.9



WEATHER CONDITIONS
 THE FOLLOWING WEATHER WAS RECORDED YESTERDAY.
  NO SIGNIFICANT WEATHER WAS OBSERVED.


..........................................................


THE CHICAGO EXECUTIVE CLIMATE NORMALS FOR TODAY
                         NORMAL    RECORD    YEAR
 MAXIMUM TEMPERATURE (F)   84        95      2001
 MINIMUM TEMPERATURE (F)   64        50      1997
                                             1996


SUNRISE AND SUNSET
JULY 10 2014..........SUNRISE   525 AM CDT   SUNSET   829 PM CDT
JULY 11 2014..........SUNRISE   526 AM CDT   SUNSET   828 PM CDT


-  INDICATES NEGATIVE NUMBERS.
R  INDICATES RECORD WAS SET OR TIED.
MM INDICATES DATA IS MISSING.
T  INDICATES TRACE AMOUNT.




$$
