000
CDUS43 KLOT 020636
CLIPWK


CLIMATE REPORT
NATIONAL WEATHER SERVICE CHICAGO IL
1235 AM CST MON MAR 2 2015


...................................

...THE CHICAGO EXECUTIVE CLIMATE SUMMARY FOR MARCH 1 2015...

CLIMATE NORMAL PERIOD 1981 TO 2010
CLIMATE RECORD PERIOD 1996 TO 2015


WEATHER ITEM   OBSERVED TIME   RECORD YEAR NORMAL DEPARTURE LAST
                VALUE   (LST)  VALUE       VALUE  FROM      YEAR
                                                  NORMAL
..................................................................
TEMPERATURE (F)
 YESTERDAY
  MAXIMUM         27    401 PM  62    2004  40    -13       29
  MINIMUM          9R   340 AM  10    2014  25    -16       10
  AVERAGE         18                        33    -15       20

PRECIPITATION (IN)
  YESTERDAY        0.00          0.70 2007   0.06  -0.06    MM
  MONTH TO DATE    0.00                      0.06  -0.06    MM
  SINCE MAR 1      0.00                      0.06  -0.06    MM
  SINCE JAN 1      0.69                      2.64  -1.95     2.13

DEGREE DAYS
 HEATING
  YESTERDAY       47                        33     14       45
  MONTH TO DATE   47                        33     14       45
  SINCE MAR 1     47                        33     14       45
  SINCE JUL 1   5175                      4771    404     5404

 COOLING
  YESTERDAY        0                         0      0        0
  MONTH TO DATE    0                         0      0        0
  SINCE MAR 1      0                         0      0        0
  SINCE JAN 1      0                         0      0        0
..................................................................


WIND (MPH)
  RESULTANT WIND SPEED   5   RESULTANT WIND DIRECTION   W (260)
  HIGHEST WIND SPEED    17   HIGHEST WIND DIRECTION     W (290)
  HIGHEST GUST SPEED    25   HIGHEST GUST DIRECTION     W (270)
  AVERAGE WIND SPEED     6.4



WEATHER CONDITIONS
 THE FOLLOWING WEATHER WAS RECORDED YESTERDAY.
  FOG
  HAZE


..........................................................


THE CHICAGO EXECUTIVE CLIMATE NORMALS FOR TODAY
                         NORMAL    RECORD    YEAR
 MAXIMUM TEMPERATURE (F)   41        58      2008
 MINIMUM TEMPERATURE (F)   25         0      2014


SUNRISE AND SUNSET
MARCH  2 2015.........SUNRISE   626 AM CST   SUNSET   543 PM CST
MARCH  3 2015.........SUNRISE   624 AM CST   SUNSET   544 PM CST


-  INDICATES NEGATIVE NUMBERS.
R  INDICATES RECORD WAS SET OR TIED.
MM INDICATES DATA IS MISSING.
T  INDICATES TRACE AMOUNT.




$$
