000
CDUS43 KLOT 200643
CLIPWK


CLIMATE REPORT
NATIONAL WEATHER SERVICE CHICAGO IL
142 AM CDT MON OCT 20 2014


...................................

...THE CHICAGO EXECUTIVE CLIMATE SUMMARY FOR OCTOBER 19 2014...

CLIMATE NORMAL PERIOD 1981 TO 2010
CLIMATE RECORD PERIOD 1996 TO 2014


WEATHER ITEM   OBSERVED TIME   RECORD YEAR NORMAL DEPARTURE LAST
                VALUE   (LST)  VALUE       VALUE  FROM      YEAR
                                                  NORMAL
..................................................................
TEMPERATURE (F)
 YESTERDAY
  MAXIMUM         56    213 PM  76    2000  61     -5       55
  MINIMUM         33    642 AM  30    1996  42     -9       44
  AVERAGE         45                        51     -6       50

PRECIPITATION (IN)
  YESTERDAY        0.00          0.27 2011   0.10  -0.10     0.02
  MONTH TO DATE    3.41                      1.86   1.55     1.98
  SINCE SEP 1      5.32                      5.07   0.25     4.01
  SINCE JAN 1     30.84                     27.55   3.29    24.88

DEGREE DAYS
 HEATING
  YESTERDAY       20                        14      6       15
  MONTH TO DATE  215                       214      1      137
  SINCE SEP 1    330                       316     14      217
  SINCE JUL 1    334                       326      8      227

 COOLING
  YESTERDAY        0                         0      0        0
  MONTH TO DATE    4                        11     -7       22
  SINCE SEP 1     92                        92      0      158
  SINCE JAN 1    780                       789     -9      918
..................................................................


WIND (MPH)
  RESULTANT WIND SPEED   7   RESULTANT WIND DIRECTION  SW (210)
  HIGHEST WIND SPEED    17   HIGHEST WIND DIRECTION     S (200)
  HIGHEST GUST SPEED    23   HIGHEST GUST DIRECTION    SW (210)
  AVERAGE WIND SPEED     7.4



WEATHER CONDITIONS
 THE FOLLOWING WEATHER WAS RECORDED YESTERDAY.
  NO SIGNIFICANT WEATHER WAS OBSERVED.


..........................................................


THE CHICAGO EXECUTIVE CLIMATE NORMALS FOR TODAY
                         NORMAL    RECORD    YEAR
 MAXIMUM TEMPERATURE (F)   60        84      2003
 MINIMUM TEMPERATURE (F)   41        32      2002
                                             1996


SUNRISE AND SUNSET
OCTOBER 20 2014.......SUNRISE   710 AM CDT   SUNSET   602 PM CDT
OCTOBER 21 2014.......SUNRISE   711 AM CDT   SUNSET   601 PM CDT


-  INDICATES NEGATIVE NUMBERS.
R  INDICATES RECORD WAS SET OR TIED.
MM INDICATES DATA IS MISSING.
T  INDICATES TRACE AMOUNT.




$$
