033
CDUS43 KLOT 290633
CLIPWK


CLIMATE REPORT
NATIONAL WEATHER SERVICE CHICAGO IL
131 AM CDT FRI APR 29 2016


...................................

...THE CHICAGO EXECUTIVE CLIMATE SUMMARY FOR APRIL 28 2016...

CLIMATE NORMAL PERIOD 1981 TO 2010
CLIMATE RECORD PERIOD 1996 TO 2016


WEATHER ITEM   OBSERVED TIME   RECORD YEAR NORMAL DEPARTURE LAST
                VALUE   (LST)  VALUE       VALUE  FROM      YEAR
                                                  NORMAL
..................................................................
TEMPERATURE (F)
 YESTERDAY
  MAXIMUM         47    114 PM  80    2004  63    -16       54
  MINIMUM         42   1159 PM  32    2010  42      0       34
  AVERAGE         45                        52     -7       44

PRECIPITATION (IN)
  YESTERDAY        0.75R         0.52 2014   0.15   0.60     0.00
  MONTH TO DATE    2.37                      2.63  -0.26     3.16
  SINCE MAR 1      5.02                      4.88   0.14     3.47
  SINCE JAN 1      6.68                      7.46  -0.78     4.16

DEGREE DAYS
 HEATING
  YESTERDAY       20                        13      7       21
  MONTH TO DATE  506                       496     10      457
  SINCE MAR 1   1196                      1349   -153     1381
  SINCE JUL 1   5259                      6087   -828     6509

 COOLING
  YESTERDAY        0                         0      0        0
  MONTH TO DATE    2                         0      2        0
  SINCE MAR 1      2                         0      2        0
  SINCE JAN 1      2                         0      2        0
..................................................................


WIND (MPH)
  RESULTANT WIND SPEED   9   RESULTANT WIND DIRECTION  NE (40)
  HIGHEST WIND SPEED    16   HIGHEST WIND DIRECTION     E (100)
  HIGHEST GUST SPEED    23   HIGHEST GUST DIRECTION     E (110)
  AVERAGE WIND SPEED     9.2



WEATHER CONDITIONS
 THE FOLLOWING WEATHER WAS RECORDED YESTERDAY.
  THUNDERSTORM
  HEAVY RAIN
  RAIN
  LIGHT RAIN
  FOG


..........................................................


THE CHICAGO EXECUTIVE CLIMATE NORMALS FOR TODAY
                         NORMAL    RECORD    YEAR
 MAXIMUM TEMPERATURE (F)   63        82      2007
 MINIMUM TEMPERATURE (F)   42        31      2008


SUNRISE AND SUNSET
APRIL 29 2016.........SUNRISE   549 AM CDT   SUNSET   749 PM CDT
APRIL 30 2016.........SUNRISE   548 AM CDT   SUNSET   750 PM CDT


-  INDICATES NEGATIVE NUMBERS.
R  INDICATES RECORD WAS SET OR TIED.
MM INDICATES DATA IS MISSING.
T  INDICATES TRACE AMOUNT.




$$
