000
CDUS43 KLOT 190634
CLIPWK


CLIMATE REPORT
NATIONAL WEATHER SERVICE CHICAGO IL
133 AM CDT FRI SEP 19 2014


...................................

...THE CHICAGO EXECUTIVE CLIMATE SUMMARY FOR SEPTEMBER 18 2014...

CLIMATE NORMAL PERIOD 1981 TO 2010
CLIMATE RECORD PERIOD 1996 TO 2014


WEATHER ITEM   OBSERVED TIME   RECORD YEAR NORMAL DEPARTURE LAST
                VALUE   (LST)  VALUE       VALUE  FROM      YEAR
                                                  NORMAL
..................................................................
TEMPERATURE (F)
 YESTERDAY
  MAXIMUM         68    149 PM  89    2007  74     -6       81
  MINIMUM         50    409 AM  42    2012  53     -3       60
  AVERAGE         59                        63     -4       71

PRECIPITATION (IN)
  YESTERDAY        0.00          0.71 2001   0.10  -0.10     0.01
  MONTH TO DATE    1.84                      1.88  -0.04     1.15
  SINCE SEP 1      1.84                      1.88  -0.04     1.15
  SINCE JAN 1     27.36                     24.36   3.00    22.02

DEGREE DAYS
 HEATING
  YESTERDAY        6                         4      2        0
  MONTH TO DATE   81                        33     48       32
  SINCE SEP 1     81                        33     48       32
  SINCE JUL 1     85                        43     42       42

 COOLING
  YESTERDAY        0                         2     -2        6
  MONTH TO DATE   76                        64     12      116
  SINCE SEP 1     76                        64     12      116
  SINCE JAN 1    764                       761      3      876
..................................................................


WIND (MPH)
  RESULTANT WIND SPEED   4   RESULTANT WIND DIRECTION  NE (30)
  HIGHEST WIND SPEED    12   HIGHEST WIND DIRECTION    NE (30)
  HIGHEST GUST SPEED    16   HIGHEST GUST DIRECTION    NE (40)
  AVERAGE WIND SPEED     4.6



WEATHER CONDITIONS
 THE FOLLOWING WEATHER WAS RECORDED YESTERDAY.
  FOG
  FOG W/VISIBILITY <= 1/4 MILE


..........................................................


THE CHICAGO EXECUTIVE CLIMATE NORMALS FOR TODAY
                         NORMAL    RECORD    YEAR
 MAXIMUM TEMPERATURE (F)   73        87      2000
 MINIMUM TEMPERATURE (F)   53        38      2012


SUNRISE AND SUNSET
SEPTEMBER 19 2014.....SUNRISE   636 AM CDT   SUNSET   654 PM CDT
SEPTEMBER 20 2014.....SUNRISE   637 AM CDT   SUNSET   652 PM CDT


-  INDICATES NEGATIVE NUMBERS.
R  INDICATES RECORD WAS SET OR TIED.
MM INDICATES DATA IS MISSING.
T  INDICATES TRACE AMOUNT.




$$
