000
CDUS41 KGYX 012143
CLIPWM


CLIMATE REPORT
NATIONAL WEATHER SERVICE GRAY ME
443 PM EST SUN FEB 1 2015


...................................

...THE PORTLAND ME CLIMATE SUMMARY FOR FEBRUARY 1 2015...
VALID TODAY AS OF 0400 PM LOCAL TIME.

CLIMATE NORMAL PERIOD 1981 TO 2010
CLIMATE RECORD PERIOD 1941 TO 2015


WEATHER ITEM   OBSERVED TIME   RECORD YEAR NORMAL DEPARTURE LAST
                VALUE   (LST)  VALUE       VALUE  FROM      YEAR
                                                  NORMAL
..................................................................
TEMPERATURE (F)
 TODAY
  MAXIMUM         26    132 PM  63    1989  32     -6       38
  MINIMUM         -1    711 AM -19    1954  14    -15       23
  AVERAGE         13                        23    -10       31

PRECIPITATION (IN)
  TODAY            0.00          1.16 1951   0.11  -0.11     0.00
  MONTH TO DATE    0.00                      0.11  -0.11     0.00
  SINCE DEC 1     10.97                      7.51   3.46     8.49
  SINCE JAN 1      4.70                      3.49   1.21     4.05

SNOWFALL (IN)
  TODAY            0.0          11.0  1892   0.5   -0.5      0.0
  MONTH TO DATE    0.0                       0.5   -0.5      0.0
  SINCE DEC 1     44.1                      32.9   11.2     43.8
  SINCE JUL 1     54.4                      34.8   19.6     44.3
  SNOW DEPTH      16

DEGREE DAYS
 HEATING
  TODAY           52                        42     10       34
  MONTH TO DATE   52                        42     10       34
  SINCE DEC 1   2368                      2487   -119     2627
  SINCE JUL 1   3679                      3978   -299     4078

 COOLING
  TODAY            0                         0      0        0
  MONTH TO DATE    0                         0      0        0
  SINCE DEC 1      0                         0      0        0
  SINCE JAN 1      0                         0      0        0
..................................................................


WIND (MPH)
  HIGHEST WIND SPEED    14   HIGHEST WIND DIRECTION    NW (310)
  HIGHEST GUST SPEED    18   HIGHEST GUST DIRECTION     N (350)
  AVERAGE WIND SPEED     6.2


SKY COVER
  POSSIBLE SUNSHINE  MM
  AVERAGE SKY COVER 0.1


WEATHER CONDITIONS
 THE FOLLOWING WEATHER WAS RECORDED TODAY.
  NO SIGNIFICANT WEATHER WAS OBSERVED.


RELATIVE HUMIDITY (PERCENT)
 HIGHEST    72           800 AM
 LOWEST     31           400 PM
 AVERAGE    52

..........................................................


THE PORTLAND ME CLIMATE NORMALS FOR TOMORROW
                         NORMAL    RECORD    YEAR
 MAXIMUM TEMPERATURE (F)   32        48      1981
 MINIMUM TEMPERATURE (F)   14       -22      1961


SUNRISE AND SUNSET
FEBRUARY  1 2015......SUNRISE   658 AM EST   SUNSET   452 PM EST
FEBRUARY  2 2015......SUNRISE   657 AM EST   SUNSET   453 PM EST


-  INDICATES NEGATIVE NUMBERS.
R  INDICATES RECORD WAS SET OR TIED.
MM INDICATES DATA IS MISSING.
T  INDICATES TRACE AMOUNT.




$$
