107
CDUS41 KGYX 270711
CLIPWM


CLIMATE REPORT
NATIONAL WEATHER SERVICE GRAY ME
311 AM EDT THU APR 27 2017


...................................

...THE PORTLAND ME CLIMATE SUMMARY FOR APRIL 26 2017...

CLIMATE NORMAL PERIOD 1981 TO 2010
CLIMATE RECORD PERIOD 1941 TO 2017


WEATHER ITEM   OBSERVED TIME   RECORD YEAR NORMAL DEPARTURE LAST
                VALUE   (LST)  VALUE       VALUE  FROM      YEAR
                                                  NORMAL
..................................................................
TEMPERATURE (F)
 YESTERDAY
  MAXIMUM         54        MM  80    2009  57     -3       45
  MINIMUM         45        MM  27    2006  38      7       30
                                      1948
  AVERAGE         50                        48      2       38

PRECIPITATION (IN)
  YESTERDAY        1.31          1.43 2003   0.14   1.17     0.40
  MONTH TO DATE    6.04                      3.73   2.31     1.56
  SINCE MAR 1      9.54                      7.97   1.57     5.93
  SINCE JAN 1     17.74                     14.60   3.14    13.47

SNOWFALL (IN)
  YESTERDAY        0.0           2.2  2016   0.0    0.0      2.2
  MONTH TO DATE    7.9                       2.7    5.2      3.7
  SINCE MAR 1     29.1                      15.4   13.7     10.8
  SINCE JUL 1     95.3                      61.8   33.5     51.8
  SNOW DEPTH       0

DEGREE DAYS
 HEATING
  YESTERDAY       15                        17     -2       27
  MONTH TO DATE  504                       563    -59      570
  SINCE MAR 1   1618                      1539     79     1406
  SINCE JUL 1   6096                      6581   -485     5697

 COOLING
  YESTERDAY        0                         0      0        0
  MONTH TO DATE    2                         0      2        0
  SINCE MAR 1      2                         0      2        0
  SINCE JAN 1      2                         0      2        0
..................................................................


WIND (MPH)
  RESULTANT WIND SPEED   7   RESULTANT WIND DIRECTION   E (80)
  HIGHEST WIND SPEED    14   HIGHEST WIND DIRECTION    NE (60)
  HIGHEST GUST SPEED    17   HIGHEST GUST DIRECTION     E (70)
  AVERAGE WIND SPEED     7.5


SKY COVER
  AVERAGE SKY COVER 1.0


WEATHER CONDITIONS
 THE FOLLOWING WEATHER WAS RECORDED YESTERDAY.
  HEAVY RAIN
  RAIN
  LIGHT RAIN
  FOG


RELATIVE HUMIDITY (PERCENT)
 HIGHEST   100           100 AM
 LOWEST     92          1200 AM
 AVERAGE    96

..........................................................


THE PORTLAND ME CLIMATE NORMALS FOR TODAY
                         NORMAL    RECORD    YEAR
 MAXIMUM TEMPERATURE (F)   58        84      1990
 MINIMUM TEMPERATURE (F)   38        25      1958


SUNRISE AND SUNSET
APRIL 27 2017.........SUNRISE   539 AM EDT   SUNSET   739 PM EDT
APRIL 28 2017.........SUNRISE   538 AM EDT   SUNSET   740 PM EDT


-  INDICATES NEGATIVE NUMBERS.
R  INDICATES RECORD WAS SET OR TIED.
MM INDICATES DATA IS MISSING.
T  INDICATES TRACE AMOUNT.




$$
