000
CDUS46 KSGX 231418
CLIRAL


CLIMATE REPORT
NATIONAL WEATHER SERVICE SAN DIEGO, CA
717 AM PDT WED APR 23 2014


...................................

...THE RIVERSIDE MUNI AIRPORT CA CLIMATE SUMMARY FOR APRIL 22 2014...

CLIMATE NORMAL PERIOD 1981 TO 2010
CLIMATE RECORD PERIOD 1893 TO 2014


WEATHER ITEM   OBSERVED TIME   RECORD YEAR NORMAL DEPARTURE LAST
                VALUE   (LST)  VALUE       VALUE  FROM      YEAR
                                                  NORMAL
..................................................................
TEMPERATURE (F)
 YESTERDAY
  MAXIMUM         74    318 PM 100    1910  77     -3       82
  MINIMUM         56   1159 PM  31    1932  52      4       53
  AVERAGE         65                        64      1       68

PRECIPITATION (IN)
  YESTERDAY        0.00          0.49 1914   0.03  -0.03     0.00
  MONTH TO DATE    0.14                      0.57  -0.43      T
  SINCE JUL 1      2.65                     11.77  -9.12     4.02
  SINCE JAN 1      1.50                      8.56  -7.06     2.11

SNOWFALL (IN)
  YESTERDAY        0.0
  MONTH TO DATE    0.0
  SINCE JAN 1      0.0
  SINCE JUL 1      0.0
  SNOW DEPTH       0

DEGREE DAYS
 HEATING
  YESTERDAY        0                         3     -3        0
  MONTH TO DATE   45                        88    -43       42
  SINCE MAR 1    120                       293   -173      142
  SINCE JUL 1    782                      1401   -619     1158

 COOLING
  YESTERDAY        0                         2     -2        3
  MONTH TO DATE   69                        26     43       28
  SINCE MAR 1     99                        38     61       63
  SINCE JAN 1    128                        47     81       66
..................................................................


WIND (MPH)
  RESULTANT WIND SPEED   3   RESULTANT WIND DIRECTION   W (280)
  HIGHEST WIND SPEED    17   HIGHEST WIND DIRECTION     W (280)
  HIGHEST GUST SPEED    24   HIGHEST GUST DIRECTION     W (280)
  AVERAGE WIND SPEED     4.6


SKY COVER
  POSSIBLE SUNSHINE  MM
  AVERAGE SKY COVER 0.4


WEATHER CONDITIONS
 THE FOLLOWING WEATHER WAS RECORDED YESTERDAY.
  FOG
  HAZE


RELATIVE HUMIDITY (PERCENT)
 HIGHEST    93           300 AM
 LOWEST     38           200 PM
 AVERAGE    66

..........................................................


THE RIVERSIDE MUNI AIRPORT CA CLIMATE NORMALS FOR TODAY
                         NORMAL    RECORD    YEAR
 MAXIMUM TEMPERATURE (F)   77       103      1910
 MINIMUM TEMPERATURE (F)   52        35      1932


SUNRISE AND SUNSET
APRIL 23 2014.........SUNRISE   609 AM PDT   SUNSET   727 PM PDT
APRIL 24 2014.........SUNRISE   608 AM PDT   SUNSET   728 PM PDT


-  INDICATES NEGATIVE NUMBERS.
R  INDICATES RECORD WAS SET OR TIED.
MM INDICATES DATA IS MISSING.
T  INDICATES TRACE AMOUNT.




$$
