000
CDUS46 KSGX 130118
CLIRAL


CLIMATE REPORT
NATIONAL WEATHER SERVICE SAN DIEGO, CA
517 PM PST FRI FEB 12 2016


...................................

...THE RIVERSIDE MUNI AIRPORT CA CLIMATE SUMMARY FOR FEBRUARY 12 2016...
VALID TODAY AS OF 0500 PM LOCAL TIME.

CLIMATE NORMAL PERIOD 1981 TO 2010
CLIMATE RECORD PERIOD 1893 TO 2016


WEATHER ITEM   OBSERVED TIME   RECORD YEAR NORMAL DEPARTURE LAST
                VALUE   (LST)  VALUE       VALUE  FROM      YEAR
                                                  NORMAL
..................................................................
TEMPERATURE (F)
 TODAY
  MAXIMUM         88R   308 PM  88    1971  67     21       85
  MINIMUM         52    534 AM  26    1929  44      8       51
  AVERAGE         70                        55     15       68

PRECIPITATION (IN)
  TODAY            0.00          1.25 1992   0.12  -0.12     0.00
  MONTH TO DATE    0.00                      0.99  -0.99      T
  SINCE OCT 1      3.76                      6.74  -2.98     3.81
  SINCE JAN 1      2.59                      3.93  -1.34     0.58

DEGREE DAYS
 HEATING
  TODAY            0                        10    -10        0
  MONTH TO DATE   64                       120    -56       18
  SINCE DEC 1    696                       765    -69      471
  SINCE JUL 1    858                       965   -107      535

 COOLING
  TODAY            5                         0      5        3
  MONTH TO DATE   33                         0     33       10
  SINCE DEC 1     35                         8     27       22
  SINCE JAN 1     33                         6     27       17
..................................................................


WIND (MPH)
  RESULTANT WIND SPEED   3   RESULTANT WIND DIRECTION  NE (40)
  HIGHEST WIND SPEED    10   HIGHEST WIND DIRECTION     W (280)
  HIGHEST GUST SPEED    14   HIGHEST GUST DIRECTION     W (280)
  AVERAGE WIND SPEED     4.2


SKY COVER
  POSSIBLE SUNSHINE  MM
  AVERAGE SKY COVER 0.1


WEATHER CONDITIONS
 THE FOLLOWING WEATHER WAS RECORDED TODAY.
  NO SIGNIFICANT WEATHER WAS OBSERVED.


RELATIVE HUMIDITY (PERCENT)
 HIGHEST    43           100 AM
 LOWEST      8           200 PM
 AVERAGE    26

..........................................................


THE RIVERSIDE MUNI AIRPORT CA CLIMATE NORMALS FOR TOMORROW
                         NORMAL    RECORD    YEAR
 MAXIMUM TEMPERATURE (F)   67        90      1924
 MINIMUM TEMPERATURE (F)   44        25      1948


SUNRISE AND SUNSET
FEBRUARY 12 2016......SUNRISE   638 AM PST   SUNSET   531 PM PST
FEBRUARY 13 2016......SUNRISE   637 AM PST   SUNSET   532 PM PST


-  INDICATES NEGATIVE NUMBERS.
R  INDICATES RECORD WAS SET OR TIED.
MM INDICATES DATA IS MISSING.
T  INDICATES TRACE AMOUNT.




$$
