396
CDUS46 KSGX 221417
CLIRAL


CLIMATE REPORT
NATIONAL WEATHER SERVICE SAN DIEGO, CA
717 AM PDT FRI MAY 22 2015


...................................

...THE RIVERSIDE MUNI AIRPORT CA CLIMATE SUMMARY FOR MAY 21 2015...

CLIMATE NORMAL PERIOD 1981 TO 2010
CLIMATE RECORD PERIOD 1893 TO 2015


WEATHER ITEM   OBSERVED TIME   RECORD YEAR NORMAL DEPARTURE LAST
                VALUE   (LST)  VALUE       VALUE  FROM      YEAR
                                                  NORMAL
..................................................................
TEMPERATURE (F)
 YESTERDAY
  MAXIMUM         71    350 PM 105    2000  81    -10       74
  MINIMUM         58   1159 PM  36    1948  56      2       53
  AVERAGE         65                        69     -4       64

PRECIPITATION (IN)
  YESTERDAY        0.00          0.63 1920   0.00   0.00     0.00
  MONTH TO DATE    0.60                      0.29   0.31     0.00
  SINCE OCT 1      5.75                     11.89  -6.14     2.71
  SINCE JAN 1      2.52                      9.08  -6.56     1.72

SNOWFALL (IN)
  YESTERDAY        0.0
  MONTH TO DATE    0.0
  SINCE MAR 1      0.0
  SINCE JUL 1      0.0
  SNOW DEPTH       0

DEGREE DAYS
 HEATING
  YESTERDAY        0                         0      0        1
  MONTH TO DATE   43                        22     21        8
  SINCE MAR 1    150                       334   -184      141
  SINCE JUL 1    757                      1442   -685      803

 COOLING
  YESTERDAY        0                         4     -4        0
  MONTH TO DATE   38                        71    -33      146
  SINCE MAR 1    245                       125    120      269
  SINCE JAN 1    269                       134    135      298
..................................................................


WIND (MPH)
  RESULTANT WIND SPEED   3   RESULTANT WIND DIRECTION   W (260)
  HIGHEST WIND SPEED    17   HIGHEST WIND DIRECTION     W (260)
  HIGHEST GUST SPEED    22   HIGHEST GUST DIRECTION     W (250)
  AVERAGE WIND SPEED     6.3


SKY COVER
  POSSIBLE SUNSHINE  MM
  AVERAGE SKY COVER 0.9


WEATHER CONDITIONS
 THE FOLLOWING WEATHER WAS RECORDED YESTERDAY.
  NO SIGNIFICANT WEATHER WAS OBSERVED.


RELATIVE HUMIDITY (PERCENT)
 HIGHEST    75          1000 PM
 LOWEST     44           300 PM
 AVERAGE    60

..........................................................


THE RIVERSIDE MUNI AIRPORT CA CLIMATE NORMALS FOR TODAY
                         NORMAL    RECORD    YEAR
 MAXIMUM TEMPERATURE (F)   81        99      1967
 MINIMUM TEMPERATURE (F)   57        38      1927
                                             1903


SUNRISE AND SUNSET
MAY 22 2015...........SUNRISE   544 AM PDT   SUNSET   749 PM PDT
MAY 23 2015...........SUNRISE   544 AM PDT   SUNSET   750 PM PDT


-  INDICATES NEGATIVE NUMBERS.
R  INDICATES RECORD WAS SET OR TIED.
MM INDICATES DATA IS MISSING.
T  INDICATES TRACE AMOUNT.




$$
