000
CDUS46 KSGX 310020
CLIRAL


CLIMATE REPORT
NATIONAL WEATHER SERVICE SAN DIEGO, CA
520 PM PDT TUE AUG 30 2016


...................................

...THE RIVERSIDE MUNI AIRPORT CA CLIMATE SUMMARY FOR AUGUST 30 2016...
VALID TODAY AS OF 0500 PM LOCAL TIME.

CLIMATE NORMAL PERIOD 1981 TO 2010
CLIMATE RECORD PERIOD 1893 TO 2016


WEATHER ITEM   OBSERVED TIME   RECORD YEAR NORMAL DEPARTURE LAST
                VALUE   (LST)  VALUE       VALUE  FROM      YEAR
                                                  NORMAL
..................................................................
TEMPERATURE (F)
 TODAY
  MAXIMUM        101    207 PM 111    1998  94      7       96
  MINIMUM         67    505 AM  45    1947  64      3       71
  AVERAGE         84                        79      5       84

PRECIPITATION (IN)
  TODAY            0.00          1.20 1909   0.00   0.00     0.00
  MONTH TO DATE    0.00                      0.08  -0.08     0.01
  SINCE OCT 1      5.45                     12.15  -6.70     7.70
  SINCE JAN 1      4.28                      9.34  -5.06     4.47

DEGREE DAYS
 HEATING
  TODAY            0                         0      0        0
  MONTH TO DATE    0                         0      0        0
  SINCE JUN 1      0                         2     -2        0
  SINCE JUL 1      0                         0      0        0

 COOLING
  TODAY           19                        14      5       19
  MONTH TO DATE  467                       435     32      504
  SINCE JUN 1   1367                      1070    297     1280
  SINCE JAN 1   1648                      1247    401     1589
..................................................................


WIND (MPH)
  RESULTANT WIND SPEED   3   RESULTANT WIND DIRECTION   W (270)
  HIGHEST WIND SPEED    17   HIGHEST WIND DIRECTION     W (250)
  HIGHEST GUST SPEED    24   HIGHEST GUST DIRECTION    SW (240)
  AVERAGE WIND SPEED     4.5


SKY COVER
  POSSIBLE SUNSHINE  MM
  AVERAGE SKY COVER 0.0


WEATHER CONDITIONS
 THE FOLLOWING WEATHER WAS RECORDED TODAY.
  NO SIGNIFICANT WEATHER WAS OBSERVED.


RELATIVE HUMIDITY (PERCENT)
 HIGHEST    76           600 AM
 LOWEST     16           100 PM
 AVERAGE    46

..........................................................


THE RIVERSIDE MUNI AIRPORT CA CLIMATE NORMALS FOR TOMORROW
                         NORMAL    RECORD    YEAR
 MAXIMUM TEMPERATURE (F)   94       110      1998
                                             1911
 MINIMUM TEMPERATURE (F)   64        46      1933
                                             1901


SUNRISE AND SUNSET
AUGUST 30 2016........SUNRISE   622 AM PDT   SUNSET   717 PM PDT
AUGUST 31 2016........SUNRISE   623 AM PDT   SUNSET   716 PM PDT


-  INDICATES NEGATIVE NUMBERS.
R  INDICATES RECORD WAS SET OR TIED.
MM INDICATES DATA IS MISSING.
T  INDICATES TRACE AMOUNT.




$$
