000
CDUS46 KSGX 280018
CLIRAL


CLIMATE REPORT
NATIONAL WEATHER SERVICE SAN DIEGO, CA
517 PM PDT TUE JUN 27 2017


...................................

...THE RIVERSIDE MUNI AIRPORT CA CLIMATE SUMMARY FOR JUNE 27 2017...
VALID TODAY AS OF 0500 PM LOCAL TIME.

CLIMATE NORMAL PERIOD 1981 TO 2010
CLIMATE RECORD PERIOD 1893 TO 2017


WEATHER ITEM   OBSERVED TIME   RECORD YEAR NORMAL DEPARTURE LAST
                VALUE   (LST)  VALUE       VALUE  FROM      YEAR
                                                  NORMAL
..................................................................
TEMPERATURE (F)
 TODAY
  MAXIMUM        101    214 PM 109    1990  88     13      100
                                      1976
  MINIMUM         64    507 AM  46    1920  62      2       69
                                      1893
  AVERAGE         83                        75      8       85

PRECIPITATION (IN)
  TODAY            0.00          0.17 1913   0.00   0.00     0.00
  MONTH TO DATE    0.00                      0.09  -0.09      T
  SINCE OCT 1     13.21                     11.99   1.22     5.45
  SINCE JAN 1      7.95                      9.18  -1.23     4.28

DEGREE DAYS
 HEATING
  TODAY            0                         0      0        0
  MONTH TO DATE    0                         0      0        0
  SINCE JUN 1      0                         0      0        0
  SINCE JUL 1   1134                      1444   -310     1032

 COOLING
  TODAY           18                        10      8       20
  MONTH TO DATE  312                       190    122      328
  SINCE JUN 1    312                       190    122      328
  SINCE JAN 1    590                       367    223      609
..................................................................


WIND (MPH)
  RESULTANT WIND SPEED   3   RESULTANT WIND DIRECTION   W (270)
  HIGHEST WIND SPEED    20   HIGHEST WIND DIRECTION     W (270)
  HIGHEST GUST SPEED    24   HIGHEST GUST DIRECTION     W (270)
  AVERAGE WIND SPEED     5.0


SKY COVER
  POSSIBLE SUNSHINE  MM
  AVERAGE SKY COVER 0.0


WEATHER CONDITIONS
 THE FOLLOWING WEATHER WAS RECORDED TODAY.
  NO SIGNIFICANT WEATHER WAS OBSERVED.


RELATIVE HUMIDITY (PERCENT)
 HIGHEST    56           500 AM
 LOWEST      7           200 PM
 AVERAGE    32

..........................................................


THE RIVERSIDE MUNI AIRPORT CA CLIMATE NORMALS FOR TOMORROW
                         NORMAL    RECORD    YEAR
 MAXIMUM TEMPERATURE (F)   89       106      1974
 MINIMUM TEMPERATURE (F)   62        46      1950


SUNRISE AND SUNSET
JUNE 27 2017..........SUNRISE   541 AM PDT   SUNSET   805 PM PDT
JUNE 28 2017..........SUNRISE   541 AM PDT   SUNSET   805 PM PDT


-  INDICATES NEGATIVE NUMBERS.
R  INDICATES RECORD WAS SET OR TIED.
MM INDICATES DATA IS MISSING.
T  INDICATES TRACE AMOUNT.




$$
