000
CDUS46 KSGX 241507
CLIRAL


CLIMATE REPORT
NATIONAL WEATHER SERVICE SAN DIEGO, CA
756 AM PDT SAT SEP 24 2016


...................................

...THE RIVERSIDE MUNI AIRPORT CA CLIMATE SUMMARY FOR SEPTEMBER 23 2016...

CLIMATE NORMAL PERIOD 1981 TO 2010
CLIMATE RECORD PERIOD 1893 TO 2016


WEATHER ITEM   OBSERVED TIME   RECORD YEAR NORMAL DEPARTURE LAST
                VALUE   (LST)  VALUE       VALUE  FROM      YEAR
                                                  NORMAL
..................................................................
TEMPERATURE (F)
 YESTERDAY
  MAXIMUM         86    325 PM 109    1949  88     -2       95
  MINIMUM         54    601 AM  41    1941  61     -7       67
  AVERAGE         70                        75     -5       81

PRECIPITATION (IN)
  YESTERDAY        0.00          0.17 1987   0.01  -0.01     0.00
  MONTH TO DATE    T                         0.17  -0.17     1.87
  SINCE OCT 1      5.45                     12.32  -6.87     9.57
  SINCE JAN 1      4.28                      9.51  -5.23     6.34

DEGREE DAYS
 HEATING
  YESTERDAY        0                         0      0        0
  MONTH TO DATE    0                         0      0        0
  SINCE SEP 1      0                         0      0        0
  SINCE JUL 1      0                         0      0        0

 COOLING
  YESTERDAY        5                        10     -5       16
  MONTH TO DATE  222                       274    -52      359
  SINCE SEP 1    222                       274    -52      359
  SINCE JAN 1   1891                      1532    359     1962
..................................................................


WIND (MPH)
  RESULTANT WIND SPEED   2   RESULTANT WIND DIRECTION   W (260)
  HIGHEST WIND SPEED    17   HIGHEST WIND DIRECTION     W (260)
  HIGHEST GUST SPEED    22   HIGHEST GUST DIRECTION     W (250)
  AVERAGE WIND SPEED     3.9


SKY COVER
  POSSIBLE SUNSHINE  MM
  AVERAGE SKY COVER 0.1


WEATHER CONDITIONS
 THE FOLLOWING WEATHER WAS RECORDED YESTERDAY.
  NO SIGNIFICANT WEATHER WAS OBSERVED.


RELATIVE HUMIDITY (PERCENT)
 HIGHEST    89           600 AM
 LOWEST     15           300 PM
 AVERAGE    52

..........................................................


THE RIVERSIDE MUNI AIRPORT CA CLIMATE NORMALS FOR TODAY
                         NORMAL    RECORD    YEAR
 MAXIMUM TEMPERATURE (F)   88       109      1949
 MINIMUM TEMPERATURE (F)   61        42      1923


SUNRISE AND SUNSET
SEPTEMBER 24 2016.....SUNRISE   640 AM PDT   SUNSET   643 PM PDT
SEPTEMBER 25 2016.....SUNRISE   640 AM PDT   SUNSET   642 PM PDT


-  INDICATES NEGATIVE NUMBERS.
R  INDICATES RECORD WAS SET OR TIED.
MM INDICATES DATA IS MISSING.
T  INDICATES TRACE AMOUNT.




$$
