000
CDUS43 KUNR 270831
CLIRAP


CLIMATE REPORT
NATIONAL WEATHER SERVICE RAPID CITY SD
231 AM MDT TUE SEP 27 2016


...................................

...THE RAPID CITY AIRPORT SD CLIMATE SUMMARY FOR SEPTEMBER 26 2016...

CLIMATE NORMAL PERIOD 1981 TO 2010
CLIMATE RECORD PERIOD 1942 TO 2016


WEATHER ITEM   OBSERVED TIME   RECORD YEAR NORMAL DEPARTURE LAST
                VALUE   (LST)  VALUE       VALUE  FROM      YEAR
                                                  NORMAL
..................................................................
TEMPERATURE (F)
 YESTERDAY
  MAXIMUM         74   1230 PM  95    2014  70      4       89
                                      1974
  MINIMUM         38    402 AM  18    1942  42     -4       54
  AVERAGE         56                        56      0       72

PRECIPITATION (IN)
  YESTERDAY        0.00          0.36 1966   0.05  -0.05     0.00
  MONTH TO DATE    0.84                      1.12  -0.28      T
  SINCE SEP 1      0.84                      1.12  -0.28      T
  SINCE JAN 1     11.81                     13.75  -1.94    22.59

SNOWFALL (IN)
  YESTERDAY        0.0           0.0    MM   0.0    0.0      0.0
  MONTH TO DATE    0.0                       0.1   -0.1      0.0
  SINCE SEP 1      0.0                       0.1   -0.1      0.0
  SINCE JUL 1      0.0                       0.1   -0.1      0.0
  SNOW DEPTH       0

DEGREE DAYS
 HEATING
  YESTERDAY        9                        10     -1        0
  MONTH TO DATE  116                       144    -28       65
  SINCE SEP 1    116                       144    -28       65
  SINCE JUL 1    148                       181    -33      110

 COOLING
  YESTERDAY        0                         1     -1        7
  MONTH TO DATE   30                        59    -29       80
  SINCE SEP 1     30                        59    -29       80
  SINCE JAN 1    646                       631     15      570
..................................................................


WIND (MPH)
  HIGHEST WIND SPEED    28   HIGHEST WIND DIRECTION    NW (330)
  HIGHEST GUST SPEED    37   HIGHEST GUST DIRECTION     N (350)
  AVERAGE WIND SPEED    10.8


SKY COVER
  AVERAGE SKY COVER 0.0


WEATHER CONDITIONS
 THE FOLLOWING WEATHER WAS RECORDED YESTERDAY.
  NO SIGNIFICANT WEATHER WAS OBSERVED.


RELATIVE HUMIDITY (PERCENT)
 HIGHEST    82          1100 PM
 LOWEST     29          1200 PM
 AVERAGE    56

..........................................................


THE RAPID CITY AIRPORT SD CLIMATE NORMALS FOR TODAY
                         NORMAL    RECORD    YEAR
 MAXIMUM TEMPERATURE (F)   70        94      1952
 MINIMUM TEMPERATURE (F)   41        26      1951


SUNRISE AND SUNSET
SEPTEMBER 27 2016.....SUNRISE   646 AM MDT   SUNSET   639 PM MDT
SEPTEMBER 28 2016.....SUNRISE   647 AM MDT   SUNSET   638 PM MDT


-  INDICATES NEGATIVE NUMBERS.
R  INDICATES RECORD WAS SET OR TIED.
MM INDICATES DATA IS MISSING.
T  INDICATES TRACE AMOUNT.




$$
