000
CDUS43 KUNR 070839
CLIRAP


CLIMATE REPORT
NATIONAL WEATHER SERVICE RAPID CITY SD
138 AM MST SUN FEB 7 2016


...................................

...THE RAPID CITY AIRPORT SD CLIMATE SUMMARY FOR FEBRUARY 6 2016...

CLIMATE NORMAL PERIOD 1981 TO 2010
CLIMATE RECORD PERIOD 1942 TO 2016


WEATHER ITEM   OBSERVED TIME   RECORD YEAR NORMAL DEPARTURE LAST
                VALUE   (LST)  VALUE       VALUE  FROM      YEAR
                                                  NORMAL
..................................................................
TEMPERATURE (F)
 YESTERDAY
  MAXIMUM         56    224 PM  72    2015  38     18       72
  MINIMUM         22    657 AM -19    2014  14      8       32
  AVERAGE         39                        26     13       52

PRECIPITATION (IN)
  YESTERDAY        0.00          0.20 1986   0.01  -0.01     0.00
  MONTH TO DATE    0.22                      0.06   0.16      T
  SINCE DEC 1      1.06                      0.78   0.28     0.60
  SINCE JAN 1      0.43                      0.36   0.07     0.18

SNOWFALL (IN)
  YESTERDAY        0.0           2.7  1986   0.2   -0.2      0.0
  MONTH TO DATE    3.4                       1.0    2.4      0.3
  SINCE DEC 1     18.2                      10.8    7.4     13.3
  SINCE JUL 1     24.8                      18.6    6.2     28.8
  SNOW DEPTH       T

DEGREE DAYS
 HEATING
  YESTERDAY       26                        39    -13       13
  MONTH TO DATE  224                       235    -11      232
  SINCE DEC 1   2647                      2716    -69     2503
  SINCE JUL 1   4092                      4391   -299     4311

 COOLING
  YESTERDAY        0                         0      0        0
  MONTH TO DATE    0                         0      0        0
  SINCE DEC 1      0                         0      0        0
  SINCE JAN 1      0                         0      0        0
..................................................................


WIND (MPH)
  HIGHEST WIND SPEED    40   HIGHEST WIND DIRECTION    NW (320)
  HIGHEST GUST SPEED    52   HIGHEST GUST DIRECTION    NW (330)
  AVERAGE WIND SPEED    11.0


SKY COVER
  AVERAGE SKY COVER 0.1


WEATHER CONDITIONS
 THE FOLLOWING WEATHER WAS RECORDED YESTERDAY.
  NO SIGNIFICANT WEATHER WAS OBSERVED.


RELATIVE HUMIDITY (PERCENT)
 HIGHEST    68          1200 AM
 LOWEST     41           200 PM
 AVERAGE    55

..........................................................


THE RAPID CITY AIRPORT SD CLIMATE NORMALS FOR TODAY
                         NORMAL    RECORD    YEAR
 MAXIMUM TEMPERATURE (F)   38        73      1987
 MINIMUM TEMPERATURE (F)   14       -22      1971


SUNRISE AND SUNSET
FEBRUARY  7 2016......SUNRISE   703 AM MST   SUNSET   510 PM MST
FEBRUARY  8 2016......SUNRISE   702 AM MST   SUNSET   512 PM MST


-  INDICATES NEGATIVE NUMBERS.
R  INDICATES RECORD WAS SET OR TIED.
MM INDICATES DATA IS MISSING.
T  INDICATES TRACE AMOUNT.




$$
