000
CDUS43 KUNR 070831
CLIRAP


CLIMATE REPORT
NATIONAL WEATHER SERVICE RAPID CITY SD
130 AM MST WED DEC 7 2016


...................................

...THE RAPID CITY AIRPORT SD CLIMATE SUMMARY FOR DECEMBER 6 2016...

CLIMATE NORMAL PERIOD 1981 TO 2010
CLIMATE RECORD PERIOD 1942 TO 2016


WEATHER ITEM   OBSERVED TIME   RECORD YEAR NORMAL DEPARTURE LAST
                VALUE   (LST)  VALUE       VALUE  FROM      YEAR
                                                  NORMAL
..................................................................
TEMPERATURE (F)
 YESTERDAY
  MAXIMUM         20    151 PM  65    1981  38    -18       58
  MINIMUM          2   1159 PM -20    1972  14    -12       16
  AVERAGE         11                        26    -15       37

PRECIPITATION (IN)
  YESTERDAY        0.00          0.19 1982   0.02  -0.02     0.00
  MONTH TO DATE    T                         0.08  -0.08     0.14
  SINCE DEC 1      T                         0.08  -0.08     0.14
  SINCE JAN 1     12.50                     15.95  -3.45    24.76

SNOWFALL (IN)
  YESTERDAY        0.0           2.7  1982   0.2   -0.2      0.0
  MONTH TO DATE    T                         1.1   -1.1      2.5
  SINCE DEC 1      T                         1.1   -1.1      2.5
  SINCE JUL 1      2.8                       8.9   -6.1      9.1
  SNOW DEPTH       0

DEGREE DAYS
 HEATING
  YESTERDAY       54                        39     15       28
  MONTH TO DATE  231                       229      2      184
  SINCE DEC 1    231                       229      2      184
  SINCE JUL 1   1454                      1904   -450     1629

 COOLING
  YESTERDAY        0                         0      0        0
  MONTH TO DATE    0                         0      0        0
  SINCE DEC 1      0                         0      0        0
  SINCE JAN 1    646                       636     10      577
..................................................................


WIND (MPH)
  HIGHEST WIND SPEED    29   HIGHEST WIND DIRECTION     N (340)
  HIGHEST GUST SPEED    34   HIGHEST GUST DIRECTION     N (340)
  AVERAGE WIND SPEED    15.8


SKY COVER
  AVERAGE SKY COVER 0.0


WEATHER CONDITIONS
 THE FOLLOWING WEATHER WAS RECORDED YESTERDAY.
  NO SIGNIFICANT WEATHER WAS OBSERVED.


RELATIVE HUMIDITY (PERCENT)
 HIGHEST    79           800 PM
 LOWEST     45          1100 AM
 AVERAGE    62

..........................................................


THE RAPID CITY AIRPORT SD CLIMATE NORMALS FOR TODAY
                         NORMAL    RECORD    YEAR
 MAXIMUM TEMPERATURE (F)   38        69      1984
 MINIMUM TEMPERATURE (F)   14       -14      2013


SUNRISE AND SUNSET
DECEMBER  7 2016......SUNRISE   714 AM MST   SUNSET   414 PM MST
DECEMBER  8 2016......SUNRISE   715 AM MST   SUNSET   414 PM MST


-  INDICATES NEGATIVE NUMBERS.
R  INDICATES RECORD WAS SET OR TIED.
MM INDICATES DATA IS MISSING.
T  INDICATES TRACE AMOUNT.




$$
