000
CDUS43 KUNR 231836
CLIRAP


CLIMATE REPORT
NATIONAL WEATHER SERVICE RAPID CITY SD
1235 PM MDT TUE SEP 23 2014


...................................

...THE RAPID CITY AIRPORT SD CLIMATE SUMMARY FOR SEPTEMBER 23 2014...
VALID AS OF 1100 AM LOCAL TIME.

CLIMATE NORMAL PERIOD 1981 TO 2010
CLIMATE RECORD PERIOD 1942 TO 2014


WEATHER ITEM   OBSERVED TIME   RECORD YEAR NORMAL DEPARTURE LAST
                VALUE   (LST)  VALUE       VALUE  FROM      YEAR
                                                  NORMAL
..................................................................
TEMPERATURE (F)
 TODAY
  MAXIMUM         75   1059 AM  97    1992  72      3       61
  MINIMUM         56   1250 AM  24    1985  43     13       45
  AVERAGE         66                        57      9       53

PRECIPITATION (IN)
  TODAY            0.00          1.32 1977   0.04  -0.04     0.34
  MONTH TO DATE    0.53                      0.98  -0.45     1.08
  SINCE SEP 1      0.53                      0.98  -0.45     1.08
  SINCE JAN 1     17.13                     13.61   3.52    15.14

SNOWFALL (IN)
  TODAY            0.0                       0.0    0.0      0.0
  MONTH TO DATE    T                         0.1   -0.1      0.0
  SINCE SEP 1      T                         0.1   -0.1      0.0
  SINCE JUL 1      T                         0.1   -0.1      0.0
  SNOW DEPTH       0

DEGREE DAYS
 HEATING
  TODAY            0                         9     -9       12
  MONTH TO DATE  174                       116     58       50
  SINCE SEP 1    174                       116     58       50
  SINCE JUL 1    210                       153     57       55

 COOLING
  TODAY            1                         1      0        0
  MONTH TO DATE   27                        56    -29      129
  SINCE SEP 1     27                        56    -29      129
  SINCE JAN 1    390                       628   -238      720
..................................................................


WIND (MPH)
  HIGHEST WIND SPEED     9   HIGHEST WIND DIRECTION     W (280)
  HIGHEST GUST SPEED    11   HIGHEST GUST DIRECTION     W (270)
  AVERAGE WIND SPEED     3.4


SKY COVER
  AVERAGE SKY COVER 0.6


WEATHER CONDITIONS
 THE FOLLOWING WEATHER WAS RECORDED TODAY.
  HAZE


RELATIVE HUMIDITY (PERCENT)
 HIGHEST    93           200 AM
 LOWEST     50          1100 AM
 AVERAGE    72

..........................................................


THE RAPID CITY AIRPORT SD CLIMATE NORMALS FOR TOMORROW
                         NORMAL    RECORD    YEAR
 MAXIMUM TEMPERATURE (F)   71        94      1992
 MINIMUM TEMPERATURE (F)   42        18      1985


SUNRISE AND SUNSET
SEPTEMBER 23 2014.....SUNRISE   641 AM MDT   SUNSET   648 PM MDT
SEPTEMBER 24 2014.....SUNRISE   642 AM MDT   SUNSET   646 PM MDT


-  INDICATES NEGATIVE NUMBERS.
R  INDICATES RECORD WAS SET OR TIED.
MM INDICATES DATA IS MISSING.
T  INDICATES TRACE AMOUNT.




$$
