000
CDUS43 KUNR 220831
CLIRAP


CLIMATE REPORT
NATIONAL WEATHER SERVICE RAPID CITY SD
231 AM MDT WED OCT 22 2014


...................................

...THE RAPID CITY AIRPORT SD CLIMATE SUMMARY FOR OCTOBER 21 2014...

CLIMATE NORMAL PERIOD 1981 TO 2010
CLIMATE RECORD PERIOD 1942 TO 2014


WEATHER ITEM   OBSERVED TIME   RECORD YEAR NORMAL DEPARTURE LAST
                VALUE   (LST)  VALUE       VALUE  FROM      YEAR
                                                  NORMAL
..................................................................
TEMPERATURE (F)
 YESTERDAY
  MAXIMUM         82    139 PM  89    1992  59     23       58
  MINIMUM         47    632 AM  19    1987  32     15       28
  AVERAGE         65                        46     19       43

PRECIPITATION (IN)
  YESTERDAY        0.00          0.30 1942   0.04  -0.04     0.02
  MONTH TO DATE    0.54                      1.06  -0.52     5.38
  SINCE SEP 1      3.71                      2.35   1.36     6.56
  SINCE JAN 1     20.31                     14.98   5.33    20.62

SNOWFALL (IN)
  YESTERDAY        0.0                       0.0    0.0      0.0
  MONTH TO DATE    0.0                       0.6   -0.6     19.6
  SINCE SEP 1      T                         0.8   -0.8     19.6
  SINCE JUL 1      T                         0.8   -0.8     19.6
  SNOW DEPTH       0

DEGREE DAYS
 HEATING
  YESTERDAY        0                        19    -19       22
  MONTH TO DATE  261                       324    -63      444
  SINCE SEP 1    466                       511    -45      546
  SINCE JUL 1    502                       548    -46      551

 COOLING
  YESTERDAY        0                         0      0        0
  MONTH TO DATE    0                         0      0        0
  SINCE SEP 1     61                        61      0      133
  SINCE JAN 1    424                       633   -209      724
..................................................................


WIND (MPH)
  HIGHEST WIND SPEED    22   HIGHEST WIND DIRECTION     S (180)
  HIGHEST GUST SPEED    27   HIGHEST GUST DIRECTION     S (190)
  AVERAGE WIND SPEED     9.2


SKY COVER
  AVERAGE SKY COVER 0.0


WEATHER CONDITIONS
 THE FOLLOWING WEATHER WAS RECORDED YESTERDAY.
  HAZE


RELATIVE HUMIDITY (PERCENT)
 HIGHEST    71           300 AM
 LOWEST     26           100 PM
 AVERAGE    49

..........................................................


THE RAPID CITY AIRPORT SD CLIMATE NORMALS FOR TODAY
                         NORMAL    RECORD    YEAR
 MAXIMUM TEMPERATURE (F)   59        82      2003
 MINIMUM TEMPERATURE (F)   32        13      1981


SUNRISE AND SUNSET
OCTOBER 22 2014.......SUNRISE   716 AM MDT   SUNSET   557 PM MDT
OCTOBER 23 2014.......SUNRISE   717 AM MDT   SUNSET   555 PM MDT


-  INDICATES NEGATIVE NUMBERS.
R  INDICATES RECORD WAS SET OR TIED.
MM INDICATES DATA IS MISSING.
T  INDICATES TRACE AMOUNT.




$$
