000
CDUS43 KUNR 271830
CLIRAP


CLIMATE REPORT
NATIONAL WEATHER SERVICE RAPID CITY SD
1230 PM MDT TUE JUN 27 2017


...................................

...THE RAPID CITY AIRPORT SD CLIMATE SUMMARY FOR JUNE 27 2017...
VALID AS OF 1100 AM LOCAL TIME.

CLIMATE NORMAL PERIOD 1981 TO 2010
CLIMATE RECORD PERIOD 1942 TO 2017


WEATHER ITEM   OBSERVED TIME   RECORD YEAR NORMAL DEPARTURE LAST
                VALUE   (LST)  VALUE       VALUE  FROM      YEAR
                                                  NORMAL
..................................................................
TEMPERATURE (F)
 TODAY
  MAXIMUM         87   1033 AM 102    1988  82      5       85
  MINIMUM         56   1253 AM  45    1985  54      2       55
                                      1951
  AVERAGE         72                        68      4       70

PRECIPITATION (IN)
  TODAY            0.00          0.62 1952   0.06  -0.06     0.03
  MONTH TO DATE    1.36                      2.36  -1.00     1.22
  SINCE JUN 1      1.36                      2.36  -1.00     1.22
  SINCE JAN 1      5.63                      9.05  -3.42     5.86

SNOWFALL (IN)
  TODAY            0.0           0.0    MM   0.0    0.0      0.0
  MONTH TO DATE    0.0                       0.0    0.0      0.0
  SINCE JUN 1      0.0                       0.0    0.0      0.0
  SINCE JUL 1     35.7                      41.1   -5.4     36.3
  SNOW DEPTH       0

DEGREE DAYS
 HEATING
  TODAY            0                         1     -1        0
  MONTH TO DATE   31                        95    -64       10
  SINCE JUN 1     31                        95    -64       10
  SINCE JUL 1   6753                      7149   -396     6324

 COOLING
  TODAY            7                         5      2        5
  MONTH TO DATE   94                        67     27      173
  SINCE JUN 1     94                        67     27      173
  SINCE JAN 1    106                        82     24      173
..................................................................


WIND (MPH)
  HIGHEST WIND SPEED    37   HIGHEST WIND DIRECTION     S (180)
  HIGHEST GUST SPEED    44   HIGHEST GUST DIRECTION     S (170)
  AVERAGE WIND SPEED    18.8


SKY COVER
  AVERAGE SKY COVER 0.0


WEATHER CONDITIONS
 THE FOLLOWING WEATHER WAS RECORDED TODAY.
  NO SIGNIFICANT WEATHER WAS OBSERVED.


RELATIVE HUMIDITY (PERCENT)
 HIGHEST    69           500 AM
 LOWEST     40          1000 AM
 AVERAGE    55

..........................................................


THE RAPID CITY AIRPORT SD CLIMATE NORMALS FOR TOMORROW
                         NORMAL    RECORD    YEAR
 MAXIMUM TEMPERATURE (F)   83       108      2002
 MINIMUM TEMPERATURE (F)   55        40      1985


SUNRISE AND SUNSET
JUNE 27 2017..........SUNRISE   511 AM MDT   SUNSET   839 PM MDT
JUNE 28 2017..........SUNRISE   512 AM MDT   SUNSET   839 PM MDT


-  INDICATES NEGATIVE NUMBERS.
R  INDICATES RECORD WAS SET OR TIED.
MM INDICATES DATA IS MISSING.
T  INDICATES TRACE AMOUNT.




$$
