000
CDUS43 KUNR 300835
CLIRAP


CLIMATE REPORT
NATIONAL WEATHER SERVICE RAPID CITY SD
233 AM MDT TUE JUN 30 2015


...................................

...THE RAPID CITY AIRPORT SD CLIMATE SUMMARY FOR JUNE 29 2015...

CLIMATE NORMAL PERIOD 1981 TO 2010
CLIMATE RECORD PERIOD 1942 TO 2015


WEATHER ITEM   OBSERVED TIME   RECORD YEAR NORMAL DEPARTURE LAST
                VALUE   (LST)  VALUE       VALUE  FROM      YEAR
                                                  NORMAL
..................................................................
TEMPERATURE (F)
 YESTERDAY
  MAXIMUM         90    351 PM 109    2002  83      7       77
  MINIMUM         60    115 AM  42    1995  55      5       48
  AVERAGE         75                        69      6       63

PRECIPITATION (IN)
  YESTERDAY        0.05          1.00 1965   0.06  -0.01     0.00
  MONTH TO DATE    7.07                      2.48   4.59     5.25
  SINCE JUN 1      7.07                      2.48   4.59     5.25
  SINCE JAN 1     15.12                      9.17   5.95    10.64

SNOWFALL (IN)
  YESTERDAY        0.0           0.0    MM   0.0    0.0      0.0
  MONTH TO DATE    0.0                       0.0    0.0      0.0
  SINCE JUN 1      0.0                       0.0    0.0      0.0
  SINCE JUL 1     49.2                      41.1    8.1     63.8
  SNOW DEPTH       0

DEGREE DAYS
 HEATING
  YESTERDAY        0                         1     -1        2
  MONTH TO DATE   27                        97    -70      128
  SINCE JUN 1     27                        97    -70      128
  SINCE JUL 1   6815                      7151   -336     7767

 COOLING
  YESTERDAY       10                         5      5        0
  MONTH TO DATE   85                        77      8       22
  SINCE JUN 1     85                        77      8       22
  SINCE JAN 1     85                        92     -7       42
..................................................................


WIND (MPH)
  HIGHEST WIND SPEED    24   HIGHEST WIND DIRECTION    NW (300)
  HIGHEST GUST SPEED    32   HIGHEST GUST DIRECTION    NW (300)
  AVERAGE WIND SPEED     6.3


SKY COVER
  AVERAGE SKY COVER 0.0


WEATHER CONDITIONS
 THE FOLLOWING WEATHER WAS RECORDED YESTERDAY.
  THUNDERSTORM
  RAIN
  LIGHT RAIN


RELATIVE HUMIDITY (PERCENT)
 HIGHEST    90           100 AM
 LOWEST     32           200 PM
 AVERAGE    61

..........................................................


THE RAPID CITY AIRPORT SD CLIMATE NORMALS FOR TODAY
                         NORMAL    RECORD    YEAR
 MAXIMUM TEMPERATURE (F)   84        99      2007
                                             1990
 MINIMUM TEMPERATURE (F)   55        38      1995


SUNRISE AND SUNSET
JUNE 30 2015..........SUNRISE   512 AM MDT   SUNSET   839 PM MDT
JULY  1 2015..........SUNRISE   513 AM MDT   SUNSET   839 PM MDT


-  INDICATES NEGATIVE NUMBERS.
R  INDICATES RECORD WAS SET OR TIED.
MM INDICATES DATA IS MISSING.
T  INDICATES TRACE AMOUNT.




$$
