000
CDUS43 KUNR 270831
CLIRAP


CLIMATE REPORT
NATIONAL WEATHER SERVICE RAPID CITY SD
231 AM MDT SAT AUG 27 2016


...................................

...THE RAPID CITY AIRPORT SD CLIMATE SUMMARY FOR AUGUST 26 2016...

CLIMATE NORMAL PERIOD 1981 TO 2010
CLIMATE RECORD PERIOD 1942 TO 2016


WEATHER ITEM   OBSERVED TIME   RECORD YEAR NORMAL DEPARTURE LAST
                VALUE   (LST)  VALUE       VALUE  FROM      YEAR
                                                  NORMAL
..................................................................
TEMPERATURE (F)
 YESTERDAY
  MAXIMUM         69    426 PM 103    1994  84    -15       90
                                      1991
  MINIMUM         51    154 AM  43    2002  54     -3       58
                                      1967
  AVERAGE         60                        69     -9       74

PRECIPITATION (IN)
  YESTERDAY        0.96          1.60 2015   0.04   0.92     1.60
  MONTH TO DATE    2.27                      1.35   0.92     3.41
  SINCE JUN 1      6.32                      5.73   0.59    14.54
  SINCE JAN 1     10.96                     12.42  -1.46    22.59

SNOWFALL (IN)
  YESTERDAY        0.0           0.0    MM   0.0    0.0      0.0
  MONTH TO DATE    0.0                       0.0    0.0      0.0
  SINCE JUN 1      0.0                       0.0    0.0      0.0
  SINCE JUL 1      0.0                       0.0    0.0      0.0
  SNOW DEPTH       0

DEGREE DAYS
 HEATING
  YESTERDAY        5                         1      4        0
  MONTH TO DATE   29                        10     19       44
  SINCE JUN 1     42                       124    -82       72
  SINCE JUL 1     32                        25      7       45

 COOLING
  YESTERDAY        0                         6     -6        9
  MONTH TO DATE  149                       200    -51      162
  SINCE JUN 1    590                       534     56      451
  SINCE JAN 1    590                       549     41      451
..................................................................


WIND (MPH)
  HIGHEST WIND SPEED    30   HIGHEST WIND DIRECTION    NW (320)
  HIGHEST GUST SPEED    35   HIGHEST GUST DIRECTION    NW (320)
  AVERAGE WIND SPEED     7.8


SKY COVER
  AVERAGE SKY COVER 0.7


WEATHER CONDITIONS
 THE FOLLOWING WEATHER WAS RECORDED YESTERDAY.
  THUNDERSTORM
  HEAVY RAIN
  RAIN
  LIGHT RAIN
  FOG


RELATIVE HUMIDITY (PERCENT)
 HIGHEST   100           600 AM
 LOWEST     59           400 PM
 AVERAGE    80

..........................................................


THE RAPID CITY AIRPORT SD CLIMATE NORMALS FOR TODAY
                         NORMAL    RECORD    YEAR
 MAXIMUM TEMPERATURE (F)   84       103      1991
 MINIMUM TEMPERATURE (F)   54        42      1992


SUNRISE AND SUNSET
AUGUST 27 2016........SUNRISE   610 AM MDT   SUNSET   736 PM MDT
AUGUST 28 2016........SUNRISE   611 AM MDT   SUNSET   734 PM MDT


-  INDICATES NEGATIVE NUMBERS.
R  INDICATES RECORD WAS SET OR TIED.
MM INDICATES DATA IS MISSING.
T  INDICATES TRACE AMOUNT.




$$
