000
CDUS46 KMFR 030838
CLIRBG


CLIMATE REPORT
NATIONAL WEATHER SERVICE MEDFORD, OR
138 AM PDT THU SEP 3 2015


...................................

...THE ROSEBURG OR CLIMATE SUMMARY FOR SEPTEMBER 2 2015...

CLIMATE NORMAL PERIOD 1981 TO 2010
CLIMATE RECORD PERIOD 1931 TO 2015


WEATHER ITEM   OBSERVED TIME   RECORD YEAR NORMAL DEPARTURE LAST
                VALUE   (LST)  VALUE       VALUE  FROM      YEAR
                                                  NORMAL
..................................................................
TEMPERATURE (F)
 YESTERDAY
  MAXIMUM         71    232 PM 104    1988  82    -11       83
  MINIMUM         53   1159 PM  42    1975  54     -1       57
  AVERAGE         62                        68     -6       70

PRECIPITATION (IN)
  YESTERDAY        0.08          0.59 1941   0.03   0.05     0.00
  MONTH TO DATE    0.08                      0.05   0.03     0.00
  SINCE OCT 1     25.26                     35.35 -10.09    20.35
  SINCE JAN 1     10.98                     19.70  -8.72    16.65

SNOWFALL (IN)
  YESTERDAY       MM                        MM     MM       MM
  MONTH TO DATE   MM                        MM     MM       MM
  SINCE JUL 1      0.0                      MM     MM       MM
  SNOW DEPTH      MM

DEGREE DAYS
 HEATING
  YESTERDAY        3                         1      2        0
  MONTH TO DATE    3                         2      1        0
  SINCE SEP 1      3                         2      1        0
  SINCE JUL 1      3                        23    -20        7

 COOLING
  YESTERDAY        0                         4     -4        5
  MONTH TO DATE    6                         8     -2       11
  SINCE SEP 1      6                         8     -2       11
  SINCE JAN 1    895                       419    476      744
..................................................................


WIND (MPH)
  RESULTANT WIND SPEED   1   RESULTANT WIND DIRECTION   N (0)
  HIGHEST WIND SPEED    12   HIGHEST WIND DIRECTION     N (10)
  HIGHEST GUST SPEED    60   HIGHEST GUST DIRECTION    NW (330)
  AVERAGE WIND SPEED     3.3


SKY COVER
  POSSIBLE SUNSHINE  MM
  AVERAGE SKY COVER 0.8


WEATHER CONDITIONS
 THE FOLLOWING WEATHER WAS RECORDED YESTERDAY.
  LIGHT RAIN
  FOG


RELATIVE HUMIDITY (PERCENT)
 HIGHEST    87           400 AM
 LOWEST     44           200 PM
 AVERAGE    66

..........................................................


THE ROSEBURG OR CLIMATE NORMALS FOR TODAY
                         NORMAL    RECORD    YEAR
 MAXIMUM TEMPERATURE (F)   82       103      2003
 MINIMUM TEMPERATURE (F)   54        41      1958


SUNRISE AND SUNSET
SEPTEMBER  3 2015.....SUNRISE   640 AM PDT   SUNSET   745 PM PDT
SEPTEMBER  4 2015.....SUNRISE   641 AM PDT   SUNSET   743 PM PDT


-  INDICATES NEGATIVE NUMBERS.
R  INDICATES RECORD WAS SET OR TIED.
MM INDICATES DATA IS MISSING.
T  INDICATES TRACE AMOUNT.




$$
