000
CDUS46 KMFR 290853
CLIRBG


CLIMATE REPORT
NATIONAL WEATHER SERVICE MEDFORD, OR
150 AM PDT FRI AUG 29 2014


...................................

...THE ROSEBURG OR CLIMATE SUMMARY FOR AUGUST 28 2014...

CLIMATE NORMAL PERIOD 1981 TO 2010
CLIMATE RECORD PERIOD 1931 TO 2014


WEATHER ITEM   OBSERVED TIME   RECORD YEAR NORMAL DEPARTURE LAST
                VALUE   (LST)  VALUE       VALUE  FROM      YEAR
                                                  NORMAL
..................................................................
TEMPERATURE (F)
 YESTERDAY
  MAXIMUM         93    417 PM  98    1988  83     10       86
  MINIMUM         61    555 AM  42    1973  54      7       60
  AVERAGE         77                        69      8       73

PRECIPITATION (IN)
  YESTERDAY        0.00          0.21 1979   0.03  -0.03      T
  MONTH TO DATE    0.03                      0.39  -0.36     0.62
  SINCE SEP 1     24.19                     36.18 -11.99    27.17
  SINCE JAN 1     16.65                     19.57  -2.92     8.50

SNOWFALL (IN)
  YESTERDAY       MM                        MM     MM       MM
  MONTH TO DATE   MM                        MM     MM       MM
  SINCE JUL 1     MM                        MM     MM       MM
  SNOW DEPTH      MM

DEGREE DAYS
 HEATING
  YESTERDAY        0                         1     -1        0
  MONTH TO DATE    0                         3     -3        1
  SINCE JUN 1     42                        97    -55       36
  SINCE JUL 1      7                        14     -7        1

 COOLING
  YESTERDAY       12                         4      8        8
  MONTH TO DATE  298                       155    143      220
  SINCE JUN 1    677                       378    299      637
  SINCE JAN 1    722                       398    324      671
..................................................................


WIND (MPH)
  RESULTANT WIND SPEED   2   RESULTANT WIND DIRECTION   N (350)
  HIGHEST WIND SPEED    15   HIGHEST WIND DIRECTION    NW (320)
  HIGHEST GUST SPEED    20   HIGHEST GUST DIRECTION    NW (310)
  AVERAGE WIND SPEED     3.6


SKY COVER
  POSSIBLE SUNSHINE  MM
  AVERAGE SKY COVER 0.0


WEATHER CONDITIONS
 THE FOLLOWING WEATHER WAS RECORDED YESTERDAY.
  NO SIGNIFICANT WEATHER WAS OBSERVED.


RELATIVE HUMIDITY (PERCENT)
 HIGHEST    72           400 AM
 LOWEST     23           400 PM
 AVERAGE    48

..........................................................


THE ROSEBURG OR CLIMATE NORMALS FOR TODAY
                         NORMAL    RECORD    YEAR
 MAXIMUM TEMPERATURE (F)   83       101      1934
 MINIMUM TEMPERATURE (F)   54        42      1957


SUNRISE AND SUNSET
AUGUST 29 2014........SUNRISE   634 AM PDT   SUNSET   753 PM PDT
AUGUST 30 2014........SUNRISE   636 AM PDT   SUNSET   752 PM PDT


-  INDICATES NEGATIVE NUMBERS.
R  INDICATES RECORD WAS SET OR TIED.
MM INDICATES DATA IS MISSING.
T  INDICATES TRACE AMOUNT.




$$
