000
CDUS46 KMFR 300835
CLIRBG


CLIMATE REPORT
NATIONAL WEATHER SERVICE MEDFORD, OR
135 AM PDT MON MAY 30 2016


...................................

...THE ROSEBURG OR CLIMATE SUMMARY FOR MAY 29 2016...

CLIMATE NORMAL PERIOD 1981 TO 2010
CLIMATE RECORD PERIOD 1931 TO 2016


WEATHER ITEM   OBSERVED TIME   RECORD YEAR NORMAL DEPARTURE LAST
                VALUE   (LST)  VALUE       VALUE  FROM      YEAR
                                                  NORMAL
..................................................................
TEMPERATURE (F)
 YESTERDAY
  MAXIMUM         77    359 PM  93    1931  72      5       85
  MINIMUM         48    446 AM  37    1959  49     -1       56
  AVERAGE         63                        61      2       71

PRECIPITATION (IN)
  YESTERDAY        0.00          0.98 1997   0.06  -0.06     0.00
  MONTH TO DATE    0.85                      2.15  -1.30     0.18
  SINCE OCT 1     36.82                     33.16   3.66    24.66
  SINCE JAN 1     17.63                     17.51   0.12    10.38

SNOWFALL (IN)
  YESTERDAY       MM                        MM     MM       MM
  MONTH TO DATE   MM                        MM     MM       MM
  SINCE JUL 1      0.0                      MM     MM        0.0
  SNOW DEPTH      MM

DEGREE DAYS
 HEATING
  YESTERDAY        2                         5     -3        0
  MONTH TO DATE  118                       208    -90      114
  SINCE MAR 1    736                      1103   -367      777
  SINCE JUL 1   3089                      3972   -883     2834

 COOLING
  YESTERDAY        0                         1     -1        6
  MONTH TO DATE   19                        17      2       17
  SINCE MAR 1     37                        18     19       18
  SINCE JAN 1     37                        18     19       18
..................................................................


WIND (MPH)
  RESULTANT WIND SPEED   2   RESULTANT WIND DIRECTION   N (0)
  HIGHEST WIND SPEED    16   HIGHEST WIND DIRECTION     N (10)
  HIGHEST GUST SPEED    21   HIGHEST GUST DIRECTION     N (10)
  AVERAGE WIND SPEED     3.4


SKY COVER
  POSSIBLE SUNSHINE  MM
  AVERAGE SKY COVER 0.1


WEATHER CONDITIONS
 THE FOLLOWING WEATHER WAS RECORDED YESTERDAY.
  NO SIGNIFICANT WEATHER WAS OBSERVED.


RELATIVE HUMIDITY (PERCENT)
 HIGHEST    80           500 AM
 LOWEST     29           400 PM
 AVERAGE    55

..........................................................


THE ROSEBURG OR CLIMATE NORMALS FOR TODAY
                         NORMAL    RECORD    YEAR
 MAXIMUM TEMPERATURE (F)   73        94      1931
 MINIMUM TEMPERATURE (F)   49        38      1959


SUNRISE AND SUNSET
MAY 30 2016...........SUNRISE   537 AM PDT   SUNSET   846 PM PDT
MAY 31 2016...........SUNRISE   537 AM PDT   SUNSET   846 PM PDT


-  INDICATES NEGATIVE NUMBERS.
R  INDICATES RECORD WAS SET OR TIED.
MM INDICATES DATA IS MISSING.
T  INDICATES TRACE AMOUNT.




$$
