134
CDUS46 KMFR 190855
CLIRBG


CLIMATE REPORT
NATIONAL WEATHER SERVICE MEDFORD, OR
1255 AM PST SUN NOV 19 2017


...................................

...THE ROSEBURG OR CLIMATE SUMMARY FOR NOVEMBER 18 2017...

CLIMATE NORMAL PERIOD 1981 TO 2010
CLIMATE RECORD PERIOD 1931 TO 2017


WEATHER ITEM   OBSERVED TIME   RECORD YEAR NORMAL DEPARTURE LAST
                VALUE   (LST)  VALUE       VALUE  FROM      YEAR
                                                  NORMAL
..................................................................
TEMPERATURE (F)
 YESTERDAY
  MAXIMUM         52    358 PM  66    2003  52      0       52
  MINIMUM         34   1159 PM  27    1975  40     -6       38
  AVERAGE         43                        46     -3       45

PRECIPITATION (IN)
  YESTERDAY        T             2.09 1945   0.24  -0.24     0.02
  MONTH TO DATE    2.81                      3.53  -0.72     1.43
  SINCE OCT 1      5.73                      6.20  -0.47    10.32
  SINCE JAN 1     30.11                     26.81   3.30    29.65

SNOWFALL (IN)
  YESTERDAY       MM                        MM     MM       MM
  MONTH TO DATE   MM                        MM     MM       MM
  SINCE JUL 1     MM                        MM     MM       MM
  SNOW DEPTH      MM

DEGREE DAYS
 HEATING
  YESTERDAY       22                        19      3       20
  MONTH TO DATE  297                       300     -3      178
  SINCE SEP 1    678                       665     13      445
  SINCE JUL 1    678                       686     -8      448

 COOLING
  YESTERDAY        0                         0      0        0
  MONTH TO DATE    0                         0      0        0
  SINCE SEP 1    138                        69     69       71
  SINCE JAN 1    863                       480    383      732
..................................................................


WIND (MPH)
  RESULTANT WIND SPEED   1   RESULTANT WIND DIRECTION  SE (130)
  HIGHEST WIND SPEED     7   HIGHEST WIND DIRECTION    SE (150)
  HIGHEST GUST SPEED     9   HIGHEST GUST DIRECTION     S (160)
  AVERAGE WIND SPEED     1.5


SKY COVER
  POSSIBLE SUNSHINE  MM
  AVERAGE SKY COVER 0.4


WEATHER CONDITIONS
 THE FOLLOWING WEATHER WAS RECORDED YESTERDAY.
  LIGHT SNOW
  FOG
  FOG W/VISIBILITY <= 1/4 MILE


RELATIVE HUMIDITY (PERCENT)
 HIGHEST   100          1200 AM
 LOWEST     54           300 PM
 AVERAGE    77

..........................................................


THE ROSEBURG OR CLIMATE NORMALS FOR TODAY
                         NORMAL    RECORD    YEAR
 MAXIMUM TEMPERATURE (F)   52        68      2001
 MINIMUM TEMPERATURE (F)   40        29      1964
                                             1956


SUNRISE AND SUNSET
NOVEMBER 19 2017......SUNRISE   712 AM PST   SUNSET   446 PM PST
NOVEMBER 20 2017......SUNRISE   713 AM PST   SUNSET   445 PM PST


-  INDICATES NEGATIVE NUMBERS.
R  INDICATES RECORD WAS SET OR TIED.
MM INDICATES DATA IS MISSING.
T  INDICATES TRACE AMOUNT.




$$
