000
CDUS46 KMFR 310852
CLIRBG


CLIMATE REPORT
NATIONAL WEATHER SERVICE MEDFORD, OR
152 AM PDT FRI JUL 31 2015


...................................

...THE ROSEBURG OR CLIMATE SUMMARY FOR JULY 30 2015...

CLIMATE NORMAL PERIOD 1981 TO 2010
CLIMATE RECORD PERIOD 1931 TO 2015


WEATHER ITEM   OBSERVED TIME   RECORD YEAR NORMAL DEPARTURE LAST
                VALUE   (LST)  VALUE       VALUE  FROM      YEAR
                                                  NORMAL
..................................................................
TEMPERATURE (F)
 YESTERDAY
  MAXIMUM        108R   433 PM 105    2003  86     22       96
  MINIMUM         65    611 AM  43    1956  57      8       62
  AVERAGE         87                        72     15       79

PRECIPITATION (IN)
  YESTERDAY        0.00          0.26 2001   0.01  -0.01     0.00
                                      2002
                                      2001
  MONTH TO DATE    0.01                      0.41  -0.40     0.20
  SINCE OCT 1     24.95                     34.82  -9.87    20.32
  SINCE JAN 1     10.67                     19.17  -8.50    16.62

SNOWFALL (IN)
  YESTERDAY       MM                        MM     MM       MM
  MONTH TO DATE    0.0                      MM     MM       MM
  SINCE JUL 1      0.0                      MM     MM       MM
  SNOW DEPTH      MM

DEGREE DAYS
 HEATING
  YESTERDAY        0                         0      0        0
  MONTH TO DATE    0                         8     -8        7
  SINCE JUN 1     12                        91    -79       42
  SINCE JUL 1      0                         8     -8        7

 COOLING
  YESTERDAY       22                         7     15       14
  MONTH TO DATE  328                       169    159      294
  SINCE JUN 1    559                       219    340      365
  SINCE JAN 1    589                       239    350      410
..................................................................


WIND (MPH)
  RESULTANT WIND SPEED   2   RESULTANT WIND DIRECTION   N (350)
  HIGHEST WIND SPEED    15   HIGHEST WIND DIRECTION    NW (320)
  HIGHEST GUST SPEED    22   HIGHEST GUST DIRECTION    NW (320)
  AVERAGE WIND SPEED     3.0


SKY COVER
  POSSIBLE SUNSHINE  MM
  AVERAGE SKY COVER 0.1


WEATHER CONDITIONS
 THE FOLLOWING WEATHER WAS RECORDED YESTERDAY.
  HAZE


RELATIVE HUMIDITY (PERCENT)
 HIGHEST    60           600 AM
 LOWEST     12           300 PM
 AVERAGE    36

..........................................................


THE ROSEBURG OR CLIMATE NORMALS FOR TODAY
                         NORMAL    RECORD    YEAR
 MAXIMUM TEMPERATURE (F)   86       103      2003
                                             1974
 MINIMUM TEMPERATURE (F)   57        44      1956


SUNRISE AND SUNSET
JULY 31 2015..........SUNRISE   603 AM PDT   SUNSET   837 PM PDT
AUGUST  1 2015........SUNRISE   604 AM PDT   SUNSET   835 PM PDT


-  INDICATES NEGATIVE NUMBERS.
R  INDICATES RECORD WAS SET OR TIED.
MM INDICATES DATA IS MISSING.
T  INDICATES TRACE AMOUNT.




$$
