000
CDUS46 KMFR 300835
CLIRBG


CLIMATE REPORT
NATIONAL WEATHER SERVICE MEDFORD, OR
135 AM PDT SAT MAY 30 2015


...................................

...THE ROSEBURG OR CLIMATE SUMMARY FOR MAY 29 2015...

CLIMATE NORMAL PERIOD 1981 TO 2010
CLIMATE RECORD PERIOD 1931 TO 2015


WEATHER ITEM   OBSERVED TIME   RECORD YEAR NORMAL DEPARTURE LAST
                VALUE   (LST)  VALUE       VALUE  FROM      YEAR
                                                  NORMAL
..................................................................
TEMPERATURE (F)
 YESTERDAY
  MAXIMUM         85    333 PM  93    1931  72     13       74
  MINIMUM         56    451 AM  36    1976  49      7       43
  AVERAGE         71                        61     10       59

PRECIPITATION (IN)
  YESTERDAY        0.00          0.98 1997   0.06  -0.06     0.00
  MONTH TO DATE    0.18                      2.15  -1.97     1.45
  SINCE OCT 1     24.66                     33.16  -8.50    19.16
  SINCE JAN 1     10.38                     17.51  -7.13    15.46

SNOWFALL (IN)
  YESTERDAY       MM                        MM     MM       MM
  MONTH TO DATE   MM                        MM     MM       MM
  SINCE JUL 1      0.0                      MM     MM        0.0
  SNOW DEPTH      MM

DEGREE DAYS
 HEATING
  YESTERDAY        0                         5     -5        6
  MONTH TO DATE  114                       208    -94      122
  SINCE MAR 1    777                      1103   -326      809
  SINCE JUL 1   2834                      3972  -1138     3736

 COOLING
  YESTERDAY        6                         1      5        0
  MONTH TO DATE   17                        17      0       39
  SINCE MAR 1     18                        18      0       45
  SINCE JAN 1     18                        18      0       45
..................................................................


WIND (MPH)
  RESULTANT WIND SPEED   5   RESULTANT WIND DIRECTION   N (350)
  HIGHEST WIND SPEED    15   HIGHEST WIND DIRECTION     N (20)
  HIGHEST GUST SPEED    19   HIGHEST GUST DIRECTION     N (20)
  AVERAGE WIND SPEED     5.2


SKY COVER
  POSSIBLE SUNSHINE  MM
  AVERAGE SKY COVER 0.0


WEATHER CONDITIONS
 THE FOLLOWING WEATHER WAS RECORDED YESTERDAY.
  NO SIGNIFICANT WEATHER WAS OBSERVED.


RELATIVE HUMIDITY (PERCENT)
 HIGHEST    80           400 AM
 LOWEST     34           200 PM
 AVERAGE    57

..........................................................


THE ROSEBURG OR CLIMATE NORMALS FOR TODAY
                         NORMAL    RECORD    YEAR
 MAXIMUM TEMPERATURE (F)   73        94      1986
 MINIMUM TEMPERATURE (F)   49        37      1988


SUNRISE AND SUNSET
MAY 30 2015...........SUNRISE   537 AM PDT   SUNSET   845 PM PDT
MAY 31 2015...........SUNRISE   537 AM PDT   SUNSET   846 PM PDT


-  INDICATES NEGATIVE NUMBERS.
R  INDICATES RECORD WAS SET OR TIED.
MM INDICATES DATA IS MISSING.
T  INDICATES TRACE AMOUNT.




$$
