000
CDUS46 KMFR 250836
CLIRBG


CLIMATE REPORT
NATIONAL WEATHER SERVICE MEDFORD, OR
135 AM PDT SAT MAR 25 2017


...................................

...THE ROSEBURG OR CLIMATE SUMMARY FOR MARCH 24 2017...

CLIMATE NORMAL PERIOD 1981 TO 2010
CLIMATE RECORD PERIOD 1931 TO 2017


WEATHER ITEM   OBSERVED TIME   RECORD YEAR NORMAL DEPARTURE LAST
                VALUE   (LST)  VALUE       VALUE  FROM      YEAR
                                                  NORMAL
..................................................................
TEMPERATURE (F)
 YESTERDAY
  MAXIMUM         54    441 PM  78    2014  59     -5       59
  MINIMUM         45    903 AM  29    1942  40      5       47
  AVERAGE         50                        49      1       53

PRECIPITATION (IN)
  YESTERDAY        0.61          0.95 1975   0.13   0.48     0.06
  MONTH TO DATE    3.84                      2.61   1.23     4.90
  SINCE OCT 1     36.49                     27.30   9.19    33.31
  SINCE JAN 1     17.57                     11.65   5.92    14.12

SNOWFALL (IN)
  YESTERDAY       MM                        MM     MM       MM
  MONTH TO DATE   MM                        MM     MM       MM
  SINCE JUL 1     MM                        MM     MM        0.0
  SNOW DEPTH      MM

DEGREE DAYS
 HEATING
  YESTERDAY       15                        16     -1       12
  MONTH TO DATE  355                       403    -48      319
  SINCE MAR 1    355                       403    -48      319
  SINCE JUL 1   3071                      3272   -201     2672

 COOLING
  YESTERDAY        0                         0      0        0
  MONTH TO DATE    0                         0      0        0
  SINCE MAR 1      0                         0      0        0
  SINCE JAN 1      0                         0      0        0
..................................................................


WIND (MPH)
  RESULTANT WIND SPEED   2   RESULTANT WIND DIRECTION   S (170)
  HIGHEST WIND SPEED    13   HIGHEST WIND DIRECTION     S (160)
  HIGHEST GUST SPEED    21   HIGHEST GUST DIRECTION     S (160)
  AVERAGE WIND SPEED     3.2


SKY COVER
  POSSIBLE SUNSHINE  MM
  AVERAGE SKY COVER 0.9


WEATHER CONDITIONS
 THE FOLLOWING WEATHER WAS RECORDED YESTERDAY.
  RAIN
  LIGHT RAIN
  FOG


RELATIVE HUMIDITY (PERCENT)
 HIGHEST    93           100 AM
 LOWEST     71           200 AM
 AVERAGE    82

..........................................................


THE ROSEBURG OR CLIMATE NORMALS FOR TODAY
                         NORMAL    RECORD    YEAR
 MAXIMUM TEMPERATURE (F)   59        73      2015
 MINIMUM TEMPERATURE (F)   40        28      1954


SUNRISE AND SUNSET
MARCH 25 2017.........SUNRISE   707 AM PDT   SUNSET   732 PM PDT
MARCH 26 2017.........SUNRISE   705 AM PDT   SUNSET   733 PM PDT


-  INDICATES NEGATIVE NUMBERS.
R  INDICATES RECORD WAS SET OR TIED.
MM INDICATES DATA IS MISSING.
T  INDICATES TRACE AMOUNT.




$$
