000
CDUS46 KMFR 280835
CLIRBG


CLIMATE REPORT
NATIONAL WEATHER SERVICE MEDFORD, OR
135 AM PDT SUN MAY 28 2017


...................................

...THE ROSEBURG OR CLIMATE SUMMARY FOR MAY 27 2017...

CLIMATE NORMAL PERIOD 1981 TO 2010
CLIMATE RECORD PERIOD 1931 TO 2017


WEATHER ITEM   OBSERVED TIME   RECORD YEAR NORMAL DEPARTURE LAST
                VALUE   (LST)  VALUE       VALUE  FROM      YEAR
                                                  NORMAL
..................................................................
TEMPERATURE (F)
 YESTERDAY
  MAXIMUM         90R   413 PM  90    2005  72     18       69
  MINIMUM         53    520 AM  32    1954  49      4       49
  AVERAGE         72                        60     12       59

PRECIPITATION (IN)
  YESTERDAY        0.00          0.93 1947   0.06  -0.06     0.00
  MONTH TO DATE    1.14                      2.02  -0.88     0.85
  SINCE OCT 1     41.55                     33.03   8.52    36.82
  SINCE JAN 1     22.63                     17.38   5.25    17.63

SNOWFALL (IN)
  YESTERDAY        0.0                      MM     MM       MM
  MONTH TO DATE    0.0                      MM     MM       MM
  SINCE JUL 1      0.0                      MM     MM        0.0
  SNOW DEPTH       0

DEGREE DAYS
 HEATING
  YESTERDAY        0                         5     -5        6
  MONTH TO DATE  152                       198    -46      113
  SINCE MAR 1    965                      1093   -128      731
  SINCE JUL 1   3681                      3962   -281     3084

 COOLING
  YESTERDAY        7                         1      6        0
  MONTH TO DATE   45                        15     30       19
  SINCE MAR 1     45                        16     29       37
  SINCE JAN 1     45                        16     29       37
..................................................................


WIND (MPH)
  RESULTANT WIND SPEED   3   RESULTANT WIND DIRECTION   N (10)
  HIGHEST WIND SPEED    15   HIGHEST WIND DIRECTION    NW (330)
  HIGHEST GUST SPEED    21   HIGHEST GUST DIRECTION    NW (330)
  AVERAGE WIND SPEED     4.8


SKY COVER
  POSSIBLE SUNSHINE  MM
  AVERAGE SKY COVER 0.0


WEATHER CONDITIONS
 THE FOLLOWING WEATHER WAS RECORDED YESTERDAY.
  NO SIGNIFICANT WEATHER WAS OBSERVED.


RELATIVE HUMIDITY (PERCENT)
 HIGHEST    83           400 AM
 LOWEST     23           400 PM
 AVERAGE    53

..........................................................


THE ROSEBURG OR CLIMATE NORMALS FOR TODAY
                         NORMAL    RECORD    YEAR
 MAXIMUM TEMPERATURE (F)   72        90      2009
                                             2005
 MINIMUM TEMPERATURE (F)   49        37      1951


SUNRISE AND SUNSET
MAY 28 2017...........SUNRISE   538 AM PDT   SUNSET   844 PM PDT
MAY 29 2017...........SUNRISE   538 AM PDT   SUNSET   845 PM PDT


-  INDICATES NEGATIVE NUMBERS.
R  INDICATES RECORD WAS SET OR TIED.
MM INDICATES DATA IS MISSING.
T  INDICATES TRACE AMOUNT.




$$
