000
CDUS41 KPHI 292128
CLIRDG


CLIMATE REPORT
NATIONAL WEATHER SERVICE MOUNT HOLLY NJ
527 PM EDT WED JUL 29 2015


...................................

...THE READING PA CLIMATE SUMMARY FOR JULY 29 2015...
VALID TODAY AS OF 0500 PM LOCAL TIME.

CLIMATE NORMAL PERIOD 1981 TO 2010
CLIMATE RECORD PERIOD 1869 TO 2015


WEATHER ITEM   OBSERVED TIME   RECORD YEAR NORMAL DEPARTURE LAST
                VALUE   (LST)  VALUE       VALUE  FROM      YEAR
                                                  NORMAL
..................................................................
TEMPERATURE (F)
 TODAY
  MAXIMUM         92    355 PM  97    2002  85      7       75
                                      1954
                                      1913
  MINIMUM         68    355 AM  52    1997  64      4       59
                                      1972
  AVERAGE         80                        74      6       67

PRECIPITATION (IN)
  TODAY            0.00          2.51 1961   0.13  -0.13     0.00
  MONTH TO DATE    2.39                      4.25  -1.86     4.95
  SINCE JUN 1      8.61                      8.03   0.58     8.74
  SINCE JAN 1     20.52                     25.05  -4.53    27.56

SNOWFALL (IN)
  TODAY           MM            MM      MM  MM     MM       MM
  MONTH TO DATE   MM                        MM     MM       MM
  SINCE JUN 1     MM                        MM     MM       MM
  SINCE JUL 1     MM                        MM     MM       MM
  SNOW DEPTH      MM

DEGREE DAYS
 HEATING
  TODAY            0                         0      0        0
  MONTH TO DATE    0                         0      0        0
  SINCE JUN 1     21                        24     -3        1
  SINCE JUL 1      0                         0      0        0

 COOLING
  TODAY           15                         9      6        2
  MONTH TO DATE  303                       286     17      300
  SINCE JUN 1    528                       475     53      528
  SINCE JAN 1    687                       535    152      590
..................................................................


WIND (MPH)
  HIGHEST WIND SPEED    10   HIGHEST WIND DIRECTION    SW (220)
  HIGHEST GUST SPEED    14   HIGHEST GUST DIRECTION     S (180)
  AVERAGE WIND SPEED     2.4


SKY COVER
  POSSIBLE SUNSHINE  MM
  AVERAGE SKY COVER 0.1


WEATHER CONDITIONS
 THE FOLLOWING WEATHER WAS RECORDED TODAY.
  FOG
  HAZE


RELATIVE HUMIDITY (PERCENT)
 HIGHEST    90           100 AM
 LOWEST     41           300 PM
 AVERAGE    66

..........................................................


THE READING PA CLIMATE NORMALS FOR TOMORROW
                         NORMAL    RECORD    YEAR
 MAXIMUM TEMPERATURE (F)   85        97      1940
 MINIMUM TEMPERATURE (F)   64        52      1981


SUNRISE AND SUNSET
JULY 29 2015..........SUNRISE   558 AM EDT   SUNSET   822 PM EDT
JULY 30 2015..........SUNRISE   559 AM EDT   SUNSET   821 PM EDT


-  INDICATES NEGATIVE NUMBERS.
R  INDICATES RECORD WAS SET OR TIED.
MM INDICATES DATA IS MISSING.
T  INDICATES TRACE AMOUNT.




$$
