000
CDUS41 KPHI 200602
CLIRDG


CLIMATE REPORT
NATIONAL WEATHER SERVICE MOUNT HOLLY NJ
202 AM EDT THU JUL 20 2017


...................................

...THE READING PA CLIMATE SUMMARY FOR JULY 19 2017...

CLIMATE NORMAL PERIOD 1981 TO 2010
CLIMATE RECORD PERIOD 1869 TO 2017


WEATHER ITEM   OBSERVED TIME   RECORD YEAR NORMAL DEPARTURE LAST
                VALUE   (LST)  VALUE       VALUE  FROM      YEAR
                                                  NORMAL
..................................................................
TEMPERATURE (F)
 YESTERDAY
  MAXIMUM         92    423 PM 100    1980  85      7       88
                                      1930
  MINIMUM         71    357 AM  55    1924  65      6       64
  AVERAGE         82                        75      7       76

PRECIPITATION (IN)
  YESTERDAY        0.00          1.43 1951   0.16  -0.16     0.00
  MONTH TO DATE    4.43                      2.76   1.67     1.92
  SINCE JUN 1      9.70                      6.54   3.16     3.74
  SINCE JAN 1     23.12                     23.56  -0.44    17.74

DEGREE DAYS
 HEATING
  YESTERDAY        0                         0      0        0
  MONTH TO DATE    0                         0      0        0
  SINCE JUN 1     16                        24     -8        9
  SINCE JUL 1      0                         0      0        0

 COOLING
  YESTERDAY       17                        10      7       11
  MONTH TO DATE  231                       187     44      240
  SINCE JUN 1    465                       376     89      466
  SINCE JAN 1    540                       436    104      560
..................................................................


WIND (MPH)
  HIGHEST WIND SPEED    16   HIGHEST WIND DIRECTION     N (340)
  HIGHEST GUST SPEED    19   HIGHEST GUST DIRECTION     N (340)
  AVERAGE WIND SPEED     3.3


SKY COVER
  POSSIBLE SUNSHINE  MM
  AVERAGE SKY COVER 0.1


WEATHER CONDITIONS
 THE FOLLOWING WEATHER WAS RECORDED YESTERDAY.
  FOG


RELATIVE HUMIDITY (PERCENT)
 HIGHEST   100           200 AM
 LOWEST     49           100 PM
 AVERAGE    75

..........................................................


THE READING PA CLIMATE NORMALS FOR TODAY
                         NORMAL    RECORD    YEAR
 MAXIMUM TEMPERATURE (F)   85        99      1980
                                             1930
 MINIMUM TEMPERATURE (F)   65        52      1909
                                             1903


SUNRISE AND SUNSET
JULY 20 2017..........SUNRISE   551 AM EDT   SUNSET   829 PM EDT
JULY 21 2017..........SUNRISE   552 AM EDT   SUNSET   828 PM EDT


-  INDICATES NEGATIVE NUMBERS.
R  INDICATES RECORD WAS SET OR TIED.
MM INDICATES DATA IS MISSING.
T  INDICATES TRACE AMOUNT.




$$
