000
CDUS41 KPHI 252127
CLIRDG


CLIMATE REPORT
NATIONAL WEATHER SERVICE MOUNT HOLLY NJ
526 PM EDT THU MAY 25 2017


...................................

...THE READING PA CLIMATE SUMMARY FOR MAY 25 2017...
VALID TODAY AS OF 0500 PM LOCAL TIME.

CLIMATE NORMAL PERIOD 1981 TO 2010
CLIMATE RECORD PERIOD 1869 TO 2017


WEATHER ITEM   OBSERVED TIME   RECORD YEAR NORMAL DEPARTURE LAST
                VALUE   (LST)  VALUE       VALUE  FROM      YEAR
                                                  NORMAL
..................................................................
TEMPERATURE (F)
 TODAY
  MAXIMUM         64    129 PM  93    1904  75    -11       86
  MINIMUM         56    858 AM  38    1956  53      3       51
  AVERAGE         60                        64     -4       69

PRECIPITATION (IN)
  TODAY            0.49          1.20 1952   0.17   0.32     0.00
  MONTH TO DATE    3.13                      3.24  -0.11     3.12
  SINCE MAR 1      9.44                     10.49  -1.05     5.93
  SINCE JAN 1     12.83                     16.02  -3.19    12.74

DEGREE DAYS
 HEATING
  TODAY            5                         4      1        0
  MONTH TO DATE  166                       153     13      192
  SINCE MAR 1   1194                      1309   -115     1147
  SINCE JUL 1   4556                      5351   -795     4494

 COOLING
  TODAY            0                         2     -2        4
  MONTH TO DATE   39                        35      4        8
  SINCE MAR 1     66                        44     22       21
  SINCE JAN 1     66                        44     22       21
..................................................................


WIND (MPH)
  HIGHEST WIND SPEED    17   HIGHEST WIND DIRECTION     E (90)
  HIGHEST GUST SPEED    26   HIGHEST GUST DIRECTION     E (90)
  AVERAGE WIND SPEED     6.8


SKY COVER
  POSSIBLE SUNSHINE  MM
  AVERAGE SKY COVER 1.0


WEATHER CONDITIONS
 THE FOLLOWING WEATHER WAS RECORDED TODAY.
  HEAVY RAIN
  RAIN
  LIGHT RAIN
  FOG


RELATIVE HUMIDITY (PERCENT)
 HIGHEST   100           300 AM
 LOWEST     75          1200 AM
 AVERAGE    88

..........................................................


THE READING PA CLIMATE NORMALS FOR TOMORROW
                         NORMAL    RECORD    YEAR
 MAXIMUM TEMPERATURE (F)   75        94      1914
 MINIMUM TEMPERATURE (F)   53        38      1972


SUNRISE AND SUNSET
MAY 25 2017...........SUNRISE   540 AM EDT   SUNSET   823 PM EDT
MAY 26 2017...........SUNRISE   539 AM EDT   SUNSET   823 PM EDT


-  INDICATES NEGATIVE NUMBERS.
R  INDICATES RECORD WAS SET OR TIED.
MM INDICATES DATA IS MISSING.
T  INDICATES TRACE AMOUNT.




$$
