000
CDUS41 KPHI 302128
CLIRDG


CLIMATE REPORT
NATIONAL WEATHER SERVICE MOUNT HOLLY NJ
526 PM EDT TUE AUG 30 2016


...................................

...THE READING PA CLIMATE SUMMARY FOR AUGUST 30 2016...
VALID TODAY AS OF 0500 PM LOCAL TIME.

CLIMATE NORMAL PERIOD 1981 TO 2010
CLIMATE RECORD PERIOD 1869 TO 2016


WEATHER ITEM   OBSERVED TIME   RECORD YEAR NORMAL DEPARTURE LAST
                VALUE   (LST)  VALUE       VALUE  FROM      YEAR
                                                  NORMAL
..................................................................
TEMPERATURE (F)
 TODAY
  MAXIMUM         85    359 PM  99    1953  81      4       88
  MINIMUM         63    603 AM  42    1986  61      2       64
  AVERAGE         74                        71      3       76

PRECIPITATION (IN)
  TODAY            0.00          0.81 1903   0.11  -0.11     0.00
  MONTH TO DATE    4.61                      3.53   1.08     3.45
  SINCE JUN 1     10.40                     11.83  -1.43    13.47
  SINCE JAN 1     24.40                     28.85  -4.45    25.38

SNOWFALL (IN)
  TODAY           MM            MM      MM  MM     MM       MM
  MONTH TO DATE   MM                        MM     MM       MM
  SINCE JUN 1     MM                        MM     MM       MM
  SINCE JUL 1     MM                        MM     MM       MM
  SNOW DEPTH      MM

DEGREE DAYS
 HEATING
  TODAY            0                         0      0        0
  MONTH TO DATE    0                         0      0        0
  SINCE JUN 1      9                        25    -16       21
  SINCE JUL 1      0                         1     -1        0

 COOLING
  TODAY            9                         6      3       11
  MONTH TO DATE  382                       244    138      270
  SINCE JUN 1   1037                       736    301      821
  SINCE JAN 1   1131                       796    335      980
..................................................................


WIND (MPH)
  HIGHEST WIND SPEED     9   HIGHEST WIND DIRECTION    NW (310)
  HIGHEST GUST SPEED    14   HIGHEST GUST DIRECTION     E (110)
  AVERAGE WIND SPEED     4.2


SKY COVER
  POSSIBLE SUNSHINE  MM
  AVERAGE SKY COVER 0.1


WEATHER CONDITIONS
 THE FOLLOWING WEATHER WAS RECORDED TODAY.
  NO SIGNIFICANT WEATHER WAS OBSERVED.


RELATIVE HUMIDITY (PERCENT)
 HIGHEST    84           300 AM
 LOWEST     40          1200 PM
 AVERAGE    62

..........................................................


THE READING PA CLIMATE NORMALS FOR TOMORROW
                         NORMAL    RECORD    YEAR
 MAXIMUM TEMPERATURE (F)   81       100      1953
 MINIMUM TEMPERATURE (F)   60        42      1986
                                             1976


SUNRISE AND SUNSET
AUGUST 30 2016........SUNRISE   630 AM EDT   SUNSET   738 PM EDT
AUGUST 31 2016........SUNRISE   631 AM EDT   SUNSET   736 PM EDT


-  INDICATES NEGATIVE NUMBERS.
R  INDICATES RECORD WAS SET OR TIED.
MM INDICATES DATA IS MISSING.
T  INDICATES TRACE AMOUNT.




$$
