000
CDUS41 KPHI 010628
CLIRDG


CLIMATE REPORT
NATIONAL WEATHER SERVICE MOUNT HOLLY NJ
228 AM EDT WED OCT 1 2014


...................................

...THE READING PA CLIMATE SUMMARY FOR SEPTEMBER 30 2014...

CLIMATE NORMAL PERIOD 1981 TO 2010
CLIMATE RECORD PERIOD 1869 TO 2014


WEATHER ITEM   OBSERVED TIME   RECORD YEAR NORMAL DEPARTURE LAST
                VALUE   (LST)  VALUE       VALUE  FROM      YEAR
                                                  NORMAL
..................................................................
TEMPERATURE (F)
 YESTERDAY
  MAXIMUM         79    152 PM  92    1986  70      9       73
  MINIMUM         60    639 AM  34    1978  49     11       51
  AVERAGE         70                        59     11       62

PRECIPITATION (IN)
  YESTERDAY        0.00          5.15 2010   0.17  -0.17     0.00
  MONTH TO DATE    1.80                      4.34  -2.54     1.31
  SINCE SEP 1      1.80                      4.34  -2.54     1.31
  SINCE JAN 1     32.23                     33.30  -1.07    30.45

SNOWFALL (IN)
  YESTERDAY       MM            MM      MM  MM     MM       MM
  MONTH TO DATE   MM                        MM     MM       MM
  SINCE SEP 1     MM                        MM     MM       MM
  SINCE JUL 1     MM                        MM     MM       MM
  SNOW DEPTH      MM

DEGREE DAYS
 HEATING
  YESTERDAY        0                         6     -6        3
  MONTH TO DATE   54                        72    -18       90
  SINCE SEP 1     54                        74    -20       90
  SINCE JUL 1     55                        79    -24       90

 COOLING
  YESTERDAY        5                         1      4        0
  MONTH TO DATE  125                        84     41       98
  SINCE SEP 1    125                        84     41       98
  SINCE JAN 1    946                       887     59     1082
..................................................................


WIND (MPH)
  HIGHEST WIND SPEED    12   HIGHEST WIND DIRECTION    SE (140)
  HIGHEST GUST SPEED    16   HIGHEST GUST DIRECTION    SE (140)
  AVERAGE WIND SPEED     2.9


SKY COVER
  POSSIBLE SUNSHINE  MM
  AVERAGE SKY COVER 0.7


WEATHER CONDITIONS
 THE FOLLOWING WEATHER WAS RECORDED YESTERDAY.
  FOG
  HAZE


RELATIVE HUMIDITY (PERCENT)
 HIGHEST    97           500 AM
 LOWEST     45           100 PM
 AVERAGE    71

..........................................................


THE READING PA CLIMATE NORMALS FOR TODAY
                         NORMAL    RECORD    YEAR
 MAXIMUM TEMPERATURE (F)   69        88      1905
 MINIMUM TEMPERATURE (F)   49        32      1993
                                             1899


SUNRISE AND SUNSET
OCTOBER  1 2014.......SUNRISE   700 AM EDT   SUNSET   646 PM EDT
OCTOBER  2 2014.......SUNRISE   701 AM EDT   SUNSET   644 PM EDT


-  INDICATES NEGATIVE NUMBERS.
R  INDICATES RECORD WAS SET OR TIED.
MM INDICATES DATA IS MISSING.
T  INDICATES TRACE AMOUNT.




$$
