000
CDUS41 KPHI 300627
CLIRDG


CLIMATE REPORT
NATIONAL WEATHER SERVICE MOUNT HOLLY NJ
226 AM EDT SAT JUL 30 2016


...................................

...THE READING PA CLIMATE SUMMARY FOR JULY 29 2016...

CLIMATE NORMAL PERIOD 1981 TO 2010
CLIMATE RECORD PERIOD 1869 TO 2016


WEATHER ITEM   OBSERVED TIME   RECORD YEAR NORMAL DEPARTURE LAST
                VALUE   (LST)  VALUE       VALUE  FROM      YEAR
                                                  NORMAL
..................................................................
TEMPERATURE (F)
 YESTERDAY
  MAXIMUM         91    350 PM  97    2002  85      6       92
                                      1954
                                      1913
  MINIMUM         71    622 AM  52    1997  64      7       68
                                      1972
  AVERAGE         81                        74      7       80

PRECIPITATION (IN)
  YESTERDAY        0.58          2.51 1961   0.13   0.45     0.00
  MONTH TO DATE    2.83                      4.25  -1.42     2.39
  SINCE JUN 1      4.65                      8.03  -3.38     8.61
  SINCE JAN 1     18.65                     25.05  -6.40    20.52

SNOWFALL (IN)
  YESTERDAY       MM            MM      MM  MM     MM       MM
  MONTH TO DATE   MM                        MM     MM       MM
  SINCE JUN 1     MM                        MM     MM       MM
  SINCE JUL 1     MM                        MM     MM       MM
  SNOW DEPTH      MM

DEGREE DAYS
 HEATING
  YESTERDAY        0                         0      0        0
  MONTH TO DATE    0                         0      0        0
  SINCE JUN 1      9                        24    -15       21
  SINCE JUL 1      0                         0      0        0

 COOLING
  YESTERDAY       16                         9      7       15
  MONTH TO DATE  401                       286    115      303
  SINCE JUN 1    627                       475    152      528
  SINCE JAN 1    721                       535    186      687
..................................................................


WIND (MPH)
  HIGHEST WIND SPEED    14   HIGHEST WIND DIRECTION    NE (40)
  HIGHEST GUST SPEED    17   HIGHEST GUST DIRECTION    NE (50)
  AVERAGE WIND SPEED     3.9


SKY COVER
  POSSIBLE SUNSHINE  MM
  AVERAGE SKY COVER 0.7


WEATHER CONDITIONS
 THE FOLLOWING WEATHER WAS RECORDED YESTERDAY.
  HEAVY RAIN
  RAIN
  LIGHT RAIN
  FOG


RELATIVE HUMIDITY (PERCENT)
 HIGHEST    93           100 AM
 LOWEST     44           500 PM
 AVERAGE    69

..........................................................


THE READING PA CLIMATE NORMALS FOR TODAY
                         NORMAL    RECORD    YEAR
 MAXIMUM TEMPERATURE (F)   85        97      1940
 MINIMUM TEMPERATURE (F)   64        52      1981


SUNRISE AND SUNSET
JULY 30 2016..........SUNRISE   600 AM EDT   SUNSET   820 PM EDT
JULY 31 2016..........SUNRISE   601 AM EDT   SUNSET   819 PM EDT


-  INDICATES NEGATIVE NUMBERS.
R  INDICATES RECORD WAS SET OR TIED.
MM INDICATES DATA IS MISSING.
T  INDICATES TRACE AMOUNT.




$$
