000
CDUS41 KPHI 220628
CLIRDG


CLIMATE REPORT
NATIONAL WEATHER SERVICE MOUNT HOLLY NJ
227 AM EDT FRI AUG 22 2014


...................................

...THE READING PA CLIMATE SUMMARY FOR AUGUST 21 2014...

CLIMATE NORMAL PERIOD 1981 TO 2010
CLIMATE RECORD PERIOD 1869 TO 2014


WEATHER ITEM   OBSERVED TIME   RECORD YEAR NORMAL DEPARTURE LAST
                VALUE   (LST)  VALUE       VALUE  FROM      YEAR
                                                  NORMAL
..................................................................
TEMPERATURE (F)
 YESTERDAY
  MAXIMUM         84    318 PM  97    1899  83      1       88
  MINIMUM         65    509 AM  44    1977  62      3       60
  AVERAGE         75                        73      2       74

PRECIPITATION (IN)
  YESTERDAY        T             1.42 2007   0.12  -0.12     0.00
  MONTH TO DATE    1.57                      2.46  -0.89     3.55
  SINCE JUN 1     10.31                     10.76  -0.45    15.18
  SINCE JAN 1     29.13                     27.78   1.35    28.22

SNOWFALL (IN)
  YESTERDAY       MM            MM      MM  MM     MM       MM
  MONTH TO DATE   MM                        MM     MM       MM
  SINCE JUN 1     MM                        MM     MM       MM
  SINCE JUL 1     MM                        MM     MM       MM
  SNOW DEPTH      MM

DEGREE DAYS
 HEATING
  YESTERDAY        0                         0      0        0
  MONTH TO DATE    1                         0      1        0
  SINCE JUN 1      2                        25    -23        2
  SINCE JUL 1      1                         1      0        0

 COOLING
  YESTERDAY       10                         8      2        9
  MONTH TO DATE  150                       182    -32      139
  SINCE JUN 1    687                       674     13      789
  SINCE JAN 1    749                       734     15      888
..................................................................


WIND (MPH)
  HIGHEST WIND SPEED    15   HIGHEST WIND DIRECTION    SW (210)
  HIGHEST GUST SPEED    19   HIGHEST GUST DIRECTION     W (250)
  AVERAGE WIND SPEED     3.1


SKY COVER
  POSSIBLE SUNSHINE  MM
  AVERAGE SKY COVER 0.5


WEATHER CONDITIONS
 THE FOLLOWING WEATHER WAS RECORDED YESTERDAY.
  THUNDERSTORM


RELATIVE HUMIDITY (PERCENT)
 HIGHEST    87           500 AM
 LOWEST     61          1200 AM
 AVERAGE    74

..........................................................


THE READING PA CLIMATE NORMALS FOR TODAY
                         NORMAL    RECORD    YEAR
 MAXIMUM TEMPERATURE (F)   83        98      1916
 MINIMUM TEMPERATURE (F)   62        45      1982


SUNRISE AND SUNSET
AUGUST 22 2014........SUNRISE   622 AM EDT   SUNSET   751 PM EDT
AUGUST 23 2014........SUNRISE   623 AM EDT   SUNSET   750 PM EDT


-  INDICATES NEGATIVE NUMBERS.
R  INDICATES RECORD WAS SET OR TIED.
MM INDICATES DATA IS MISSING.
T  INDICATES TRACE AMOUNT.




$$
