000
CDUS46 KPDT 050934 RRA
CLIRDM

CLIMATE REPORT
NATIONAL WEATHER SERVICE PENDLETON OR
119 AM PST MON DEC 5 2016


...................................

...THE REDMOND OR CLIMATE SUMMARY FOR DECEMBER 4 2016...

CLIMATE NORMAL PERIOD 1981 TO 2010
CLIMATE RECORD PERIOD 1949 TO 2016


WEATHER ITEM   OBSERVED TIME   RECORD YEAR NORMAL DEPARTURE LAST
                VALUE   (LST)  VALUE       VALUE  FROM      YEAR
                                                  NORMAL
..................................................................
TEMPERATURE (F)
 YESTERDAY
  MAXIMUM         40    939 AM  65    1989  42     -2       MM
  MINIMUM         21   1159 PM  -9    1972  22     -1       MM
  AVERAGE         31                        32     -1       MM

PRECIPITATION (IN)
  YESTERDAY        0.23          0.73 1966   0.04   0.19     0.00
  MONTH TO DATE    0.23                      0.16   0.07     0.10
  SINCE OCT 1      2.24                      1.76   0.48     1.79
  SINCE JAN 1      7.78                      7.90  -0.12     6.35

DEGREE DAYS
 HEATING
  YESTERDAY       34                        33      1       MM
  MONTH TO DATE  128                       132     -4       50
  SINCE DEC 1    128                       132     -4       50
  SINCE JUL 1   1592                      1906   -314     1768

 COOLING
  YESTERDAY        0                         0      0       MM
  MONTH TO DATE    0                         0      0        0
  SINCE DEC 1      0                         0      0        0
  SINCE JAN 1    240                       222     18      363
..................................................................


WIND (MPH)
  RESULTANT WIND SPEED   3   RESULTANT WIND DIRECTION   N (340)
  HIGHEST WIND SPEED    21   HIGHEST WIND DIRECTION    NW (300)
  HIGHEST GUST SPEED    24   HIGHEST GUST DIRECTION    NW (310)
  AVERAGE WIND SPEED     5.8


SKY COVER
  POSSIBLE SUNSHINE  MM
  AVERAGE SKY COVER 0.7


WEATHER CONDITIONS
 THE FOLLOWING WEATHER WAS RECORDED YESTERDAY.
  RAIN
  LIGHT RAIN
  LIGHT SNOW
  FOG


RELATIVE HUMIDITY (PERCENT)
 HIGHEST    85          1000 AM
 LOWEST     63           700 PM
 AVERAGE    74

..........................................................


THE REDMOND OR CLIMATE NORMALS FOR TODAY
                         NORMAL    RECORD    YEAR
 MAXIMUM TEMPERATURE (F)   42        63      2015
 MINIMUM TEMPERATURE (F)   21       -15      1992


SUNRISE AND SUNSET
DECEMBER  5 2016......SUNRISE   725 AM PST   SUNSET   426 PM PST
DECEMBER  6 2016......SUNRISE   726 AM PST   SUNSET   426 PM PST


-  INDICATES NEGATIVE NUMBERS.
R  INDICATES RECORD WAS SET OR TIED.
MM INDICATES DATA IS MISSING.
T  INDICATES TRACE AMOUNT.




$$
