507
CDUS46 KPDT 230055
CLIRDM

CLIMATE REPORT
NATIONAL WEATHER SERVICE PENDLETON OR
541 PM PDT FRI SEP 22 2017


...................................

...THE REDMOND OR CLIMATE SUMMARY FOR SEPTEMBER 22 2017...
VALID TODAY AS OF 0500 PM LOCAL TIME.

CLIMATE NORMAL PERIOD 1981 TO 2010
CLIMATE RECORD PERIOD 1949 TO 2017


WEATHER ITEM   OBSERVED TIME   RECORD YEAR NORMAL DEPARTURE LAST
                VALUE   (LST)  VALUE       VALUE  FROM      YEAR
                                                  NORMAL
..................................................................
TEMPERATURE (F)
 TODAY
  MAXIMUM         59    309 PM  93    1999  74    -15       64
  MINIMUM         34    531 AM  19    1961  37     -3       31
  AVERAGE         47                        55     -8       48

PRECIPITATION (IN)
  TODAY            0.00          0.19 1973   0.02  -0.02     0.01
  MONTH TO DATE    0.43                      0.30   0.13     0.03
  SINCE OCT 1      9.22                      8.79   0.43     9.09
  SINCE JAN 1      5.47                      6.03  -0.56     5.52

DEGREE DAYS
 HEATING
  TODAY           18                        10      8       17
  MONTH TO DATE  135                       160    -25      212
  SINCE SEP 1    135                       160    -25      212
  SINCE JUL 1    158                       309   -151      301

 COOLING
  TODAY            0                         0      0        0
  MONTH TO DATE   56                        14     42        0
  SINCE SEP 1     56                        14     42        0
  SINCE JAN 1    434                       220    214      239
..................................................................


WIND (MPH)
  RESULTANT WIND SPEED   3   RESULTANT WIND DIRECTION   N (340)
  HIGHEST WIND SPEED    13   HIGHEST WIND DIRECTION    NE (30)
  HIGHEST GUST SPEED    17   HIGHEST GUST DIRECTION    NE (30)
  AVERAGE WIND SPEED     4.8


SKY COVER
  POSSIBLE SUNSHINE  MM
  AVERAGE SKY COVER 0.8


WEATHER CONDITIONS
THE FOLLOWING WEATHER WAS RECORDED TODAY.
  NO SIGNIFICANT WEATHER WAS OBSERVED.


RELATIVE HUMIDITY (PERCENT)
 HIGHEST    85           400 AM
 LOWEST     36           300 PM
 AVERAGE    61

..........................................................


THE REDMOND OR CLIMATE NORMALS FOR TOMORROW
                         NORMAL    RECORD    YEAR
 MAXIMUM TEMPERATURE (F)   74        94      2011
 MINIMUM TEMPERATURE (F)   36        23      2008


SUNRISE AND SUNSET
SEPTEMBER 22 2017.....SUNRISE   652 AM PDT   SUNSET   701 PM PDT
SEPTEMBER 23 2017.....SUNRISE   653 AM PDT   SUNSET   659 PM PDT


-  INDICATES NEGATIVE NUMBERS.
R  INDICATES RECORD WAS SET OR TIED.
MM INDICATES DATA IS MISSING.
T  INDICATES TRACE AMOUNT.




$$
