000
CDUS46 KPDT 190836
CLIRDM

CLIMATE REPORT
NATIONAL WEATHER SERVICE PENDLETON OR
1236 AM PST SUN FEB 19 2017


...................................

...THE REDMOND OR CLIMATE SUMMARY FOR FEBRUARY 18 2017...

CLIMATE NORMAL PERIOD 1981 TO 2010
CLIMATE RECORD PERIOD 1949 TO 2017


WEATHER ITEM   OBSERVED TIME   RECORD YEAR NORMAL DEPARTURE LAST
                VALUE   (LST)  VALUE       VALUE  FROM      YEAR
                                                  NORMAL
..................................................................
TEMPERATURE (F)
 YESTERDAY
  MAXIMUM         48    217 PM  70    1965  47      1       45
  MINIMUM         34    841 PM   3    2006  24     10       35
  AVERAGE         41                        36      5       40

PRECIPITATION (IN)
  YESTERDAY        0.02          0.46 1986   0.02   0.00     0.03
  MONTH TO DATE    0.71                      0.43   0.28     0.04
  SINCE OCT 1      6.08                      4.16   1.92     4.83
  SINCE JAN 1      2.33                      1.40   0.93     1.26

DEGREE DAYS
 HEATING
  YESTERDAY       24                        30     -6       25
  MONTH TO DATE  516                       547    -31      406
  SINCE DEC 1   3095                      2613    482     2133
  SINCE JUL 1   4559                      4387    172     3851

 COOLING
  YESTERDAY        0                         0      0        0
  MONTH TO DATE    0                         0      0        0
  SINCE DEC 1      0                         0      0        0
  SINCE JAN 1      0                         0      0        0
..................................................................


WIND (MPH)
  RESULTANT WIND SPEED   1   RESULTANT WIND DIRECTION   N (350)
  HIGHEST WIND SPEED    12   HIGHEST WIND DIRECTION     S (200)
  HIGHEST GUST SPEED    14   HIGHEST GUST DIRECTION     S (200)
  AVERAGE WIND SPEED     3.7


SKY COVER
  POSSIBLE SUNSHINE  MM
  AVERAGE SKY COVER 0.8


WEATHER CONDITIONS
 THE FOLLOWING WEATHER WAS RECORDED YESTERDAY.
  RAIN
  LIGHT RAIN
  SNOW
  FOG
  FOG W/VISIBILITY <= 1/4 MILE


RELATIVE HUMIDITY (PERCENT)
 HIGHEST    96           700 AM
 LOWEST     60           300 PM
 AVERAGE    78

..........................................................


THE REDMOND OR CLIMATE NORMALS FOR TODAY
                         NORMAL    RECORD    YEAR
 MAXIMUM TEMPERATURE (F)   48        69      1995
 MINIMUM TEMPERATURE (F)   24        -5      2006


SUNRISE AND SUNSET
FEBRUARY 19 2017......SUNRISE   657 AM PST   SUNSET   540 PM PST
FEBRUARY 20 2017......SUNRISE   656 AM PST   SUNSET   541 PM PST


-  INDICATES NEGATIVE NUMBERS.
R  INDICATES RECORD WAS SET OR TIED.
MM INDICATES DATA IS MISSING.
T  INDICATES TRACE AMOUNT.


$$
