000
CDUS46 KPDT 140911
CLIRDM

CLIMATE REPORT
NATIONAL WEATHER SERVICE PENDLETON OR
109 AM PST THU DEC 14 2017


...................................

...THE REDMOND OR CLIMATE SUMMARY FOR DECEMBER 13 2017...

CLIMATE NORMAL PERIOD 1981 TO 2010
CLIMATE RECORD PERIOD 1949 TO 2017


WEATHER ITEM   OBSERVED TIME   RECORD YEAR NORMAL DEPARTURE LAST
                VALUE   (LST)  VALUE       VALUE  FROM      YEAR
                                                  NORMAL
..................................................................
TEMPERATURE (F)
 YESTERDAY
  MAXIMUM         23    436 PM  62    1998  40    -17       25
  MINIMUM         14    117 AM  -7    1972  20     -6        5
  AVERAGE         19                        30    -11       15

PRECIPITATION (IN)
  YESTERDAY        T             0.60 2003   0.04  -0.04      T
  MONTH TO DATE    T                         0.51  -0.51     0.74
  SINCE OCT 1      0.99                      2.11  -1.12     2.75
  SINCE JAN 1      6.46                      8.25  -1.79     8.29

DEGREE DAYS
 HEATING
  YESTERDAY       46                        35     11       50
  MONTH TO DATE  517                       441     76      501
  SINCE DEC 1    517                       441     76      501
  SINCE JUL 1   2096                      2215   -119     1965

 COOLING
  YESTERDAY        0                         0      0        0
  MONTH TO DATE    0                         0      0        0
  SINCE DEC 1      0                         0      0        0
  SINCE JAN 1    434                       222    212      240
..................................................................


WIND (MPH)
  RESULTANT WIND SPEED   2   RESULTANT WIND DIRECTION  NW (310)
  HIGHEST WIND SPEED    12   HIGHEST WIND DIRECTION    NW (310)
  HIGHEST GUST SPEED    14   HIGHEST GUST DIRECTION    NW (320)
  AVERAGE WIND SPEED     3.8


SKY COVER
  POSSIBLE SUNSHINE  MM
  AVERAGE SKY COVER 0.8


WEATHER CONDITIONS
 THE FOLLOWING WEATHER WAS RECORDED YESTERDAY.
  LIGHT SNOW
  FOG
  FOG W/VISIBILITY <= 1/4 MILE


RELATIVE HUMIDITY (PERCENT)
 HIGHEST   100           600 AM
 LOWEST     84           200 AM
 AVERAGE    92

..........................................................


THE REDMOND OR CLIMATE NORMALS FOR TODAY
                         NORMAL    RECORD    YEAR
 MAXIMUM TEMPERATURE (F)   40        64      1962
 MINIMUM TEMPERATURE (F)   20        -6      1972


SUNRISE AND SUNSET
DECEMBER 14 2017......SUNRISE   733 AM PST   SUNSET   426 PM PST
DECEMBER 15 2017......SUNRISE   734 AM PST   SUNSET   426 PM PST


-  INDICATES NEGATIVE NUMBERS.
R  INDICATES RECORD WAS SET OR TIED.
MM INDICATES DATA IS MISSING.
T  INDICATES TRACE AMOUNT.




$$
