000
CDUS46 KPDT 190832
CLIRDM

CLIMATE REPORT
NATIONAL WEATHER SERVICE PENDLETON OR
132 AM PDT SAT APR 19 2014


...................................

...THE REDMOND OR CLIMATE SUMMARY FOR APRIL 18 2014...

CLIMATE NORMAL PERIOD 1981 TO 2010
CLIMATE RECORD PERIOD 1949 TO 2014


WEATHER ITEM   OBSERVED TIME   RECORD YEAR NORMAL DEPARTURE LAST
                VALUE   (LST)  VALUE       VALUE  FROM      YEAR
                                                  NORMAL
..................................................................
TEMPERATURE (F)
 YESTERDAY
  MAXIMUM         60    444 PM  83    1962  60      0       62
  MINIMUM         27    540 AM  10    1972  29     -2       29
  AVERAGE         44                        44      0       46

PRECIPITATION (IN)
  YESTERDAY        0.00          0.20 1965   0.03  -0.03      T
  MONTH TO DATE    0.34                      0.41  -0.07     0.08
  SINCE OCT 1      3.56                      5.45  -1.89     4.74
  SINCE JAN 1      2.85                      2.69   0.16     0.83

DEGREE DAYS
 HEATING
  YESTERDAY       21                        20      1       19
  MONTH TO DATE  353                       391    -38      401
  SINCE MAR 1   1074                      1169    -95     1159
  SINCE JUL 1   5867                      5842     25     5626

 COOLING
  YESTERDAY        0                         0      0        0
  MONTH TO DATE    0                         0      0        0
  SINCE MAR 1      0                         0      0        0
  SINCE JAN 1      0                         0      0        0
..................................................................


WIND (MPH)
  RESULTANT WIND SPEED   2   RESULTANT WIND DIRECTION  NE (60)
  HIGHEST WIND SPEED    14   HIGHEST WIND DIRECTION    NW (310)
  HIGHEST GUST SPEED    16   HIGHEST GUST DIRECTION    NW (310)
  AVERAGE WIND SPEED     4.6


SKY COVER
  POSSIBLE SUNSHINE  MM
  AVERAGE SKY COVER 0.0


WEATHER CONDITIONS
 THE FOLLOWING WEATHER WAS RECORDED YESTERDAY.
  NO SIGNIFICANT WEATHER WAS OBSERVED.


RELATIVE HUMIDITY (PERCENT)
 HIGHEST    85           600 AM
 LOWEST     15           200 PM
 AVERAGE    50

..........................................................


THE REDMOND OR CLIMATE NORMALS FOR TODAY
                         NORMAL    RECORD    YEAR
 MAXIMUM TEMPERATURE (F)   60        80      2009
 MINIMUM TEMPERATURE (F)   29        13      2008
                                             1964


SUNRISE AND SUNSET
APRIL 19 2014.........SUNRISE   614 AM PDT   SUNSET   754 PM PDT
APRIL 20 2014.........SUNRISE   612 AM PDT   SUNSET   755 PM PDT


-  INDICATES NEGATIVE NUMBERS.
R  INDICATES RECORD WAS SET OR TIED.
MM INDICATES DATA IS MISSING.
T  INDICATES TRACE AMOUNT.


$$
