000
CDUS46 KPDT 250834 RRA
CLIRDM

CLIMATE REPORT
NATIONAL WEATHER SERVICE PENDLETON OR
133 AM PDT TUE JUL 25 2017


...................................

...THE REDMOND OR CLIMATE SUMMARY FOR JULY 24 2017...

CLIMATE NORMAL PERIOD 1981 TO 2010
CLIMATE RECORD PERIOD 1949 TO 2017


WEATHER ITEM   OBSERVED TIME   RECORD YEAR NORMAL DEPARTURE LAST
                VALUE   (LST)  VALUE       VALUE  FROM      YEAR
                                                  NORMAL
..................................................................
TEMPERATURE (F)
 YESTERDAY
  MAXIMUM         92    349 PM 101    2004  88      4       91
  MINIMUM         53    438 AM  33    2014  47      6       46
  AVERAGE         73                        67      6       69

PRECIPITATION (IN)
  YESTERDAY        0.00          0.85 1987   0.02  -0.02     0.00
  MONTH TO DATE    0.00                      0.43  -0.43     0.64
  SINCE OCT 1      8.50                      7.87   0.63     9.04
  SINCE JAN 1      4.75                      5.11  -0.36     5.47

DEGREE DAYS
 HEATING
  YESTERDAY        0                         1     -1        0
  MONTH TO DATE    6                        61    -55       49
  SINCE JUN 1    171                       278   -107      226
  SINCE JUL 1      6                        61    -55       49

 COOLING
  YESTERDAY        8                         4      4        4
  MONTH TO DATE  122                        72     50       22
  SINCE JUN 1    163                        96     67       86
  SINCE JAN 1    173                       101     72       89
..................................................................


WIND (MPH)
  RESULTANT WIND SPEED   7   RESULTANT WIND DIRECTION  NW (330)
  HIGHEST WIND SPEED    21   HIGHEST WIND DIRECTION     N (340)
  HIGHEST GUST SPEED    27   HIGHEST GUST DIRECTION     N (340)
  AVERAGE WIND SPEED     8.5


SKY COVER
  POSSIBLE SUNSHINE  MM
  AVERAGE SKY COVER 0.0


WEATHER CONDITIONS
 THE FOLLOWING WEATHER WAS RECORDED YESTERDAY.
  NO SIGNIFICANT WEATHER WAS OBSERVED.


RELATIVE HUMIDITY (PERCENT)
 HIGHEST    51           500 AM
 LOWEST     14           400 PM
 AVERAGE    33

..........................................................


THE REDMOND OR CLIMATE NORMALS FOR TODAY
                         NORMAL    RECORD    YEAR
 MAXIMUM TEMPERATURE (F)   88       103      1978
 MINIMUM TEMPERATURE (F)   47        32      1963


SUNRISE AND SUNSET
JULY 25 2017..........SUNRISE   545 AM PDT   SUNSET   837 PM PDT
JULY 26 2017..........SUNRISE   546 AM PDT   SUNSET   836 PM PDT


-  INDICATES NEGATIVE NUMBERS.
R  INDICATES RECORD WAS SET OR TIED.
MM INDICATES DATA IS MISSING.
T  INDICATES TRACE AMOUNT.




$$
