000
CDUS46 KBOI 070933
CLIREO


CLIMATE REPORT
NATIONAL WEATHER SERVICE BOISE ID
232 AM MST WED DEC 7 2016


...................................

...THE ROME OR CLIMATE SUMMARY FOR DECEMBER 6 2016...

CLIMATE NORMAL PERIOD 1981 TO 2010
CLIMATE RECORD PERIOD 9999 TO 9999


WEATHER ITEM   OBSERVED TIME   NORMAL DEPARTURE LAST
                VALUE   (LST)  VALUE  FROM      YEAR
                                      NORMAL
......................................................
TEMPERATURE (F)
 YESTERDAY
  MAXIMUM         33   1156 AM  40     -7       50
  MINIMUM         13   1159 PM  19     -6       33
  AVERAGE         23            29     -6       42

PRECIPITATION (IN)
  YESTERDAY        0.01          0.03  -0.02     0.00
  MONTH TO DATE    0.03          0.14  -0.11     0.23
  SINCE OCT 1      0.69          1.51  -0.82     3.14
  SINCE JAN 1      5.00          8.24  -3.24     9.12

DEGREE DAYS
 HEATING
  YESTERDAY       42            36      6       23
  MONTH TO DATE  210           210      0      216
  SINCE DEC 1    210           210      0      216
  SINCE JUL 1   1445          1823   -378     1472

 COOLING
  YESTERDAY        0             0      0        0
  MONTH TO DATE    0             0      0        0
  SINCE DEC 1      0             0      0        0
  SINCE JAN 1    697           507    190      868
......................................................


WIND (MPH)
  RESULTANT WIND SPEED   2   RESULTANT WIND DIRECTION   N (0)
  HIGHEST WIND SPEED    14   HIGHEST WIND DIRECTION     N (10)
  HIGHEST GUST SPEED    18   HIGHEST GUST DIRECTION     N (20)
  AVERAGE WIND SPEED     4.8


SKY COVER
  AVERAGE SKY COVER 0.0


WEATHER CONDITIONS
 THE FOLLOWING WEATHER WAS RECORDED YESTERDAY.
  NO SIGNIFICANT WEATHER WAS OBSERVED.


RELATIVE HUMIDITY (PERCENT)
 HIGHEST    92           700 AM
 LOWEST     53           300 PM
 AVERAGE    73

..........................................................


THE ROME OR CLIMATE NORMALS FOR TODAY
                         NORMAL    RECORD    YEAR
 MAXIMUM TEMPERATURE (F)   40        MM        MM
 MINIMUM TEMPERATURE (F)   18        MM        MM


SUNRISE AND SUNSET
DECEMBER  7 2016......SUNRISE   708 AM PST   SUNSET   418 PM PST
DECEMBER  8 2016......SUNRISE   709 AM PST   SUNSET   418 PM PST


-  INDICATES NEGATIVE NUMBERS.
R  INDICATES RECORD WAS SET OR TIED.
MM INDICATES DATA IS MISSING.
T  INDICATES TRACE AMOUNT.




$$
