000
CDUS46 KBOI 290931
CLIREO


CLIMATE REPORT
NATIONAL WEATHER SERVICE BOISE ID
331 AM MDT MON MAY 29 2017


...................................

...THE ROME OR CLIMATE SUMMARY FOR MAY 28 2017...

CLIMATE NORMAL PERIOD 1981 TO 2010
CLIMATE RECORD PERIOD 9999 TO 9999


WEATHER ITEM   OBSERVED TIME   NORMAL DEPARTURE LAST
                VALUE   (LST)  VALUE  FROM      YEAR
                                      NORMAL
......................................................
TEMPERATURE (F)
 YESTERDAY
  MAXIMUM         86    435 PM  73     13       74
  MINIMUM         39    538 AM  40     -1       32
  AVERAGE         63            57      6       53

PRECIPITATION (IN)
  YESTERDAY        0.00          0.05  -0.05     0.00
  MONTH TO DATE    0.39          1.29  -0.90     1.39
  SINCE OCT 1      7.57          6.85   0.72     7.84
  SINCE JAN 1      5.19          4.66   0.53     3.41

DEGREE DAYS
 HEATING
  YESTERDAY        2             9     -7       12
  MONTH TO DATE  273           337    -64      252
  SINCE MAR 1   1354          1697   -343     1255
  SINCE JUL 1   5934          6431   -497     5351

 COOLING
  YESTERDAY        0             1     -1        0
  MONTH TO DATE   10             2      8        6
  SINCE MAR 1     10             2      8        6
  SINCE JAN 1     10             2      8        6
......................................................


WIND (MPH)
  RESULTANT WIND SPEED   5   RESULTANT WIND DIRECTION  NE (40)
  HIGHEST WIND SPEED    16   HIGHEST WIND DIRECTION    NE (40)
  HIGHEST GUST SPEED    24   HIGHEST GUST DIRECTION     E (70)
  AVERAGE WIND SPEED     6.5


SKY COVER
  AVERAGE SKY COVER 0.0


WEATHER CONDITIONS
 THE FOLLOWING WEATHER WAS RECORDED YESTERDAY.
  NO SIGNIFICANT WEATHER WAS OBSERVED.


RELATIVE HUMIDITY (PERCENT)
 HIGHEST    40          1100 PM
 LOWEST     10           300 PM
 AVERAGE    25

..........................................................


THE ROME OR CLIMATE NORMALS FOR TODAY
                         NORMAL    RECORD    YEAR
 MAXIMUM TEMPERATURE (F)   74        MM        MM
 MINIMUM TEMPERATURE (F)   40        MM        MM


SUNRISE AND SUNSET
MAY 29 2017...........SUNRISE   518 AM PDT   SUNSET   820 PM PDT
MAY 30 2017...........SUNRISE   517 AM PDT   SUNSET   821 PM PDT


-  INDICATES NEGATIVE NUMBERS.
R  INDICATES RECORD WAS SET OR TIED.
MM INDICATES DATA IS MISSING.
T  INDICATES TRACE AMOUNT.




$$
