000
CDUS43 KLOT 300655
CLIRFD


CLIMATE REPORT
NATIONAL WEATHER SERVICE CHICAGO IL
155 AM CDT TUE AUG 30 2016


...................................

...THE ROCKFORD IL CLIMATE SUMMARY FOR AUGUST 29 2016...

CLIMATE NORMAL PERIOD 1981 TO 2010
CLIMATE RECORD PERIOD 1905 TO 2016


WEATHER ITEM   OBSERVED TIME   RECORD YEAR NORMAL DEPARTURE LAST
                VALUE   (LST)  VALUE       VALUE  FROM      YEAR
                                                  NORMAL
..................................................................
TEMPERATURE (F)
 YESTERDAY
  MAXIMUM         88    153 PM  98    1948  81      7       72
  MINIMUM         68    522 AM  39    1934  59      9       62
  AVERAGE         78                        70      8       67

PRECIPITATION (IN)
  YESTERDAY        0.67          1.42 2015   0.13   0.54     1.42
  MONTH TO DATE    4.16                      4.31  -0.15     5.20
  SINCE JUN 1     14.22                     12.91   1.31    13.34
  SINCE JAN 1     25.78                     25.38   0.40    24.53

SNOWFALL (IN)
  YESTERDAY        0.0           0.0    MM   0.0    0.0      0.0
  MONTH TO DATE    0.0                       0.0    0.0      0.0
  SINCE JUN 1      0.0                       0.0    0.0      0.0
  SINCE JUL 1      0.0                       0.0    0.0      0.0
  SNOW DEPTH       0

DEGREE DAYS
 HEATING
  YESTERDAY        0                         1     -1        0
  MONTH TO DATE    0                         4     -4        5
  SINCE JUN 1      6                        38    -32       26
  SINCE JUL 1      0                         7     -7       10

 COOLING
  YESTERDAY       13                         6      7        2
  MONTH TO DATE  286                       212     74      189
  SINCE JUN 1    816                       661    155      582
  SINCE JAN 1    901                       716    185      642
..................................................................


WIND (MPH)
  HIGHEST WIND SPEED    15   HIGHEST WIND DIRECTION    SE (120)
  HIGHEST GUST SPEED    19   HIGHEST GUST DIRECTION    SE (150)
  AVERAGE WIND SPEED     4.4


SKY COVER
  POSSIBLE SUNSHINE  MM
  AVERAGE SKY COVER 0.8


WEATHER CONDITIONS
 THE FOLLOWING WEATHER WAS RECORDED YESTERDAY.
  THUNDERSTORM
  RAIN
  LIGHT RAIN
  FOG


RELATIVE HUMIDITY (PERCENT)
 HIGHEST    93           800 PM
 LOWEST     65          1100 AM
 AVERAGE    79

..........................................................


THE ROCKFORD IL CLIMATE NORMALS FOR TODAY
                         NORMAL    RECORD    YEAR
 MAXIMUM TEMPERATURE (F)   81        99      1953
 MINIMUM TEMPERATURE (F)   59        35      1915


SUNRISE AND SUNSET
AUGUST 30 2016........SUNRISE   620 AM CDT   SUNSET   733 PM CDT
AUGUST 31 2016........SUNRISE   621 AM CDT   SUNSET   731 PM CDT


-  INDICATES NEGATIVE NUMBERS.
R  INDICATES RECORD WAS SET OR TIED.
MM INDICATES DATA IS MISSING.
T  INDICATES TRACE AMOUNT.




$$
