000
CDUS43 KLOT 090637
CLIRFD


CLIMATE REPORT
NATIONAL WEATHER SERVICE CHICAGO IL
1236 AM CST TUE FEB 9 2016


...................................

...THE ROCKFORD IL CLIMATE SUMMARY FOR FEBRUARY 8 2016...

CLIMATE NORMAL PERIOD 1981 TO 2010
CLIMATE RECORD PERIOD 1905 TO 2016


WEATHER ITEM   OBSERVED TIME   RECORD YEAR NORMAL DEPARTURE LAST
                VALUE   (LST)  VALUE       VALUE  FROM      YEAR
                                                  NORMAL
..................................................................
TEMPERATURE (F)
 YESTERDAY
  MAXIMUM         34    255 AM  58    1990  32      2       36
  MINIMUM         19   1159 PM -20    1985  16      3       21
  AVERAGE         27                        24      3       29

PRECIPITATION (IN)
  YESTERDAY        T             0.55 1940   0.04  -0.04     0.00
                                      1909
  MONTH TO DATE    0.40                      0.33   0.07     0.69
  SINCE DEC 1      5.93                      3.68   2.25     2.69
  SINCE JAN 1      1.28                      1.70  -0.42     1.76

SNOWFALL (IN)
  YESTERDAY        0.1           4.0  1940   0.3   -0.2      0.0
  MONTH TO DATE    0.4                       2.5   -2.1     11.6
  SINCE DEC 1      9.3                      24.0  -14.7     21.2
  SINCE JUL 1     18.1                      25.8   -7.7     24.8
  SNOW DEPTH       0

DEGREE DAYS
 HEATING
  YESTERDAY       38                        41     -3       36
  MONTH TO DATE  275                       335    -60      390
  SINCE DEC 1   2415                      2909   -494     2815
  SINCE JUL 1   3446                      4244   -798     4362

 COOLING
  YESTERDAY        0                         0      0        0
  MONTH TO DATE    0                         0      0        0
  SINCE DEC 1      0                         0      0        0
  SINCE JAN 1      0                         0      0        0
..................................................................


WIND (MPH)
  HIGHEST WIND SPEED    20   HIGHEST WIND DIRECTION    NW (320)
  HIGHEST GUST SPEED    25   HIGHEST GUST DIRECTION    NW (310)
  AVERAGE WIND SPEED    13.7


SKY COVER
  POSSIBLE SUNSHINE  MM
  AVERAGE SKY COVER 1.0


WEATHER CONDITIONS
 THE FOLLOWING WEATHER WAS RECORDED YESTERDAY.
  LIGHT SNOW
  FOG


RELATIVE HUMIDITY (PERCENT)
 HIGHEST    89           300 AM
 LOWEST     62           700 PM
 AVERAGE    76

..........................................................


THE ROCKFORD IL CLIMATE NORMALS FOR TODAY
                         NORMAL    RECORD    YEAR
 MAXIMUM TEMPERATURE (F)   32        54      1925
 MINIMUM TEMPERATURE (F)   16       -25      1933


SUNRISE AND SUNSET
FEBRUARY  9 2016......SUNRISE   701 AM CST   SUNSET   521 PM CST
FEBRUARY 10 2016......SUNRISE   700 AM CST   SUNSET   522 PM CST


-  INDICATES NEGATIVE NUMBERS.
R  INDICATES RECORD WAS SET OR TIED.
MM INDICATES DATA IS MISSING.
T  INDICATES TRACE AMOUNT.




$$
