000
CDUS43 KGRB 270709
CLIRHI


CLIMATE REPORT
NATIONAL WEATHER SERVICE GREEN BAY
208 AM CDT THU JUL 27 2017


...................................

...THE RHINELANDER WI CLIMATE SUMMARY FOR JULY 26 2017...

CLIMATE NORMAL PERIOD 1981 TO 2010
CLIMATE RECORD PERIOD 1908 TO 2017


WEATHER ITEM   OBSERVED TIME   RECORD YEAR NORMAL DEPARTURE LAST
                VALUE   (LST)  VALUE       VALUE  FROM      YEAR
                                                  NORMAL
..................................................................
TEMPERATURE (F)
 YESTERDAY
  MAXIMUM         81    346 PM  98    1955  79      2       89
  MINIMUM         54   1148 PM  42    1991  55     -1       59
  AVERAGE         68                        67      1       74

PRECIPITATION (IN)
  YESTERDAY        0.25          2.90 1916   0.13   0.12     0.17
  MONTH TO DATE    1.62                      3.44  -1.82     2.89
  SINCE JUN 1      8.89                      7.33   1.56     9.91
  SINCE JAN 1     26.61                     17.01   9.60    20.99

SNOWFALL (IN)
  YESTERDAY        0.0           0.0    MM  MM     MM        0.0
  MONTH TO DATE    0.0                      MM     MM        0.0
  SINCE JUN 1      0.0                      MM     MM        0.0
  SINCE JUL 1      0.0                      MM     MM        0.0
  SNOW DEPTH       0

DEGREE DAYS
 HEATING
  YESTERDAY        0                         2     -2        0
  MONTH TO DATE   35                        52    -17       28
  SINCE JUN 1    133                       186    -53      120
  SINCE JUL 1     35                        52    -17       28

 COOLING
  YESTERDAY        3                         3      0        9
  MONTH TO DATE   64                        89    -25      125
  SINCE JUN 1    127                       142    -15      178
  SINCE JAN 1    129                       154    -25      193
..................................................................


WIND (MPH)
  HIGHEST WIND SPEED    18   HIGHEST WIND DIRECTION    SW (220)
  HIGHEST GUST SPEED    27   HIGHEST GUST DIRECTION    SW (220)
  AVERAGE WIND SPEED     6.7


SKY COVER
  POSSIBLE SUNSHINE  MM
  AVERAGE SKY COVER 0.6


WEATHER CONDITIONS
 THE FOLLOWING WEATHER WAS RECORDED YESTERDAY.
  RAIN
  LIGHT RAIN
  FOG


RELATIVE HUMIDITY (PERCENT)
 HIGHEST   100           900 AM
 LOWEST     51           500 PM
 AVERAGE    76

..........................................................


THE RHINELANDER WI CLIMATE NORMALS FOR TODAY
                         NORMAL    RECORD    YEAR
 MAXIMUM TEMPERATURE (F)   79        96      1931
 MINIMUM TEMPERATURE (F)   54        41      1981


SUNRISE AND SUNSET
JULY 27 2017..........SUNRISE   536 AM CDT   SUNSET   832 PM CDT
JULY 28 2017..........SUNRISE   537 AM CDT   SUNSET   831 PM CDT


-  INDICATES NEGATIVE NUMBERS.
R  INDICATES RECORD WAS SET OR TIED.
MM INDICATES DATA IS MISSING.
T  INDICATES TRACE AMOUNT.




$$
