000
CDUS43 KGRB 260700
CLIRHI


CLIMATE REPORT
NATIONAL WEATHER SERVICE GREEN BAY
1259 AM CST SUN FEB 26 2017


...................................

...THE RHINELANDER WI CLIMATE SUMMARY FOR FEBRUARY 25 2017...

CLIMATE NORMAL PERIOD 1981 TO 2010
CLIMATE RECORD PERIOD 1908 TO 2017


WEATHER ITEM   OBSERVED TIME   RECORD YEAR NORMAL DEPARTURE LAST
                VALUE   (LST)  VALUE       VALUE  FROM      YEAR
                                                  NORMAL
..................................................................
TEMPERATURE (F)
 YESTERDAY
  MAXIMUM         24    513 PM  54    1936  30     -6       28
  MINIMUM         13    814 AM -35    1928  10      3       16
  AVERAGE         19                        20     -1       22

PRECIPITATION (IN)
  YESTERDAY        0.02          0.61 1930   0.04  -0.02      T
  MONTH TO DATE    1.41                      0.81   0.60     0.71
  SINCE DEC 1      5.41                      3.36   2.05     5.43
  SINCE JAN 1      3.34                      1.92   1.42     1.47

SNOWFALL (IN)
  YESTERDAY        0.3           6.0  1975  MM     MM         T
  MONTH TO DATE    7.6                      MM     MM        9.5
  SINCE DEC 1     44.3                      MM     MM       29.5
  SINCE JUL 1     50.9                      MM     MM       33.6
  SNOW DEPTH       6

DEGREE DAYS
 HEATING
  YESTERDAY       46                        45      1       43
  MONTH TO DATE  994                      1226   -232     1155
  SINCE DEC 1   3909                      4353   -444     3814
  SINCE JUL 1   5391                      6487  -1096     5531

 COOLING
  YESTERDAY        0                         0      0        0
  MONTH TO DATE    0                         0      0        0
  SINCE DEC 1      0                         0      0        0
  SINCE JAN 1      0                         0      0        0
..................................................................


WIND (MPH)
  HIGHEST WIND SPEED    21   HIGHEST WIND DIRECTION     W (280)
  HIGHEST GUST SPEED    28   HIGHEST GUST DIRECTION    NW (310)
  AVERAGE WIND SPEED    10.7


SKY COVER
  POSSIBLE SUNSHINE  MM
  AVERAGE SKY COVER 0.7


WEATHER CONDITIONS
 THE FOLLOWING WEATHER WAS RECORDED YESTERDAY.
  LIGHT SNOW
  FOG


RELATIVE HUMIDITY (PERCENT)
 HIGHEST    80          1200 AM
 LOWEST     46           500 PM
 AVERAGE    63

..........................................................


THE RHINELANDER WI CLIMATE NORMALS FOR TODAY
                         NORMAL    RECORD    YEAR
 MAXIMUM TEMPERATURE (F)   30        56      2000
                                             1958
 MINIMUM TEMPERATURE (F)   10       -34      1928


SUNRISE AND SUNSET
FEBRUARY 26 2017......SUNRISE   641 AM CST   SUNSET   541 PM CST
FEBRUARY 27 2017......SUNRISE   639 AM CST   SUNSET   542 PM CST


-  INDICATES NEGATIVE NUMBERS.
R  INDICATES RECORD WAS SET OR TIED.
MM INDICATES DATA IS MISSING.
T  INDICATES TRACE AMOUNT.




$$
