000
CDUS43 KGRB 230623
CLIRHI


CLIMATE REPORT
NATIONAL WEATHER SERVICE GREEN BAY
122 AM CDT WED JUL 23 2014


...................................

...THE RHINELANDER WI CLIMATE SUMMARY FOR JULY 22 2014...

CLIMATE NORMAL PERIOD 1981 TO 2010
CLIMATE RECORD PERIOD 1908 TO 2014


WEATHER ITEM   OBSERVED TIME   RECORD YEAR NORMAL DEPARTURE LAST
                VALUE   (LST)  VALUE       VALUE  FROM      YEAR
                                                  NORMAL
..................................................................
TEMPERATURE (F)
 YESTERDAY
  MAXIMUM         80    100 PM  97    1936  79      1       82
  MINIMUM         56   1159 PM  40    1947  55      1       55
  AVERAGE         68                        67      1       69

PRECIPITATION (IN)
  YESTERDAY        T             1.70 1978   0.13  -0.13     0.56
  MONTH TO DATE    3.14                      2.96   0.18     2.17
  SINCE JUN 1      9.87                      6.85   3.02     7.47
  SINCE JAN 1     20.98                     16.53   4.45    20.80

SNOWFALL (IN)
  YESTERDAY        0.0           0.0    MM  MM     MM        0.0
  MONTH TO DATE    0.0                      MM     MM        0.0
  SINCE JUN 1      0.0                      MM     MM        0.0
  SINCE JUL 1      0.0                      MM     MM        0.0
  SNOW DEPTH       0

DEGREE DAYS
 HEATING
  YESTERDAY        0                         2     -2        0
  MONTH TO DATE   89                        44     45       15
  SINCE JUN 1    182                       178      4      189
  SINCE JUL 1     89                        44     45       15

 COOLING
  YESTERDAY        3                         3      0        4
  MONTH TO DATE   41                        77    -36      132
  SINCE JUN 1    103                       130    -27      172
  SINCE JAN 1    110                       142    -32      186
..................................................................


WIND (MPH)
  HIGHEST WIND SPEED    26   HIGHEST WIND DIRECTION     W (290)
  HIGHEST GUST SPEED    33   HIGHEST GUST DIRECTION     W (280)
  AVERAGE WIND SPEED     9.3


SKY COVER
  POSSIBLE SUNSHINE  MM
  AVERAGE SKY COVER 0.6


WEATHER CONDITIONS
 THE FOLLOWING WEATHER WAS RECORDED YESTERDAY.
  LIGHT RAIN


RELATIVE HUMIDITY (PERCENT)
 HIGHEST    93           700 AM
 LOWEST     62          1000 AM
 AVERAGE    78

..........................................................


THE RHINELANDER WI CLIMATE NORMALS FOR TODAY
                         NORMAL    RECORD    YEAR
 MAXIMUM TEMPERATURE (F)   79        99      1934
 MINIMUM TEMPERATURE (F)   55        40      2000


SUNRISE AND SUNSET
JULY 23 2014..........SUNRISE   531 AM CDT   SUNSET   837 PM CDT
JULY 24 2014..........SUNRISE   532 AM CDT   SUNSET   836 PM CDT


-  INDICATES NEGATIVE NUMBERS.
R  INDICATES RECORD WAS SET OR TIED.
MM INDICATES DATA IS MISSING.
T  INDICATES TRACE AMOUNT.




$$
