000
CDUS43 KGRB 270742
CLIRHI


CLIMATE REPORT
NATIONAL WEATHER SERVICE GREEN BAY
240 AM CDT WED MAY 27 2015


...................................

...THE RHINELANDER WI CLIMATE SUMMARY FOR MAY 26 2015...

CLIMATE NORMAL PERIOD 1981 TO 2010
CLIMATE RECORD PERIOD 1908 TO 2015


WEATHER ITEM   OBSERVED TIME   RECORD YEAR NORMAL DEPARTURE LAST
                VALUE   (LST)  VALUE       VALUE  FROM      YEAR
                                                  NORMAL
..................................................................
TEMPERATURE (F)
 YESTERDAY
  MAXIMUM         70    114 PM  90    1911  68      2       82
  MINIMUM         57   1159 PM  27    1925  44     13       55
  AVERAGE         64                        56      8       69

PRECIPITATION (IN)
  YESTERDAY        0.20          1.90 1991   0.11   0.09     0.17
  MONTH TO DATE    2.57                      2.88  -0.31     2.88
  SINCE MAR 1      6.59                      7.03  -0.44     8.50
  SINCE JAN 1      7.48                      9.07  -1.59    11.11

SNOWFALL (IN)
  YESTERDAY        0.0           0.0    MM  MM     MM        0.0
  MONTH TO DATE    T                        MM     MM        0.1
  SINCE MAR 1     20.4                      MM     MM       37.8
  SINCE JUL 1     89.3                      MM     MM      110.3
  SNOW DEPTH       0

DEGREE DAYS
 HEATING
  YESTERDAY        1                        10     -9        0
  MONTH TO DATE  277                       343    -66      369
  SINCE MAR 1   2092                      2221   -129     2707
  SINCE JUL 1   9433                      8843    590    10336

 COOLING
  YESTERDAY        0                         1     -1        4
  MONTH TO DATE    5                         4      1        4
  SINCE MAR 1      5                         5      0        4
  SINCE JAN 1      5                         5      0        4
..................................................................


WIND (MPH)
  HIGHEST WIND SPEED    12   HIGHEST WIND DIRECTION     N (340)
  HIGHEST GUST SPEED    16   HIGHEST GUST DIRECTION     N (340)
  AVERAGE WIND SPEED     5.0


SKY COVER
  POSSIBLE SUNSHINE  MM
  AVERAGE SKY COVER 0.9


WEATHER CONDITIONS
 THE FOLLOWING WEATHER WAS RECORDED YESTERDAY.
  HEAVY RAIN
  RAIN
  LIGHT RAIN
  FOG


RELATIVE HUMIDITY (PERCENT)
 HIGHEST    97          1200 AM
 LOWEST     70          1200 PM
 AVERAGE    84

..........................................................


THE RHINELANDER WI CLIMATE NORMALS FOR TODAY
                         NORMAL    RECORD    YEAR
 MAXIMUM TEMPERATURE (F)   68        90      1919
 MINIMUM TEMPERATURE (F)   44        26      2011


SUNRISE AND SUNSET
MAY 27 2015...........SUNRISE   516 AM CDT   SUNSET   835 PM CDT
MAY 28 2015...........SUNRISE   515 AM CDT   SUNSET   836 PM CDT


-  INDICATES NEGATIVE NUMBERS.
R  INDICATES RECORD WAS SET OR TIED.
MM INDICATES DATA IS MISSING.
T  INDICATES TRACE AMOUNT.

$$
