000
CDUS43 KGRB 280635
CLIRHI


CLIMATE REPORT
NATIONAL WEATHER SERVICE GREEN BAY
135 AM CDT THU AUG 28 2014


...................................

...THE RHINELANDER WI CLIMATE SUMMARY FOR AUGUST 27 2014...

CLIMATE NORMAL PERIOD 1981 TO 2010
CLIMATE RECORD PERIOD 1908 TO 2014


WEATHER ITEM   OBSERVED TIME   RECORD YEAR NORMAL DEPARTURE LAST
                VALUE   (LST)  VALUE       VALUE  FROM      YEAR
                                                  NORMAL
..................................................................
TEMPERATURE (F)
 YESTERDAY
  MAXIMUM         70    403 PM  92    1984  75     -5       81
                                      1976
                                      1973
  MINIMUM         45   1159 PM  30    1915  51     -6       66
  AVERAGE         58                        63     -5       74

PRECIPITATION (IN)
  YESTERDAY        0.03          2.16 1921   0.11  -0.08     0.74
  MONTH TO DATE    3.97                      2.85   1.12     3.20
  SINCE JUN 1     14.69                     10.76   3.93    11.24
  SINCE JAN 1     25.80                     20.44   5.36    24.57

SNOWFALL (IN)
  YESTERDAY        0.0           0.0    MM  MM     MM        0.0
  MONTH TO DATE    0.0                      MM     MM        0.0
  SINCE JUN 1      0.0                      MM     MM        0.0
  SINCE JUL 1      0.0                      MM     MM        0.0
  SNOW DEPTH       0

DEGREE DAYS
 HEATING
  YESTERDAY        7                         4      3        0
  MONTH TO DATE   60                        60      0      106
  SINCE JUN 1    277                       245     32      364
  SINCE JUL 1    184                       111     73      190

 COOLING
  YESTERDAY        0                         1     -1        9
  MONTH TO DATE   29                        69    -40       62
  SINCE JUN 1    140                       227    -87      234
  SINCE JAN 1    147                       239    -92      248
..................................................................


WIND (MPH)
  HIGHEST WIND SPEED    12   HIGHEST WIND DIRECTION     W (280)
  HIGHEST GUST SPEED    19   HIGHEST GUST DIRECTION     W (270)
  AVERAGE WIND SPEED     2.2


SKY COVER
  POSSIBLE SUNSHINE  MM
  AVERAGE SKY COVER 0.4


WEATHER CONDITIONS
 THE FOLLOWING WEATHER WAS RECORDED YESTERDAY.
  LIGHT RAIN
  FOG


RELATIVE HUMIDITY (PERCENT)
 HIGHEST   100           500 AM
 LOWEST     44           200 PM
 AVERAGE    72

..........................................................


THE RHINELANDER WI CLIMATE NORMALS FOR TODAY
                         NORMAL    RECORD    YEAR
 MAXIMUM TEMPERATURE (F)   74        92      1984
                                             1953
 MINIMUM TEMPERATURE (F)   51        36      1941
                                             1916


SUNRISE AND SUNSET
AUGUST 28 2014........SUNRISE   614 AM CDT   SUNSET   743 PM CDT
AUGUST 29 2014........SUNRISE   615 AM CDT   SUNSET   741 PM CDT


-  INDICATES NEGATIVE NUMBERS.
R  INDICATES RECORD WAS SET OR TIED.
MM INDICATES DATA IS MISSING.
T  INDICATES TRACE AMOUNT.




$$
