930
CDUS43 KGRB 200826
CLIRHI


CLIMATE REPORT
NATIONAL WEATHER SERVICE GREEN BAY
225 AM CST MON NOV 20 2017


...................................

...THE RHINELANDER WI CLIMATE SUMMARY FOR NOVEMBER 19 2017...

CLIMATE NORMAL PERIOD 1981 TO 2010
CLIMATE RECORD PERIOD 1908 TO 2017


WEATHER ITEM   OBSERVED TIME   RECORD YEAR NORMAL DEPARTURE LAST
                VALUE   (LST)  VALUE       VALUE  FROM      YEAR
                                                  NORMAL
..................................................................
TEMPERATURE (F)
 YESTERDAY
  MAXIMUM         26        MM  70    1930  36    -10       31
  MINIMUM         15        MM   0    1932  21     -6       21
  AVERAGE         21                        28     -7       26

PRECIPITATION (IN)
  YESTERDAY        T             0.72 1915   0.06  -0.06     0.05
  MONTH TO DATE    1.16                      1.19  -0.03     0.17
  SINCE SEP 1      7.42                      8.43  -1.01    11.43
  SINCE JAN 1     38.51                     29.31   9.20    39.02

SNOWFALL (IN)
  YESTERDAY        T            10.0  1957  MM     MM        0.9
  MONTH TO DATE   12.7                      MM     MM        0.9
  SINCE SEP 1     13.7                      MM     MM        0.9
  SINCE JUL 1     13.7                      MM     MM        0.9
  SNOW DEPTH       0

DEGREE DAYS
 HEATING
  YESTERDAY       44                        37      7       39
  MONTH TO DATE  710                       604    106      383
  SINCE SEP 1   1445                      1570   -125     1060
  SINCE JUL 1   1611                      1697    -86     1121

 COOLING
  YESTERDAY        0                         0      0        0
  MONTH TO DATE    0                         0      0        0
  SINCE SEP 1     53                        20     33       13
  SINCE JAN 1    215                       261    -46      321
..................................................................


WIND (MPH)
  HIGHEST WIND SPEED    15   HIGHEST WIND DIRECTION     W (280)
  HIGHEST GUST SPEED    21   HIGHEST GUST DIRECTION    NW (300)
  AVERAGE WIND SPEED     7.6


SKY COVER
  POSSIBLE SUNSHINE  MM
  AVERAGE SKY COVER 0.7


WEATHER CONDITIONS
 THE FOLLOWING WEATHER WAS RECORDED YESTERDAY.
  LIGHT SNOW


RELATIVE HUMIDITY (PERCENT)
 HIGHEST    MM
 LOWEST     MM
 AVERAGE    MM

..........................................................


THE RHINELANDER WI CLIMATE NORMALS FOR TODAY
                         NORMAL    RECORD    YEAR
 MAXIMUM TEMPERATURE (F)   35        65      1936
 MINIMUM TEMPERATURE (F)   21       -10      1921


SUNRISE AND SUNSET
NOVEMBER 20 2017......SUNRISE   704 AM CST   SUNSET   422 PM CST
NOVEMBER 21 2017......SUNRISE   706 AM CST   SUNSET   421 PM CST


-  INDICATES NEGATIVE NUMBERS.
R  INDICATES RECORD WAS SET OR TIED.
MM INDICATES DATA IS MISSING.
T  INDICATES TRACE AMOUNT.




$$
