000
CDUS43 KGRB 230722
CLIRHI


CLIMATE REPORT
NATIONAL WEATHER SERVICE GREEN BAY
122 AM CST SUN NOV 23 2014


...................................

...THE RHINELANDER WI CLIMATE SUMMARY FOR NOVEMBER 22 2014...

CLIMATE NORMAL PERIOD 1981 TO 2010
CLIMATE RECORD PERIOD 1908 TO 2014


WEATHER ITEM   OBSERVED TIME   RECORD YEAR NORMAL DEPARTURE LAST
                VALUE   (LST)  VALUE       VALUE  FROM      YEAR
                                                  NORMAL
..................................................................
TEMPERATURE (F)
 YESTERDAY
  MAXIMUM         34   1159 PM  60    2012  34      0       28
  MINIMUM         25   1231 AM  -8    1929  20      5       14
  AVERAGE         30                        27      3       21

PRECIPITATION (IN)
  YESTERDAY        0.00          0.93 1934   0.06  -0.06     0.05
  MONTH TO DATE    2.25                      1.37   0.88     2.04
  SINCE SEP 1     12.07                      8.61   3.46     8.31
  SINCE JAN 1     38.53                     29.49   9.04    35.15

SNOWFALL (IN)
  YESTERDAY        0.0           4.8  1961  MM     MM        0.8
  MONTH TO DATE   23.9                      MM     MM        6.8
  SINCE SEP 1     26.6                      MM     MM        9.0
  SINCE JUL 1     26.6                      MM     MM        9.0
  SNOW DEPTH       9

DEGREE DAYS
 HEATING
  YESTERDAY       35                        38     -3       44
  MONTH TO DATE  939                       717    222      729
  SINCE SEP 1   1938                      1683    255     1641
  SINCE JUL 1   2138                      1810    328     1831

 COOLING
  YESTERDAY        0                         0      0        0
  MONTH TO DATE    0                         0      0        0
  SINCE SEP 1      1                        20    -19       17
  SINCE JAN 1    148                       261   -113      281
..................................................................


WIND (MPH)
  HIGHEST WIND SPEED    18   HIGHEST WIND DIRECTION    SW (220)
  HIGHEST GUST SPEED    27   HIGHEST GUST DIRECTION    SW (210)
  AVERAGE WIND SPEED     9.5


SKY COVER
  POSSIBLE SUNSHINE  MM
  AVERAGE SKY COVER 1.0


WEATHER CONDITIONS
 THE FOLLOWING WEATHER WAS RECORDED YESTERDAY.
  FOG


RELATIVE HUMIDITY (PERCENT)
 HIGHEST   100           900 AM
 LOWEST     68          1200 AM
 AVERAGE    84

..........................................................


THE RHINELANDER WI CLIMATE NORMALS FOR TODAY
                         NORMAL    RECORD    YEAR
 MAXIMUM TEMPERATURE (F)   34        59      1931
 MINIMUM TEMPERATURE (F)   19        -9      1950


SUNRISE AND SUNSET
NOVEMBER 23 2014......SUNRISE   708 AM CST   SUNSET   420 PM CST
NOVEMBER 24 2014......SUNRISE   709 AM CST   SUNSET   419 PM CST


-  INDICATES NEGATIVE NUMBERS.
R  INDICATES RECORD WAS SET OR TIED.
MM INDICATES DATA IS MISSING.
T  INDICATES TRACE AMOUNT.




$$
