000
CDUS43 KGRB 260703
CLIRHI

CLIMATE REPORT
NATIONAL WEATHER SERVICE GREEN BAY
1259 AM CST MON JAN 26 2015

...................................

...THE RHINELANDER WI CLIMATE SUMMARY FOR JANUARY 25 2015...

CLIMATE NORMAL PERIOD 1981 TO 2010
CLIMATE RECORD PERIOD 1908 TO 2015

WEATHER ITEM   OBSERVED TIME   RECORD YEAR NORMAL DEPARTURE LAST
                VALUE   (LST)  VALUE       VALUE  FROM      YEAR
                                                  NORMAL
..................................................................
TEMPERATURE (F)
 YESTERDAY
  MAXIMUM         19    409 PM  53    1981  21     -2       20
  MINIMUM          7   1101 PM -37    1922   3      4      -15
  AVERAGE         13                        12      1        3

PRECIPITATION (IN)
  YESTERDAY        T             0.82 1967   0.03  -0.03     0.01
  MONTH TO DATE    0.53                      0.90  -0.37     0.85
  SINCE DEC 1      2.55                      2.34   0.21     2.51
  SINCE JAN 1      0.53                      0.90  -0.37     0.85

SNOWFALL (IN)
  YESTERDAY        T             6.0  1938  MM     MM        0.2
  MONTH TO DATE    7.0                      MM     MM       15.6
  SINCE DEC 1     26.0                      MM     MM       38.7
  SINCE JUL 1     61.1                      MM     MM       48.5
  SNOW DEPTH      13

DEGREE DAYS
 HEATING
  YESTERDAY       52                        53     -1       62
  MONTH TO DATE 1383                      1320     63     1526
  SINCE DEC 1   2815                      2812      3     3304
  SINCE JUL 1   5336                      4946    390     5531

COOLING
  YESTERDAY        0                         0      0        0
  MONTH TO DATE    0                         0      0        0
  SINCE DEC 1      0                         0      0        0
  SINCE JAN 1      0                         0      0        0
..................................................................

WIND (MPH)
  HIGHEST WIND SPEED    15   HIGHEST WIND DIRECTION     E (80)
  HIGHEST GUST SPEED    20   HIGHEST GUST DIRECTION    NE (60)
  AVERAGE WIND SPEED     5.7

SKY COVER
  POSSIBLE SUNSHINE  MM
  AVERAGE SKY COVER 0.8

WEATHER CONDITIONS
 THE FOLLOWING WEATHER WAS RECORDED YESTERDAY.
  LIGHT SNOW

RELATIVE HUMIDITY (PERCENT)
 HIGHEST    88          1100 PM
 LOWEST     51           400 PM
 AVERAGE    70
..........................................................

THE RHINELANDER WI CLIMATE NORMALS FOR TODAY
                         NORMAL    RECORD    YEAR
 MAXIMUM TEMPERATURE (F)   21        51      1944
 MINIMUM TEMPERATURE (F)    3       -32      1927

SUNRISE AND SUNSET
JANUARY 26 2015.......SUNRISE   726 AM CST   SUNSET   455 PM CST
JANUARY 27 2015.......SUNRISE   725 AM CST   SUNSET   457 PM CST

-  INDICATES NEGATIVE NUMBERS.
R  INDICATES RECORD WAS SET OR TIED.
MM INDICATES DATA IS MISSING.
T  INDICATES TRACE AMOUNT.

$$
