000
CDUS43 KGRB 040641
CLIRHI


CLIMATE REPORT
NATIONAL WEATHER SERVICE GREEN BAY
1239 AM CST SUN DEC 4 2016


...................................

...THE RHINELANDER WI CLIMATE SUMMARY FOR DECEMBER 3 2016...

CLIMATE NORMAL PERIOD 1981 TO 2010
CLIMATE RECORD PERIOD 1908 TO 2016


WEATHER ITEM   OBSERVED TIME   RECORD YEAR NORMAL DEPARTURE LAST
                VALUE   (LST)  VALUE       VALUE  FROM      YEAR
                                                  NORMAL
..................................................................
TEMPERATURE (F)
 YESTERDAY
  MAXIMUM         29    352 PM  61    1998  29      0       36
  MINIMUM         27   1038 AM -22    1927  14     13       26
  AVERAGE         28                        21      7       31

PRECIPITATION (IN)
  YESTERDAY        0.00          0.55 1934   0.05  -0.05     0.02
  MONTH TO DATE    0.00                      0.16  -0.16     0.39
  SINCE DEC 1      0.00                      0.16  -0.16     0.39
  SINCE JAN 1     40.78                     30.12  10.66    27.81

SNOWFALL (IN)
  YESTERDAY        0.0           6.7  1934  MM     MM        0.3
  MONTH TO DATE    0.0                      MM     MM        3.3
  SINCE DEC 1      0.0                      MM     MM        3.3
  SINCE JUL 1      6.6                      MM     MM        7.4
  SNOW DEPTH       0

DEGREE DAYS
 HEATING
  YESTERDAY       37                        44     -7       34
  MONTH TO DATE  104                       130    -26      102
  SINCE DEC 1    104                       130    -26      102
  SINCE JUL 1   1586                      2264   -678     1819

 COOLING
  YESTERDAY        0                         0      0        0
  MONTH TO DATE    0                         0      0        0
  SINCE DEC 1      0                         0      0        0
  SINCE JAN 1    321                       261     60      233
..................................................................


WIND (MPH)
  HIGHEST WIND SPEED     9   HIGHEST WIND DIRECTION     W (260)
  HIGHEST GUST SPEED    13   HIGHEST GUST DIRECTION     W (250)
  AVERAGE WIND SPEED     3.9


SKY COVER
  POSSIBLE SUNSHINE  MM
  AVERAGE SKY COVER 1.0


WEATHER CONDITIONS
 THE FOLLOWING WEATHER WAS RECORDED YESTERDAY.
  NO SIGNIFICANT WEATHER WAS OBSERVED.


RELATIVE HUMIDITY (PERCENT)
 HIGHEST    92          1200 AM
 LOWEST     69           700 PM
 AVERAGE    81

..........................................................


THE RHINELANDER WI CLIMATE NORMALS FOR TODAY
                         NORMAL    RECORD    YEAR
 MAXIMUM TEMPERATURE (F)   29        56      1916
 MINIMUM TEMPERATURE (F)   13       -22      1927


SUNRISE AND SUNSET
DECEMBER  4 2016......SUNRISE   722 AM CST   SUNSET   414 PM CST
DECEMBER  5 2016......SUNRISE   723 AM CST   SUNSET   414 PM CST


-  INDICATES NEGATIVE NUMBERS.
R  INDICATES RECORD WAS SET OR TIED.
MM INDICATES DATA IS MISSING.
T  INDICATES TRACE AMOUNT.




$$
