000
CDUS43 KGRB 270640
CLIRHI


CLIMATE REPORT
NATIONAL WEATHER SERVICE GREEN BAY
1239 AM CST FRI FEB 27 2015


...................................

...THE RHINELANDER WI CLIMATE SUMMARY FOR FEBRUARY 26 2015...

CLIMATE NORMAL PERIOD 1981 TO 2010
CLIMATE RECORD PERIOD 1908 TO 2015


WEATHER ITEM   OBSERVED TIME   RECORD YEAR NORMAL DEPARTURE LAST
                VALUE   (LST)  VALUE       VALUE  FROM      YEAR
                                                  NORMAL
..................................................................
TEMPERATURE (F)
 YESTERDAY
  MAXIMUM          8    402 PM  56    2000  30    -22        6
                                      1958
  MINIMUM        -18    302 AM -34    1928  10    -28      -15
  AVERAGE         -5                        20    -25       -4

PRECIPITATION (IN)
  YESTERDAY        0.00          0.71 1936   0.04  -0.04     0.02
  MONTH TO DATE    0.21                      0.85  -0.64     1.16
  SINCE DEC 1      2.91                      3.40  -0.49     4.20
  SINCE JAN 1      0.89                      1.96  -1.07     2.54

SNOWFALL (IN)
  YESTERDAY        0.0           6.0  2007  MM     MM        0.2
  MONTH TO DATE    5.4                      MM     MM       17.0
  SINCE DEC 1     33.8                      MM     MM       62.0
  SINCE JUL 1     68.9                      MM     MM       71.8
  SNOW DEPTH      17

DEGREE DAYS
 HEATING
  YESTERDAY       70                        45     25       69
  MONTH TO DATE 1598                      1271    327     1541
  SINCE DEC 1   4689                      4398    291     5252
  SINCE JUL 1   7210                      6532    678     7479

 COOLING
  YESTERDAY        0                         0      0        0
  MONTH TO DATE    0                         0      0        0
  SINCE DEC 1      0                         0      0        0
  SINCE JAN 1      0                         0      0        0
..................................................................


WIND (MPH)
  HIGHEST WIND SPEED    14   HIGHEST WIND DIRECTION    NW (300)
  HIGHEST GUST SPEED    20   HIGHEST GUST DIRECTION    NW (320)
  AVERAGE WIND SPEED     5.0


SKY COVER
  POSSIBLE SUNSHINE  MM
  AVERAGE SKY COVER 0.1


WEATHER CONDITIONS
 THE FOLLOWING WEATHER WAS RECORDED YESTERDAY.
  FOG
  HAZE


RELATIVE HUMIDITY (PERCENT)
 HIGHEST    83          1200 AM
 LOWEST     45           300 PM
 AVERAGE    64

..........................................................


THE RHINELANDER WI CLIMATE NORMALS FOR TODAY
                         NORMAL    RECORD    YEAR
 MAXIMUM TEMPERATURE (F)   30        52      1932
 MINIMUM TEMPERATURE (F)   10       -26      1935


SUNRISE AND SUNSET
FEBRUARY 27 2015......SUNRISE   640 AM CST   SUNSET   541 PM CST
FEBRUARY 28 2015......SUNRISE   638 AM CST   SUNSET   543 PM CST


-  INDICATES NEGATIVE NUMBERS.
R  INDICATES RECORD WAS SET OR TIED.
MM INDICATES DATA IS MISSING.
T  INDICATES TRACE AMOUNT.




$$
