000
CDUS43 KGRB 270651
CLIRHI

CLIMATE REPORT
NATIONAL WEATHER SERVICE GREEN BAY
1249 AM CST SAT DEC 27 2014

...................................

...THE RHINELANDER WI CLIMATE SUMMARY FOR DECEMBER 26 2014...

CLIMATE NORMAL PERIOD 1981 TO 2010
CLIMATE RECORD PERIOD 1908 TO 2014

WEATHER ITEM   OBSERVED TIME   RECORD YEAR NORMAL DEPARTURE LAST
                VALUE   (LST)  VALUE       VALUE  FROM      YEAR
                                                  NORMAL
..................................................................
TEMPERATURE (F)
 YESTERDAY
  MAXIMUM         30    619 PM  48    1936  23      7       14
  MINIMUM         27   1226 AM -26    1933   5     22        0
  AVERAGE         29                        14     15        7

PRECIPITATION (IN)
  YESTERDAY        0.03          0.36 1959   0.05  -0.02      T
                                      1942
  MONTH TO DATE    1.37                      1.24   0.13     1.65
  SINCE DEC 1      1.37                      1.24   0.13     1.65
  SINCE JAN 1     40.97                     31.20   9.77    36.86

SNOWFALL (IN)
  YESTERDAY        0.2           6.0  1938  MM     MM         T
  MONTH TO DATE   11.8                      MM     MM       22.7
  SINCE DEC 1     11.8                      MM     MM       22.7
  SINCE JUL 1     46.9                      MM     MM       32.5
  SNOW DEPTH       9

DEGREE DAYS
 HEATING
  YESTERDAY       36                        51    -15       58
  MONTH TO DATE 1111                      1235   -124     1485
  SINCE DEC 1   1111                      1235   -124     1485
  SINCE JUL 1   3632                      3369    263     3712

COOLING
  YESTERDAY        0                         0      0        0
  MONTH TO DATE    0                         0      0        0
  SINCE DEC 1      0                         0      0        0
  SINCE JAN 1    148                       261   -113      281
..................................................................

WIND (MPH)
  HIGHEST WIND SPEED     8   HIGHEST WIND DIRECTION    NE (30)
  HIGHEST GUST SPEED    11   HIGHEST GUST DIRECTION    NE (40)
  AVERAGE WIND SPEED     3.7

SKY COVER
  POSSIBLE SUNSHINE  MM
  AVERAGE SKY COVER 1.0

WEATHER CONDITIONS
 THE FOLLOWING WEATHER WAS RECORDED YESTERDAY.
  LIGHT SNOW
  FOG

RELATIVE HUMIDITY (PERCENT)
 HIGHEST   100           600 AM
 LOWEST     92          1200 AM
 AVERAGE    96
..........................................................

THE RHINELANDER WI CLIMATE NORMALS FOR TODAY
                         NORMAL    RECORD    YEAR
 MAXIMUM TEMPERATURE (F)   23        48      1936
 MINIMUM TEMPERATURE (F)    5       -34      1924

SUNRISE AND SUNSET
DECEMBER 27 2014......SUNRISE   738 AM CST   SUNSET   420 PM CST
DECEMBER 28 2014......SUNRISE   738 AM CST   SUNSET   421 PM CST

-  INDICATES NEGATIVE NUMBERS.
R  INDICATES RECORD WAS SET OR TIED.
MM INDICATES DATA IS MISSING.
T  INDICATES TRACE AMOUNT.

$$
