000
CDUS43 KGRB 172233
CLIRHI


CLIMATE REPORT
NATIONAL WEATHER SERVICE GREEN BAY
433 PM CST WED JAN 17 2018


...................................

...THE RHINELANDER WI CLIMATE SUMMARY FOR JANUARY 17 2018...
VALID TODAY AS OF 0400 PM LOCAL TIME.

CLIMATE NORMAL PERIOD 1981 TO 2010
CLIMATE RECORD PERIOD 1908 TO 2018


WEATHER ITEM   OBSERVED TIME   RECORD YEAR NORMAL DEPARTURE LAST
                VALUE   (LST)  VALUE       VALUE  FROM      YEAR
                                                  NORMAL
..................................................................
TEMPERATURE (F)
 TODAY
  MAXIMUM         23    352 PM  45    1986  21      2       41
                                      1973
  MINIMUM          1    326 AM -38    1982   3     -2       21
  AVERAGE         12                        12      0       31

PRECIPITATION (IN)
  TODAY           MM             0.96 1935   0.03  MM        0.11
  MONTH TO DATE    0.58                      0.62  -0.04     1.22
  SINCE DEC 1      2.31                      2.06   0.25     3.29
  SINCE JAN 1      0.58                      0.62  -0.04     1.22

SNOWFALL (IN)
  TODAY           MM            10.0  1935  MM     MM        1.0
  MONTH TO DATE    6.5                      MM     MM       13.3
  SINCE DEC 1     19.9                      MM     MM       32.9
  SINCE JUL 1     33.6                      MM     MM       39.5
  SNOW DEPTH      MM

DEGREE DAYS
 HEATING
  TODAY           53                        53      0       34
  MONTH TO DATE  973                       896     77      950
  SINCE DEC 1   2577                      2388    189     2400
  SINCE JUL 1   4550                      4522     28     3882

 COOLING
  TODAY            0                         0      0        0
  MONTH TO DATE    0                         0      0        0
  SINCE DEC 1      0                         0      0        0
  SINCE JAN 1      0                         0      0        0
..................................................................


WIND (MPH)
  HIGHEST WIND SPEED    21   HIGHEST WIND DIRECTION    SW (240)
  HIGHEST GUST SPEED    27   HIGHEST GUST DIRECTION    SW (240)
  AVERAGE WIND SPEED    12.0


SKY COVER
  POSSIBLE SUNSHINE  MM
  AVERAGE SKY COVER 0.2


WEATHER CONDITIONS
 THE FOLLOWING WEATHER WAS RECORDED TODAY.
  HAZE


RELATIVE HUMIDITY (PERCENT)
 HIGHEST    91          1200 AM
 LOWEST     52           200 PM
 AVERAGE    72

..........................................................


THE RHINELANDER WI CLIMATE NORMALS FOR TOMORROW
                         NORMAL    RECORD    YEAR
 MAXIMUM TEMPERATURE (F)   21        46      1996
 MINIMUM TEMPERATURE (F)    3       -36      1948


SUNRISE AND SUNSET
JANUARY 17 2018.......SUNRISE   733 AM CST   SUNSET   443 PM CST
JANUARY 18 2018.......SUNRISE   733 AM CST   SUNSET   444 PM CST


-  INDICATES NEGATIVE NUMBERS.
R  INDICATES RECORD WAS SET OR TIED.
MM INDICATES DATA IS MISSING.
T  INDICATES TRACE AMOUNT.




$$
