000
CDUS43 KGRB 032126
CLIRHI


CLIMATE REPORT
NATIONAL WEATHER SERVICE GREEN BAY
425 PM CDT MON AUG 3 2015


...................................

...THE RHINELANDER WI CLIMATE SUMMARY FOR AUGUST 3 2015...
VALID TODAY AS OF 0400 PM LOCAL TIME.

CLIMATE NORMAL PERIOD 1981 TO 2010
CLIMATE RECORD PERIOD 1908 TO 2015


WEATHER ITEM   OBSERVED TIME   RECORD YEAR NORMAL DEPARTURE LAST
                VALUE   (LST)  VALUE       VALUE  FROM      YEAR
                                                  NORMAL
..................................................................
TEMPERATURE (F)
 TODAY
  MAXIMUM         71    240 PM  92    1988  79     -8       82
                                      1964
  MINIMUM         50    514 AM  41    1912  54     -4       53
  AVERAGE         61                        66     -5       68

PRECIPITATION (IN)
  TODAY            0.00          2.14 1974   0.11  -0.11     0.02
  MONTH TO DATE    0.53                      0.32   0.21     0.02
  SINCE JUN 1      7.15                      8.23  -1.08    10.74
  SINCE JAN 1     15.75                     17.91  -2.16    21.85

SNOWFALL (IN)
  TODAY            0.0           0.0    MM  MM     MM        0.0
  MONTH TO DATE    0.0                      MM     MM        0.0
  SINCE JUN 1      0.0                      MM     MM        0.0
  SINCE JUL 1      0.0                      MM     MM        0.0
  SNOW DEPTH       0

DEGREE DAYS
 HEATING
  TODAY            4                         2      2        0
  MONTH TO DATE    4                         4      0        3
  SINCE JUN 1    185                       189     -4      220
  SINCE JUL 1     53                        55     -2      127

 COOLING
  TODAY            0                         3     -3        3
  MONTH TO DATE    0                         9     -9        3
  SINCE JUN 1     98                       167    -69      114
  SINCE JAN 1    103                       179    -76      121
..................................................................


WIND (MPH)
  HIGHEST WIND SPEED    20   HIGHEST WIND DIRECTION     W (280)
  HIGHEST GUST SPEED    26   HIGHEST GUST DIRECTION     W (270)
  AVERAGE WIND SPEED     9.3


SKY COVER
  POSSIBLE SUNSHINE  MM
  AVERAGE SKY COVER 0.7


WEATHER CONDITIONS
 THE FOLLOWING WEATHER WAS RECORDED TODAY.
  NO SIGNIFICANT WEATHER WAS OBSERVED.


RELATIVE HUMIDITY (PERCENT)
 HIGHEST    93          1200 AM
 LOWEST     47           100 PM
 AVERAGE    70

..........................................................


THE RHINELANDER WI CLIMATE NORMALS FOR TOMORROW
                         NORMAL    RECORD    YEAR
 MAXIMUM TEMPERATURE (F)   79        96      1947
 MINIMUM TEMPERATURE (F)   54        37      1951


SUNRISE AND SUNSET
AUGUST  3 2015........SUNRISE   543 AM CDT   SUNSET   824 PM CDT
AUGUST  4 2015........SUNRISE   545 AM CDT   SUNSET   822 PM CDT


-  INDICATES NEGATIVE NUMBERS.
R  INDICATES RECORD WAS SET OR TIED.
MM INDICATES DATA IS MISSING.
T  INDICATES TRACE AMOUNT.




$$
