941
CDUS43 KGRB 200728
CLIRHI


CLIMATE REPORT
NATIONAL WEATHER SERVICE GREEN BAY
127 AM CST FRI JAN 20 2017


...................................

...THE RHINELANDER WI CLIMATE SUMMARY FOR JANUARY 19 2017...

CLIMATE NORMAL PERIOD 1981 TO 2010
CLIMATE RECORD PERIOD 1908 TO 2017


WEATHER ITEM   OBSERVED TIME   RECORD YEAR NORMAL DEPARTURE LAST
                VALUE   (LST)  VALUE       VALUE  FROM      YEAR
                                                  NORMAL
..................................................................
TEMPERATURE (F)
 YESTERDAY
  MAXIMUM         43    232 PM  45    1908  21     22       11
  MINIMUM         27   1130 PM -33    1994   3     24       -3
  AVERAGE         35                        12     23        4

PRECIPITATION (IN)
  YESTERDAY        0.00          0.75 1935   0.03  -0.03      T
  MONTH TO DATE    1.22                      0.69   0.53     0.48
  SINCE DEC 1      3.29                      2.13   1.16     4.44
  SINCE JAN 1      1.22                      0.69   0.53     0.48

SNOWFALL (IN)
  YESTERDAY        0.0           7.5  1935  MM     MM         T
                                      1946
  MONTH TO DATE   13.3                      MM     MM        4.3
  SINCE DEC 1     32.9                      MM     MM       16.9
  SINCE JUL 1     39.5                      MM     MM       21.0
  SNOW DEPTH      15

DEGREE DAYS
 HEATING
  YESTERDAY       30                        53    -23       61
  MONTH TO DATE 1013                      1002     11     1013
  SINCE DEC 1   2463                      2494    -31     2122
  SINCE JUL 1   3945                      4628   -683     3839

 COOLING
  YESTERDAY        0                         0      0        0
  MONTH TO DATE    0                         0      0        0
  SINCE DEC 1      0                         0      0        0
  SINCE JAN 1      0                         0      0        0
..................................................................


WIND (MPH)
  HIGHEST WIND SPEED    13   HIGHEST WIND DIRECTION    SW (230)
  HIGHEST GUST SPEED    16   HIGHEST GUST DIRECTION    SW (220)
  AVERAGE WIND SPEED     5.1


SKY COVER
  POSSIBLE SUNSHINE  MM
  AVERAGE SKY COVER 0.5


WEATHER CONDITIONS
 THE FOLLOWING WEATHER WAS RECORDED YESTERDAY.
  FOG
  FOG W/VISIBILITY <= 1/4 MILE


RELATIVE HUMIDITY (PERCENT)
 HIGHEST   100           200 AM
 LOWEST     73           300 PM
 AVERAGE    87

..........................................................


THE RHINELANDER WI CLIMATE NORMALS FOR TODAY
                         NORMAL    RECORD    YEAR
 MAXIMUM TEMPERATURE (F)   21        51      1908
 MINIMUM TEMPERATURE (F)    3       -32      1984


SUNRISE AND SUNSET
JANUARY 20 2017.......SUNRISE   731 AM CST   SUNSET   447 PM CST
JANUARY 21 2017.......SUNRISE   730 AM CST   SUNSET   449 PM CST


-  INDICATES NEGATIVE NUMBERS.
R  INDICATES RECORD WAS SET OR TIED.
MM INDICATES DATA IS MISSING.
T  INDICATES TRACE AMOUNT.




$$
