000
CDUS41 KAKQ 270527
CLIRIC


CLIMATE REPORT
NATIONAL WEATHER SERVICE WAKEFIELD, VA
126 AM EDT WED JUL 27 2016


...................................

...THE RICHMOND VA CLIMATE SUMMARY FOR JULY 26 2016...

CLIMATE NORMAL PERIOD 1981 TO 2010
CLIMATE RECORD PERIOD 1871 TO 2016


WEATHER ITEM   OBSERVED TIME   RECORD YEAR NORMAL DEPARTURE LAST
                VALUE   (LST)  VALUE       VALUE  FROM      YEAR
                                                  NORMAL
..................................................................
TEMPERATURE (F)
 YESTERDAY
  MAXIMUM         95    347 PM 100    1940  89      6       90
                                      1930
  MINIMUM         74   1145 PM  57    1976  69      5       69
                                      1920
  AVERAGE         85                        79      6       80

PRECIPITATION (IN)
  YESTERDAY        0.47          4.81 1938   0.16   0.31     0.00
  MONTH TO DATE    3.76                      3.74   0.02     5.49
  SINCE JUN 1     11.57                      7.67   3.90    11.40
  SINCE JAN 1     32.20                     24.56   7.64    29.38

SNOWFALL (IN)
  YESTERDAY        0.0           0.0  2002   0.0    0.0
                                      2001
  MONTH TO DATE    0.0                       0.0    0.0
  SINCE NOV 1     15.1                      10.3    4.8
  SINCE JUL 1      0.0                       0.0    0.0
  SNOW DEPTH       0

DEGREE DAYS
 HEATING
  YESTERDAY        0                         0      0        0
  MONTH TO DATE    0                         0      0        0
  SINCE JUN 1      0                         7     -7        6
  SINCE JUL 1      0                         0      0        0

 COOLING
  YESTERDAY       20                        14      6       15
  MONTH TO DATE  387                       373     14      366
  SINCE JUN 1    682                       688     -6      767
  SINCE JAN 1    791                       849    -58     1029
..................................................................


WIND (MPH)
  HIGHEST WIND SPEED    18   HIGHEST WIND DIRECTION    SW (240)
  HIGHEST GUST SPEED    23   HIGHEST GUST DIRECTION    SW (240)
  AVERAGE WIND SPEED     5.3


SKY COVER
  POSSIBLE SUNSHINE  MM
  AVERAGE SKY COVER 0.7


WEATHER CONDITIONS
 THE FOLLOWING WEATHER WAS RECORDED YESTERDAY.
  THUNDERSTORM
  HEAVY RAIN
  RAIN
  LIGHT RAIN
  FOG


RELATIVE HUMIDITY (PERCENT)
 HIGHEST    94           900 PM
 LOWEST     49          1200 PM
 AVERAGE    72

..........................................................


THE RICHMOND VA CLIMATE NORMALS FOR TODAY
                         NORMAL    RECORD    YEAR
 MAXIMUM TEMPERATURE (F)   89       101      1940
 MINIMUM TEMPERATURE (F)   69        52      1962


SUNRISE AND SUNSET
JULY 27 2016..........SUNRISE   610 AM EDT   SUNSET   821 PM EDT
JULY 28 2016..........SUNRISE   611 AM EDT   SUNSET   821 PM EDT


-  INDICATES NEGATIVE NUMBERS.
R  INDICATES RECORD WAS SET OR TIED.
MM INDICATES DATA IS MISSING.
T  INDICATES TRACE AMOUNT.




$$
