000
CDUS41 KAKQ 290545
CLIRIC


CLIMATE REPORT
NATIONAL WEATHER SERVICE WAKEFIELD, VA
145 AM EDT SAT APR 29 2017


...................................

...THE RICHMOND VA CLIMATE SUMMARY FOR APRIL 28 2017...

CLIMATE NORMAL PERIOD 1981 TO 2010
CLIMATE RECORD PERIOD 1871 TO 2017


WEATHER ITEM   OBSERVED TIME   RECORD YEAR NORMAL DEPARTURE LAST
                VALUE   (LST)  VALUE       VALUE  FROM      YEAR
                                                  NORMAL
..................................................................
TEMPERATURE (F)
 YESTERDAY
  MAXIMUM         85    514 PM  93    1957  74     11       59
  MINIMUM         66    608 AM  32    1931  50     16       52
  AVERAGE         76                        62     14       56

PRECIPITATION (IN)
  YESTERDAY        0.14          1.34 1923   0.11   0.03     0.37
  MONTH TO DATE    2.28                      3.06  -0.78     2.17
  SINCE MAR 1      5.96                      7.10  -1.14     3.19
  SINCE JAN 1     10.96                     12.90  -1.94    10.84

SNOWFALL (IN)
  YESTERDAY        0.0           2.0  1898   0.0    0.0
  MONTH TO DATE    0.0                       0.1   -0.1
  SINCE NOV 1      7.1                      10.3   -3.2
  SINCE JUL 1      7.1                      10.3   -3.2
  SNOW DEPTH       0

DEGREE DAYS
 HEATING
  YESTERDAY        0                         5     -5        9
  MONTH TO DATE  111                       230   -119      251
  SINCE MAR 1    604                       746   -142      609
  SINCE JUL 1   3086                      3682   -596     3197

 COOLING
  YESTERDAY       11                         2      9        0
  MONTH TO DATE   68                        34     34       24
  SINCE MAR 1     76                        40     36       30
  SINCE JAN 1     76                        40     36       30
..................................................................


WIND (MPH)
  HIGHEST WIND SPEED    15   HIGHEST WIND DIRECTION    SW (220)
  HIGHEST GUST SPEED    23   HIGHEST GUST DIRECTION     S (200)
  AVERAGE WIND SPEED     7.0


SKY COVER
  POSSIBLE SUNSHINE  MM
  AVERAGE SKY COVER 0.6


WEATHER CONDITIONS
 THE FOLLOWING WEATHER WAS RECORDED YESTERDAY.
  THUNDERSTORM
  HEAVY RAIN
  LIGHT RAIN
  FOG


RELATIVE HUMIDITY (PERCENT)
 HIGHEST   100           300 AM
 LOWEST     48           400 PM
 AVERAGE    74

..........................................................


THE RICHMOND VA CLIMATE NORMALS FOR TODAY
                         NORMAL    RECORD    YEAR
 MAXIMUM TEMPERATURE (F)   74        94      1974
 MINIMUM TEMPERATURE (F)   50        33      1934


SUNRISE AND SUNSET
APRIL 29 2017.........SUNRISE   616 AM EDT   SUNSET   758 PM EDT
APRIL 30 2017.........SUNRISE   615 AM EDT   SUNSET   759 PM EDT


-  INDICATES NEGATIVE NUMBERS.
R  INDICATES RECORD WAS SET OR TIED.
MM INDICATES DATA IS MISSING.
T  INDICATES TRACE AMOUNT.




$$
