000
CDUS41 KAKQ 170633
CLIRIC


CLIMATE REPORT
NATIONAL WEATHER SERVICE WAKEFIELD, VA
133 AM EST SUN DEC 17 2017


...................................

...THE RICHMOND VA CLIMATE SUMMARY FOR DECEMBER 16 2017...

CLIMATE NORMAL PERIOD 1981 TO 2010
CLIMATE RECORD PERIOD 1871 TO 2017


WEATHER ITEM   OBSERVED TIME   RECORD YEAR NORMAL DEPARTURE LAST
                VALUE   (LST)  VALUE       VALUE  FROM      YEAR
                                                  NORMAL
..................................................................
TEMPERATURE (F)
 YESTERDAY
  MAXIMUM         MM        MM  80    1971  50     MM       29
  MINIMUM         MM        MM   1    1958  31     MM       15
  AVERAGE         MM                        41     MM       22

PRECIPITATION (IN)
  YESTERDAY        0.00          1.49 1911   0.10  -0.10     0.00
  MONTH TO DATE    1.02                      1.75  -0.73     2.12
  SINCE DEC 1      1.02                      1.75  -0.73     2.12
  SINCE JAN 1     37.93                     42.09  -4.16    52.07

SNOWFALL (IN)
  YESTERDAY        0.0           2.5  1973   0.0    0.0
  MONTH TO DATE    3.1                       0.9    2.2
  SINCE NOV 1      3.1                       1.1    2.0
  SINCE JUL 1      3.1                       1.1    2.0
  SNOW DEPTH       0

DEGREE DAYS
 HEATING
  YESTERDAY       MM                        24     MM       43
  MONTH TO DATE  345                       356    -11      395
  SINCE DEC 1    345                       356    -11      395
  SINCE JUL 1    957                      1032    -75      985

 COOLING
  YESTERDAY       MM                         0     MM        0
  MONTH TO DATE    0                         0      0        0
  SINCE DEC 1      0                         0      0        0
  SINCE JAN 1   1706                      1548    158     1699
..................................................................


WIND (MPH)
  HIGHEST WIND SPEED    17   HIGHEST WIND DIRECTION    SW (230)
  HIGHEST GUST SPEED    22   HIGHEST GUST DIRECTION    SW (240)
  AVERAGE WIND SPEED     6.9


SKY COVER
  POSSIBLE SUNSHINE  MM
  AVERAGE SKY COVER 0.1


WEATHER CONDITIONS
 THE FOLLOWING WEATHER WAS RECORDED YESTERDAY.
  NO SIGNIFICANT WEATHER WAS OBSERVED.


RELATIVE HUMIDITY (PERCENT)
 HIGHEST    MM
 LOWEST     MM
 AVERAGE    MM

..........................................................


THE RICHMOND VA CLIMATE NORMALS FOR TODAY
                         NORMAL    RECORD    YEAR
 MAXIMUM TEMPERATURE (F)   50        75      1924
 MINIMUM TEMPERATURE (F)   31        10      1951


SUNRISE AND SUNSET
DECEMBER 17 2017......SUNRISE   718 AM EST   SUNSET   453 PM EST
DECEMBER 18 2017......SUNRISE   719 AM EST   SUNSET   453 PM EST


-  INDICATES NEGATIVE NUMBERS.
R  INDICATES RECORD WAS SET OR TIED.
MM INDICATES DATA IS MISSING.
T  INDICATES TRACE AMOUNT.




$$
