000
CDUS41 KAKQ 180845
CLIRIC


CLIMATE REPORT
NATIONAL WEATHER SERVICE WAKEFIELD, VA
445 AM EDT THU SEP 18 2014


...................................

...THE RICHMOND VA CLIMATE SUMMARY FOR SEPTEMBER 17 2014...

CLIMATE NORMAL PERIOD 1981 TO 2010
CLIMATE RECORD PERIOD 1871 TO 2014


WEATHER ITEM   OBSERVED TIME   RECORD YEAR NORMAL DEPARTURE LAST
                VALUE   (LST)  VALUE       VALUE  FROM      YEAR
                                                  NORMAL
..................................................................
TEMPERATURE (F)
 YESTERDAY
  MAXIMUM         81    155 PM  97    1991  81      0       72
  MINIMUM         59    606 AM  40    1966  60     -1       52
  AVERAGE         70                        70      0       62

PRECIPITATION (IN)
  YESTERDAY        0.00          2.89 1945   0.14  -0.14     0.00
  MONTH TO DATE    0.55                      2.44  -1.89     0.54
  SINCE SEP 1      0.55                      2.44  -1.89     0.54
  SINCE JAN 1     26.22                     32.43  -6.21    39.41

SNOWFALL (IN)
  YESTERDAY        0.0           0.0  2002   0.0    0.0
                                      2001
  MONTH TO DATE    0.0                       0.0    0.0
  SINCE NOV 1     14.5                      10.3    4.2
  SINCE JUL 1      0.0                       0.0    0.0
  SNOW DEPTH       0

DEGREE DAYS
 HEATING
  YESTERDAY        0                         1     -1        3
  MONTH TO DATE    0                         4     -4        3
  SINCE SEP 1      0                         4     -4        3
  SINCE JUL 1      0                         5     -5        3

 COOLING
  YESTERDAY        5                         6     -1        0
  MONTH TO DATE  193                       141     52      174
  SINCE SEP 1    193                       141     52      174
  SINCE JAN 1   1573                      1448    125     1579
..................................................................


WIND (MPH)
  HIGHEST WIND SPEED    10   HIGHEST WIND DIRECTION     E (90)
  HIGHEST GUST SPEED    14   HIGHEST GUST DIRECTION     E (100)
  AVERAGE WIND SPEED     5.3


SKY COVER
  POSSIBLE SUNSHINE  MM
  AVERAGE SKY COVER 0.6


WEATHER CONDITIONS
 THE FOLLOWING WEATHER WAS RECORDED YESTERDAY.
  NO SIGNIFICANT WEATHER WAS OBSERVED.


RELATIVE HUMIDITY (PERCENT)
 HIGHEST    87           600 AM
 LOWEST     39           200 PM
 AVERAGE    63

..........................................................


THE RICHMOND VA CLIMATE NORMALS FOR TODAY
                         NORMAL    RECORD    YEAR
 MAXIMUM TEMPERATURE (F)   81        95      1978
 MINIMUM TEMPERATURE (F)   59        43      1966
                                             1937


SUNRISE AND SUNSET
SEPTEMBER 18 2014.....SUNRISE   654 AM EDT   SUNSET   712 PM EDT
SEPTEMBER 19 2014.....SUNRISE   655 AM EDT   SUNSET   711 PM EDT


-  INDICATES NEGATIVE NUMBERS.
R  INDICATES RECORD WAS SET OR TIED.
MM INDICATES DATA IS MISSING.
T  INDICATES TRACE AMOUNT.




$$
