000
CDUS41 KAKQ 270642
CLIRIC


CLIMATE REPORT
NATIONAL WEATHER SERVICE WAKEFIELD, VA
141 AM EST FRI FEB 27 2015


...................................

...THE RICHMOND VA CLIMATE SUMMARY FOR FEBRUARY 26 2015...

CLIMATE NORMAL PERIOD 1981 TO 2010
CLIMATE RECORD PERIOD 1871 TO 2015


WEATHER ITEM   OBSERVED TIME   RECORD YEAR NORMAL DEPARTURE LAST
                VALUE   (LST)  VALUE       VALUE  FROM      YEAR
                                                  NORMAL
..................................................................
TEMPERATURE (F)
 YESTERDAY
  MAXIMUM         37    504 PM  77    1977  54    -17       45
  MINIMUM         24   1145 PM  11    1970  32     -8       26
  AVERAGE         31                        43    -12       36

PRECIPITATION (IN)
  YESTERDAY        0.49          1.66 1891   0.10   0.39     0.00
  MONTH TO DATE    3.77                      2.56   1.21     3.03
  SINCE DEC 1     10.40                      8.86   1.54    12.42
  SINCE JAN 1      7.26                      5.60   1.66     6.31

SNOWFALL (IN)
  YESTERDAY        5.0           5.3  1963   0.0    5.0
  MONTH TO DATE   12.2                       3.2    9.0
  SINCE NOV 1     12.5                       9.4    3.1
  SINCE JUL 1     12.5                       9.4    3.1
  SNOW DEPTH      MM

DEGREE DAYS
 HEATING
  YESTERDAY       34                        22     12       29
  MONTH TO DATE  864                       632    232      634
  SINCE DEC 1   2361                      2217    144     2247
  SINCE JUL 1   3031                      2893    138     2887

 COOLING
  YESTERDAY        0                         0      0        0
  MONTH TO DATE    0                         0      0        0
  SINCE DEC 1      0                         1     -1        4
  SINCE JAN 1      0                         0      0        0
..................................................................


WIND (MPH)
  HIGHEST WIND SPEED    20   HIGHEST WIND DIRECTION     N (20)
  HIGHEST GUST SPEED    26   HIGHEST GUST DIRECTION     N (20)
  AVERAGE WIND SPEED     7.4


SKY COVER
  POSSIBLE SUNSHINE  MM
  AVERAGE SKY COVER 0.8


WEATHER CONDITIONS
 THE FOLLOWING WEATHER WAS RECORDED YESTERDAY.
  HEAVY SNOW
  SNOW
  LIGHT SNOW
  FOG
  FOG W/VISIBILITY <= 1/4 MILE


RELATIVE HUMIDITY (PERCENT)
 HIGHEST    92           200 AM
 LOWEST     47          1200 AM
 AVERAGE    70

..........................................................


THE RICHMOND VA CLIMATE NORMALS FOR TODAY
                         NORMAL    RECORD    YEAR
 MAXIMUM TEMPERATURE (F)   54        79      1997
 MINIMUM TEMPERATURE (F)   33         4      1934


SUNRISE AND SUNSET
FEBRUARY 27 2015......SUNRISE   644 AM EST   SUNSET   601 PM EST
FEBRUARY 28 2015......SUNRISE   642 AM EST   SUNSET   602 PM EST


-  INDICATES NEGATIVE NUMBERS.
R  INDICATES RECORD WAS SET OR TIED.
MM INDICATES DATA IS MISSING.
T  INDICATES TRACE AMOUNT.




$$
