000
CDUS41 KAKQ 230826
CLIRIC


CLIMATE REPORT
NATIONAL WEATHER SERVICE WAKEFIELD, VA
425 AM EDT THU OCT 23 2014


...................................

...THE RICHMOND VA CLIMATE SUMMARY FOR OCTOBER 22 2014...

CLIMATE NORMAL PERIOD 1981 TO 2010
CLIMATE RECORD PERIOD 1871 TO 2014


WEATHER ITEM   OBSERVED TIME   RECORD YEAR NORMAL DEPARTURE LAST
                VALUE   (LST)  VALUE       VALUE  FROM      YEAR
                                                  NORMAL
..................................................................
TEMPERATURE (F)
 YESTERDAY
  MAXIMUM         58    203 PM  86    1920  69    -11       74
  MINIMUM         52    605 AM  23    1930  46      6       51
  AVERAGE         55                        58     -3       63

PRECIPITATION (IN)
  YESTERDAY        0.21          4.55 1929   0.09   0.12     0.00
  MONTH TO DATE    2.62                      2.09   0.53     4.23
  SINCE SEP 1      3.97                      6.22  -2.25     5.62
  SINCE JAN 1     29.64                     36.21  -6.57    44.49

SNOWFALL (IN)
  YESTERDAY        0.0           0.0  2002   0.0    0.0
                                      2001
  MONTH TO DATE    0.0                       0.0    0.0
  SINCE NOV 1     14.5                      10.3    4.2
  SINCE JUL 1      0.0                       0.0    0.0
  SNOW DEPTH       0

DEGREE DAYS
 HEATING
  YESTERDAY       10                         8      2        2
  MONTH TO DATE   70                       121    -51       50
  SINCE SEP 1     77                       149    -72       63
  SINCE JUL 1     77                       150    -73       63

 COOLING
  YESTERDAY        0                         1     -1        0
  MONTH TO DATE   48                        35     13       71
  SINCE SEP 1    292                       232     60      265
  SINCE JAN 1   1672                      1539    133     1670
..................................................................


WIND (MPH)
  HIGHEST WIND SPEED    25   HIGHEST WIND DIRECTION     N (340)
  HIGHEST GUST SPEED    33   HIGHEST GUST DIRECTION    NW (330)
  AVERAGE WIND SPEED    14.8


SKY COVER
  POSSIBLE SUNSHINE  MM
  AVERAGE SKY COVER 1.0


WEATHER CONDITIONS
 THE FOLLOWING WEATHER WAS RECORDED YESTERDAY.
  RAIN
  LIGHT RAIN
  FOG


RELATIVE HUMIDITY (PERCENT)
 HIGHEST    96           600 AM
 LOWEST     66           800 PM
 AVERAGE    81

..........................................................


THE RICHMOND VA CLIMATE NORMALS FOR TODAY
                         NORMAL    RECORD    YEAR
 MAXIMUM TEMPERATURE (F)   69        87      1947
 MINIMUM TEMPERATURE (F)   46        23      1930


SUNRISE AND SUNSET
OCTOBER 23 2014.......SUNRISE   725 AM EDT   SUNSET   622 PM EDT
OCTOBER 24 2014.......SUNRISE   726 AM EDT   SUNSET   620 PM EDT


-  INDICATES NEGATIVE NUMBERS.
R  INDICATES RECORD WAS SET OR TIED.
MM INDICATES DATA IS MISSING.
T  INDICATES TRACE AMOUNT.




$$
