000
CDUS41 KAKQ 250634
CLIRIC


CLIMATE REPORT
NATIONAL WEATHER SERVICE WAKEFIELD, VA
133 AM EST SAT FEB 25 2017


...................................

...THE RICHMOND VA CLIMATE SUMMARY FOR FEBRUARY 24 2017...

CLIMATE NORMAL PERIOD 1981 TO 2010
CLIMATE RECORD PERIOD 1871 TO 2017


WEATHER ITEM   OBSERVED TIME   RECORD YEAR NORMAL DEPARTURE LAST
                VALUE   (LST)  VALUE       VALUE  FROM      YEAR
                                                  NORMAL
..................................................................
TEMPERATURE (F)
 YESTERDAY
  MAXIMUM         76    224 PM  82    1985  54     22       69
  MINIMUM         51    556 AM  11    1914  32     19       42
  AVERAGE         64                        43     21       56

PRECIPITATION (IN)
  YESTERDAY        0.00          2.64 1979   0.10  -0.10     1.03
  MONTH TO DATE    0.54                      2.35  -1.81     4.35
  SINCE DEC 1      7.63                      8.65  -1.02    13.59
  SINCE JAN 1      4.83                      5.39  -0.56     7.65

SNOWFALL (IN)
  YESTERDAY        0.0           5.4  1952   0.1   -0.1
  MONTH TO DATE    0.0                       3.1   -3.1
  SINCE NOV 1      7.1                       9.3   -2.2
  SINCE JUL 1      7.1                       9.3   -2.2
  SNOW DEPTH       0

DEGREE DAYS
 HEATING
  YESTERDAY        1                        22    -21        9
  MONTH TO DATE  392                       588   -196      595
  SINCE DEC 1   1844                      2173   -329     1899
  SINCE JUL 1   2434                      2849   -415     2491

 COOLING
  YESTERDAY        0                         0      0        0
  MONTH TO DATE    0                         0      0        0
  SINCE DEC 1      0                         1     -1        8
  SINCE JAN 1      0                         0      0        0
..................................................................


WIND (MPH)
  HIGHEST WIND SPEED    16   HIGHEST WIND DIRECTION    SE (150)
  HIGHEST GUST SPEED    23   HIGHEST GUST DIRECTION     S (190)
  AVERAGE WIND SPEED     7.3


SKY COVER
  POSSIBLE SUNSHINE  MM
  AVERAGE SKY COVER 0.3


WEATHER CONDITIONS
 THE FOLLOWING WEATHER WAS RECORDED YESTERDAY.
  FOG


RELATIVE HUMIDITY (PERCENT)
 HIGHEST   100           300 AM
 LOWEST     50           300 PM
 AVERAGE    75

..........................................................


THE RICHMOND VA CLIMATE NORMALS FOR TODAY
                         NORMAL    RECORD    YEAR
 MAXIMUM TEMPERATURE (F)   54        83      1930
 MINIMUM TEMPERATURE (F)   32         8      1914


SUNRISE AND SUNSET
FEBRUARY 25 2017......SUNRISE   646 AM EST   SUNSET   559 PM EST
FEBRUARY 26 2017......SUNRISE   644 AM EST   SUNSET   600 PM EST


-  INDICATES NEGATIVE NUMBERS.
R  INDICATES RECORD WAS SET OR TIED.
MM INDICATES DATA IS MISSING.
T  INDICATES TRACE AMOUNT.




$$
