000
CDUS45 KRIW 260736
CLIRIW


CLIMATE REPORT
NATIONAL WEATHER SERVICE RIVERTON WY
136 AM MDT TUE MAY 26 2015


...................................

...THE RIVERTON WY CLIMATE SUMMARY FOR MAY 25 2015...

CLIMATE NORMAL PERIOD 1981 TO 2010
CLIMATE RECORD PERIOD 1995 TO 2015


WEATHER ITEM   OBSERVED TIME   RECORD YEAR NORMAL DEPARTURE LAST
                VALUE   (LST)  VALUE       VALUE  FROM      YEAR
                                                  NORMAL
..................................................................
TEMPERATURE (F)
 YESTERDAY
  MAXIMUM         61    456 PM  86    2006  70     -9       76
  MINIMUM         45   1159 PM  33    2010  43      2       47
  AVERAGE         53                        57     -4       62

PRECIPITATION (IN)
  YESTERDAY        0.17          0.42 2012   0.05   0.12     0.00
  MONTH TO DATE    4.33                      1.45   2.88     0.64
  SINCE MAR 1      5.56                      3.30   2.26     1.36
  SINCE JAN 1      6.63                      3.81   2.82     2.26

SNOWFALL (IN)
  YESTERDAY        0.0                                       0.0
  MONTH TO DATE    0.5                                       2.7
  SINCE MAR 1     10.5                                       6.6
  SINCE JUL 1     39.1                                      55.8
  SNOW DEPTH       0

DEGREE DAYS
 HEATING
  YESTERDAY       12                         9      3        3
  MONTH TO DATE  386                       305     81      324
  SINCE MAR 1   1751                      1847    -96     1859
  SINCE JUL 1   7144                      7701   -557     7740

 COOLING
  YESTERDAY        0                         0      0        0
  MONTH TO DATE    0                         0      0        0
  SINCE MAR 1      0                         0      0        0
  SINCE JAN 1      0                         0      0        0
..................................................................


WIND (MPH)
  HIGHEST WIND SPEED    10   HIGHEST WIND DIRECTION    NW (320)
  HIGHEST GUST SPEED    16   HIGHEST GUST DIRECTION    SE (120)
  AVERAGE WIND SPEED     5.0


SKY COVER
  POSSIBLE SUNSHINE  MM
  AVERAGE SKY COVER 0.6


WEATHER CONDITIONS
 THE FOLLOWING WEATHER WAS RECORDED YESTERDAY.
  THUNDERSTORM
  LIGHT RAIN


RELATIVE HUMIDITY (PERCENT)
 HIGHEST    93          1200 AM
 LOWEST     49           500 PM
 AVERAGE    71

..........................................................


THE RIVERTON WY CLIMATE NORMALS FOR TODAY
                         NORMAL    RECORD    YEAR
 MAXIMUM TEMPERATURE (F)   70        87      2006
                                             2003
 MINIMUM TEMPERATURE (F)   43        34      2012


SUNRISE AND SUNSET
MAY 26 2015...........SUNRISE   541 AM MDT   SUNSET   841 PM MDT
MAY 27 2015...........SUNRISE   540 AM MDT   SUNSET   842 PM MDT


-  INDICATES NEGATIVE NUMBERS.
R  INDICATES RECORD WAS SET OR TIED.
MM INDICATES DATA IS MISSING.
T  INDICATES TRACE AMOUNT.




$$
