000
CDUS45 KRIW 300738
CLIRIW


CLIMATE REPORT
NATIONAL WEATHER SERVICE RIVERTON WY
128 AM MDT MON MAY 30 2016


...................................

...THE RIVERTON WY CLIMATE SUMMARY FOR MAY 29 2016...

CLIMATE NORMAL PERIOD 1981 TO 2010
CLIMATE RECORD PERIOD 1995 TO 2016


WEATHER ITEM   OBSERVED TIME   RECORD YEAR NORMAL DEPARTURE LAST
                VALUE   (LST)  VALUE       VALUE  FROM      YEAR
                                                  NORMAL
..................................................................
TEMPERATURE (F)
 YESTERDAY
  MAXIMUM         75    421 PM  93    2003  71      4       62
  MINIMUM         43    417 AM  33    2011  44     -1       47
  AVERAGE         59                        58      1       55

PRECIPITATION (IN)
  YESTERDAY        T             1.30 2011   0.05  -0.05     0.01
  MONTH TO DATE    2.77                      1.63   1.14     4.55
  SINCE MAR 1      8.21                      3.48   4.73     5.78
  SINCE JAN 1      8.89                      3.99   4.90     6.85

SNOWFALL (IN)
  YESTERDAY        0.0                                       0.0
  MONTH TO DATE    T                                         0.5
  SINCE MAR 1     34.2                                      10.5
  SINCE JUL 1     62.4                                      39.1
  SNOW DEPTH       0

DEGREE DAYS
 HEATING
  YESTERDAY        6                         8     -2       10
  MONTH TO DATE  382                       337     45      422
  SINCE MAR 1   1754                      1879   -125     1787
  SINCE JUL 1   7075                      7733   -658     7180

 COOLING
  YESTERDAY        0                         1     -1        0
  MONTH TO DATE    0                         2     -2        0
  SINCE MAR 1      0                         2     -2        0
  SINCE JAN 1      0                         2     -2        0
..................................................................


WIND (MPH)
  HIGHEST WIND SPEED    38   HIGHEST WIND DIRECTION     W (280)
  HIGHEST GUST SPEED    44   HIGHEST GUST DIRECTION     W (270)
  AVERAGE WIND SPEED     9.2


SKY COVER
  POSSIBLE SUNSHINE  MM
  AVERAGE SKY COVER 0.1


WEATHER CONDITIONS
 THE FOLLOWING WEATHER WAS RECORDED YESTERDAY.
  LIGHT RAIN


RELATIVE HUMIDITY (PERCENT)
 HIGHEST    71           200 AM
 LOWEST     19           200 PM
 AVERAGE    45

..........................................................


THE RIVERTON WY CLIMATE NORMALS FOR TODAY
                         NORMAL    RECORD    YEAR
 MAXIMUM TEMPERATURE (F)   72        90      2002
 MINIMUM TEMPERATURE (F)   44        32      2011


SUNRISE AND SUNSET
MAY 30 2016...........SUNRISE   538 AM MDT   SUNSET   845 PM MDT
MAY 31 2016...........SUNRISE   537 AM MDT   SUNSET   846 PM MDT


-  INDICATES NEGATIVE NUMBERS.
R  INDICATES RECORD WAS SET OR TIED.
MM INDICATES DATA IS MISSING.
T  INDICATES TRACE AMOUNT.




$$
