000
CDUS45 KRIW 300740
CLIRIW


CLIMATE REPORT
NATIONAL WEATHER SERVICE RIVERTON WY
128 AM MDT SAT JUL 30 2016


...................................

...THE RIVERTON WY CLIMATE SUMMARY FOR JULY 29 2016...

CLIMATE NORMAL PERIOD 1981 TO 2010
CLIMATE RECORD PERIOD 1995 TO 2016


WEATHER ITEM   OBSERVED TIME   RECORD YEAR NORMAL DEPARTURE LAST
                VALUE   (LST)  VALUE       VALUE  FROM      YEAR
                                                  NORMAL
..................................................................
TEMPERATURE (F)
 YESTERDAY
  MAXIMUM         90    251 PM 101    2006  89      1       81
  MINIMUM         55    520 AM  47    2015  57     -2       47
  AVERAGE         73                        73      0       64

PRECIPITATION (IN)
  YESTERDAY        0.00          0.31 2014   0.03  -0.03     0.00
  MONTH TO DATE    T                         0.85  -0.85     1.10
  SINCE JUN 1      0.39                      2.13  -1.74     1.89
  SINCE JAN 1      9.28                      6.21   3.07     8.74

SNOWFALL (IN)
  YESTERDAY        0.0                                       0.0
  MONTH TO DATE    0.0                                       0.0
  SINCE JUN 1      0.0                                        T
  SINCE JUL 1      0.0                                       0.0
  SNOW DEPTH       0

DEGREE DAYS
 HEATING
  YESTERDAY        0                         0      0        1
  MONTH TO DATE    4                         8     -4       10
  SINCE JUN 1     20                       127   -107       33
  SINCE JUL 1      4                         8     -4       10

 COOLING
  YESTERDAY        8                         8      0        0
  MONTH TO DATE  233                       202     31      142
  SINCE JUN 1    395                       268    127      273
  SINCE JAN 1    395                       277    118      273
..................................................................


WIND (MPH)
  HIGHEST WIND SPEED    22   HIGHEST WIND DIRECTION     N (10)
  HIGHEST GUST SPEED    27   HIGHEST GUST DIRECTION     N (10)
  AVERAGE WIND SPEED     7.4


SKY COVER
  POSSIBLE SUNSHINE  MM
  AVERAGE SKY COVER 0.0


WEATHER CONDITIONS
 THE FOLLOWING WEATHER WAS RECORDED YESTERDAY.
  NO SIGNIFICANT WEATHER WAS OBSERVED.


RELATIVE HUMIDITY (PERCENT)
 HIGHEST    77           500 AM
 LOWEST     15           500 PM
 AVERAGE    46

..........................................................


THE RIVERTON WY CLIMATE NORMALS FOR TODAY
                         NORMAL    RECORD    YEAR
 MAXIMUM TEMPERATURE (F)   89        96      2001
 MINIMUM TEMPERATURE (F)   57        48      2009


SUNRISE AND SUNSET
JULY 30 2016..........SUNRISE   603 AM MDT   SUNSET   837 PM MDT
JULY 31 2016..........SUNRISE   604 AM MDT   SUNSET   836 PM MDT


-  INDICATES NEGATIVE NUMBERS.
R  INDICATES RECORD WAS SET OR TIED.
MM INDICATES DATA IS MISSING.
T  INDICATES TRACE AMOUNT.




$$
