000
CDUS45 KRIW 260729
CLIRIW


CLIMATE REPORT
NATIONAL WEATHER SERVICE RIVERTON WY
129 AM MDT SAT JUL 26 2014


...................................

...THE RIVERTON WY CLIMATE SUMMARY FOR JULY 25 2014...

CLIMATE NORMAL PERIOD 1981 TO 2010
CLIMATE RECORD PERIOD 1995 TO 2014


WEATHER ITEM   OBSERVED TIME   RECORD YEAR NORMAL DEPARTURE LAST
                VALUE   (LST)  VALUE       VALUE  FROM      YEAR
                                                  NORMAL
..................................................................
TEMPERATURE (F)
 YESTERDAY
  MAXIMUM         94    414 PM  96    2011  89      5       84
  MINIMUM         59    525 AM  50    2004  58      1       61
  AVERAGE         77                        73      4       73

PRECIPITATION (IN)
  YESTERDAY        0.00          0.64 2007   0.02  -0.02     0.00
  MONTH TO DATE    0.47                      0.76  -0.29     0.28
  SINCE JUN 1      1.59                      2.04  -0.45     0.33
  SINCE JAN 1      3.91                      6.12  -2.21     3.77

SNOWFALL (IN)
  YESTERDAY        0.0                                       0.0
  MONTH TO DATE    0.0                                       0.0
  SINCE JUN 1      0.0                                       0.0
  SINCE JUL 1      0.0                                       0.0
  SNOW DEPTH       0

DEGREE DAYS
 HEATING
  YESTERDAY        0                         0      0        0
  MONTH TO DATE    4                         8     -4        0
  SINCE JUN 1    130                       127      3       52
  SINCE JUL 1      4                         8     -4        0

 COOLING
  YESTERDAY       12                         8      4        8
  MONTH TO DATE  209                       170     39      278
  SINCE JUN 1    232                       236     -4      415
  SINCE JAN 1    247                       245      2      428
..................................................................


WIND (MPH)
  HIGHEST WIND SPEED    29   HIGHEST WIND DIRECTION     W (280)
  HIGHEST GUST SPEED    35   HIGHEST GUST DIRECTION    NW (300)
  AVERAGE WIND SPEED    11.2


SKY COVER
  POSSIBLE SUNSHINE  MM
  AVERAGE SKY COVER 0.1


WEATHER CONDITIONS
 THE FOLLOWING WEATHER WAS RECORDED YESTERDAY.
  NO SIGNIFICANT WEATHER WAS OBSERVED.


RELATIVE HUMIDITY (PERCENT)
 HIGHEST    48           700 AM
 LOWEST      7           400 PM
 AVERAGE    28

..........................................................


THE RIVERTON WY CLIMATE NORMALS FOR TODAY
                         NORMAL    RECORD    YEAR
 MAXIMUM TEMPERATURE (F)   89        97      2008
 MINIMUM TEMPERATURE (F)   58        50      2005


SUNRISE AND SUNSET
JULY 26 2014..........SUNRISE   558 AM MDT   SUNSET   842 PM MDT
JULY 27 2014..........SUNRISE   559 AM MDT   SUNSET   841 PM MDT


-  INDICATES NEGATIVE NUMBERS.
R  INDICATES RECORD WAS SET OR TIED.
MM INDICATES DATA IS MISSING.
T  INDICATES TRACE AMOUNT.




$$
