000
CDUS45 KRIW 270735
CLIRIW


CLIMATE REPORT
NATIONAL WEATHER SERVICE RIVERTON WY
134 AM MDT THU JUL 27 2017


...................................

...THE RIVERTON WY CLIMATE SUMMARY FOR JULY 26 2017...

CLIMATE NORMAL PERIOD 1981 TO 2010
CLIMATE RECORD PERIOD 1995 TO 2017


WEATHER ITEM   OBSERVED TIME   RECORD YEAR NORMAL DEPARTURE LAST
                VALUE   (LST)  VALUE       VALUE  FROM      YEAR
                                                  NORMAL
..................................................................
TEMPERATURE (F)
 YESTERDAY
  MAXIMUM         83    208 PM  97    2008  89     -6       94
  MINIMUM         54    440 AM  50    2005  58     -4       65
  AVERAGE         69                        73     -4       80

PRECIPITATION (IN)
  YESTERDAY        T             0.24 2007   0.02  -0.02     0.00
  MONTH TO DATE    0.08                      0.78  -0.70      T
  SINCE JUN 1      0.28                      2.06  -1.78     0.39
  SINCE JAN 1     10.44                      6.14   4.30     9.28

SNOWFALL (IN)
  YESTERDAY        0.0                                       0.0
  MONTH TO DATE    0.0                                       0.0
  SINCE JUN 1      0.0                                       0.0
  SINCE JUL 1      0.0                                       0.0
  SNOW DEPTH       0

DEGREE DAYS
 HEATING
  YESTERDAY        0                         0      0        0
  MONTH TO DATE    0                         8     -8        4
  SINCE JUN 1     69                       127    -58       20
  SINCE JUL 1      0                         8     -8        4

 COOLING
  YESTERDAY        4                         8     -4       15
  MONTH TO DATE  255                       178     77      206
  SINCE JUN 1    306                       244     62      368
  SINCE JAN 1    306                       253     53      368
..................................................................


WIND (MPH)
  HIGHEST WIND SPEED    17   HIGHEST WIND DIRECTION     W (280)
  HIGHEST GUST SPEED    20   HIGHEST GUST DIRECTION     W (280)
  AVERAGE WIND SPEED     5.8


SKY COVER
  POSSIBLE SUNSHINE  MM
  AVERAGE SKY COVER 0.2


WEATHER CONDITIONS
 THE FOLLOWING WEATHER WAS RECORDED YESTERDAY.
  NO SIGNIFICANT WEATHER WAS OBSERVED.


RELATIVE HUMIDITY (PERCENT)
 HIGHEST    93           300 AM
 LOWEST     33           300 PM
 AVERAGE    63

..........................................................


THE RIVERTON WY CLIMATE NORMALS FOR TODAY
                         NORMAL    RECORD    YEAR
 MAXIMUM TEMPERATURE (F)   89        98      2008
 MINIMUM TEMPERATURE (F)   58        46      2005


SUNRISE AND SUNSET
JULY 27 2017..........SUNRISE   600 AM MDT   SUNSET   840 PM MDT
JULY 28 2017..........SUNRISE   601 AM MDT   SUNSET   839 PM MDT


-  INDICATES NEGATIVE NUMBERS.
R  INDICATES RECORD WAS SET OR TIED.
MM INDICATES DATA IS MISSING.
T  INDICATES TRACE AMOUNT.




$$
