000
CDUS45 KRIW 300729
CLIRIW


CLIMATE REPORT
NATIONAL WEATHER SERVICE RIVERTON WY
128 AM MDT THU MAR 30 2017


...................................

...THE RIVERTON WY CLIMATE SUMMARY FOR MARCH 29 2017...

CLIMATE NORMAL PERIOD 1981 TO 2010
CLIMATE RECORD PERIOD 1995 TO 2017


WEATHER ITEM   OBSERVED TIME   RECORD YEAR NORMAL DEPARTURE LAST
                VALUE   (LST)  VALUE       VALUE  FROM      YEAR
                                                  NORMAL
..................................................................
TEMPERATURE (F)
 YESTERDAY
  MAXIMUM         58    500 PM  67    2015  52      6       34
  MINIMUM         28    350 AM  14    2003  27      1       31
  AVERAGE         43                        40      3       33

PRECIPITATION (IN)
  YESTERDAY        0.00          0.70 2016   0.03  -0.03     0.70
  MONTH TO DATE    0.97                      0.49   0.48     1.64
  SINCE MAR 1      0.97                      0.49   0.48     1.64
  SINCE JAN 1      2.83                      1.00   1.83     2.32

SNOWFALL (IN)
  YESTERDAY        0.0                                       8.8
  MONTH TO DATE    T                                        13.9
  SINCE MAR 1      T                                        13.9
  SINCE JUL 1     47.7                                      42.1
  SNOW DEPTH       0

DEGREE DAYS
 HEATING
  YESTERDAY       22                        25     -3       32
  MONTH TO DATE  661                       867   -206      748
  SINCE MAR 1    661                       867   -206      748
  SINCE JUL 1   6535                      6721   -186     6069

 COOLING
  YESTERDAY        0                         0      0        0
  MONTH TO DATE    0                         0      0        0
  SINCE MAR 1      0                         0      0        0
  SINCE JAN 1      0                         0      0        0
..................................................................


WIND (MPH)
  HIGHEST WIND SPEED    26   HIGHEST WIND DIRECTION    NW (310)
  HIGHEST GUST SPEED    34   HIGHEST GUST DIRECTION    NW (310)
  AVERAGE WIND SPEED     8.7


SKY COVER
  POSSIBLE SUNSHINE  MM
  AVERAGE SKY COVER 0.0


WEATHER CONDITIONS
 THE FOLLOWING WEATHER WAS RECORDED YESTERDAY.
  NO SIGNIFICANT WEATHER WAS OBSERVED.


RELATIVE HUMIDITY (PERCENT)
 HIGHEST   100           200 AM
 LOWEST     30           500 PM
 AVERAGE    65

..........................................................


THE RIVERTON WY CLIMATE NORMALS FOR TODAY
                         NORMAL    RECORD    YEAR
 MAXIMUM TEMPERATURE (F)   52        72      2012
 MINIMUM TEMPERATURE (F)   28        14      2009


SUNRISE AND SUNSET
MARCH 30 2017.........SUNRISE   659 AM MDT   SUNSET   738 PM MDT
MARCH 31 2017.........SUNRISE   657 AM MDT   SUNSET   739 PM MDT


-  INDICATES NEGATIVE NUMBERS.
R  INDICATES RECORD WAS SET OR TIED.
MM INDICATES DATA IS MISSING.
T  INDICATES TRACE AMOUNT.




$$
