000
CDUS45 KRIW 250741
CLIRIW


CLIMATE REPORT
NATIONAL WEATHER SERVICE RIVERTON WY
1240 AM MST THU DEC 25 2014


...................................

...THE RIVERTON WY CLIMATE SUMMARY FOR DECEMBER 24 2014...

CLIMATE NORMAL PERIOD 1981 TO 2010
CLIMATE RECORD PERIOD 1995 TO 2014


WEATHER ITEM   OBSERVED TIME   RECORD YEAR NORMAL DEPARTURE LAST
                VALUE   (LST)  VALUE       VALUE  FROM      YEAR
                                                  NORMAL
..................................................................
TEMPERATURE (F)
 YESTERDAY
  MAXIMUM         30    117 PM  44    2005  31     -1       38
  MINIMUM         10    408 AM -12    1998   7      3       18
  AVERAGE         20                        19      1       28

PRECIPITATION (IN)
  YESTERDAY        0.00          0.11 2012   0.01  -0.01     0.01
  MONTH TO DATE    0.30                      0.23   0.07     0.20
  SINCE DEC 1      0.30                      0.23   0.07     0.20
  SINCE JAN 1      7.06                      9.34  -2.28     9.24

SNOWFALL (IN)
  YESTERDAY        0.0                                       0.1
  MONTH TO DATE    3.5                                       5.0
  SINCE DEC 1      3.5                                       5.0
  SINCE JUL 1      9.0                                      31.3
  SNOW DEPTH       2

DEGREE DAYS
 HEATING
  YESTERDAY       45                        46     -1       37
  MONTH TO DATE  890                      1078   -188     1113
  SINCE DEC 1    890                      1078   -188     1113
  SINCE JUL 1   2667                      2994   -327     3011

 COOLING
  YESTERDAY        0                         0      0        0
  MONTH TO DATE    0                         0      0        0
  SINCE DEC 1      0                         0      0        0
  SINCE JAN 1    431                       494    -63      798
..................................................................


WIND (MPH)
  HIGHEST WIND SPEED    13   HIGHEST WIND DIRECTION     N (340)
  HIGHEST GUST SPEED    15   HIGHEST GUST DIRECTION    NW (330)
  AVERAGE WIND SPEED     6.0


SKY COVER
  POSSIBLE SUNSHINE  MM
  AVERAGE SKY COVER 0.0


WEATHER CONDITIONS
 THE FOLLOWING WEATHER WAS RECORDED YESTERDAY.
  NO SIGNIFICANT WEATHER WAS OBSERVED.


RELATIVE HUMIDITY (PERCENT)
 HIGHEST    84          1000 PM
 LOWEST     58           300 PM
 AVERAGE    71

..........................................................


THE RIVERTON WY CLIMATE NORMALS FOR TODAY
                         NORMAL    RECORD    YEAR
 MAXIMUM TEMPERATURE (F)   31        41      2005
 MINIMUM TEMPERATURE (F)    7       -10      2002


SUNRISE AND SUNSET
DECEMBER 25 2014......SUNRISE   744 AM MST   SUNSET   444 PM MST
DECEMBER 26 2014......SUNRISE   744 AM MST   SUNSET   445 PM MST


-  INDICATES NEGATIVE NUMBERS.
R  INDICATES RECORD WAS SET OR TIED.
MM INDICATES DATA IS MISSING.
T  INDICATES TRACE AMOUNT.




$$
