000
CDUS45 KRIW 240028
CLIRIW


CLIMATE REPORT
NATIONAL WEATHER SERVICE RIVERTON WY
527 PM MST TUE JAN 23 2018


...................................

...THE RIVERTON WY CLIMATE SUMMARY FOR JANUARY 23 2018...
VALID TODAY AS OF 0500 PM LOCAL TIME.

CLIMATE NORMAL PERIOD 1981 TO 2010
CLIMATE RECORD PERIOD 1995 TO 2018


WEATHER ITEM   OBSERVED TIME   RECORD YEAR NORMAL DEPARTURE LAST
                VALUE   (LST)  VALUE       VALUE  FROM      YEAR
                                                  NORMAL
..................................................................
TEMPERATURE (F)
 TODAY
  MAXIMUM         19        MM  45    2004  31    -12       25
  MINIMUM         -3        MM -10    2008   9    -12       13
  AVERAGE          8                        20    -12       19

PRECIPITATION (IN)
  TODAY            0.00          T    2012   0.01  -0.01     0.45
                                      2011
                                      2009
  MONTH TO DATE    0.38                      0.18   0.20     0.79
  SINCE DEC 1      1.02                      0.50   0.52     1.56
  SINCE JAN 1      0.38                      0.18   0.20     0.79

SNOWFALL (IN)
  TODAY            0.0                                       5.0
  MONTH TO DATE    5.7                                      10.9
  SINCE DEC 1     17.3                                      23.5
  SINCE JUL 1     24.6                                      27.9
  SNOW DEPTH       5

DEGREE DAYS
 HEATING
  TODAY           57                        45     12       46
  MONTH TO DATE 1046                      1041      5     1185
  SINCE DEC 1   2333                      2442   -109     2715
  SINCE JUL 1   4167                      4358   -191     4311

 COOLING
  TODAY            0                         0      0        0
  MONTH TO DATE    0                         0      0        0
  SINCE DEC 1      0                         0      0        0
  SINCE JAN 1      0                         0      0        0
..................................................................


WIND (MPH)
  HIGHEST WIND SPEED     9   HIGHEST WIND DIRECTION     E (100)
  HIGHEST GUST SPEED    MM   HIGHEST GUST DIRECTION    MM
  AVERAGE WIND SPEED     2.4


SKY COVER
  POSSIBLE SUNSHINE  MM
  AVERAGE SKY COVER 0.0


WEATHER CONDITIONS
 THE FOLLOWING WEATHER WAS RECORDED TODAY.
  HAZE


RELATIVE HUMIDITY (PERCENT)
 HIGHEST    91          1000 AM
 LOWEST     67           300 PM
 AVERAGE    79

..........................................................


THE RIVERTON WY CLIMATE NORMALS FOR TOMORROW
                         NORMAL    RECORD    YEAR
 MAXIMUM TEMPERATURE (F)   31        47      2015
 MINIMUM TEMPERATURE (F)    9       -10      2008


SUNRISE AND SUNSET
JANUARY 23 2018.......SUNRISE   737 AM MST   SUNSET   515 PM MST
JANUARY 24 2018.......SUNRISE   736 AM MST   SUNSET   516 PM MST


-  INDICATES NEGATIVE NUMBERS.
R  INDICATES RECORD WAS SET OR TIED.
MM INDICATES DATA IS MISSING.
T  INDICATES TRACE AMOUNT.




$$
