000
CDUS45 KRIW 200048
CLIRIW


CLIMATE REPORT
NATIONAL WEATHER SERVICE RIVERTON WY
547 PM MST SUN NOV 19 2017


...................................

...THE RIVERTON WY CLIMATE SUMMARY FOR NOVEMBER 19 2017...
VALID TODAY AS OF 0500 PM LOCAL TIME.

CLIMATE NORMAL PERIOD 1981 TO 2010
CLIMATE RECORD PERIOD 1995 TO 2017


WEATHER ITEM   OBSERVED TIME   RECORD YEAR NORMAL DEPARTURE LAST
                VALUE   (LST)  VALUE       VALUE  FROM      YEAR
                                                  NORMAL
..................................................................
TEMPERATURE (F)
 TODAY
  MAXIMUM         38        MM  65    2007  40     -2       30
  MINIMUM         17        MM   0    2000  17      0       10
  AVERAGE         28                        28      0       20

PRECIPITATION (IN)
  TODAY            0.00          0.04 2011   0.02  -0.02     0.00
  MONTH TO DATE    0.43                      0.33   0.10     0.39
  SINCE SEP 1      2.77                      2.12   0.65     3.76
  SINCE JAN 1     14.22                      8.94   5.28    13.48

SNOWFALL (IN)
  TODAY            0.0                                       0.0
  MONTH TO DATE    4.2                                       4.2
  SINCE SEP 1      6.9                                       4.3
  SINCE JUL 1      6.9                                       4.3
  SNOW DEPTH       0

DEGREE DAYS
 HEATING
  TODAY           37                        37      0       45
  MONTH TO DATE  604                       601      3      450
  SINCE SEP 1   1553                      1443    110     1154
  SINCE JUL 1   1560                      1481     79     1205

 COOLING
  TODAY            0                         0      0        0
  MONTH TO DATE    0                         0      0        0
  SINCE SEP 1     67                        26     41       35
  SINCE JAN 1    547                       494     53      605
..................................................................


WIND (MPH)
  HIGHEST WIND SPEED     9   HIGHEST WIND DIRECTION    SW (230)
  HIGHEST GUST SPEED    MM   HIGHEST GUST DIRECTION    MM
  AVERAGE WIND SPEED     3.5


SKY COVER
  POSSIBLE SUNSHINE  MM
  AVERAGE SKY COVER 0.0


WEATHER CONDITIONS
 THE FOLLOWING WEATHER WAS RECORDED TODAY.
  NO SIGNIFICANT WEATHER WAS OBSERVED.


RELATIVE HUMIDITY (PERCENT)
 HIGHEST    84           800 AM
 LOWEST     48           400 PM
 AVERAGE    66

..........................................................


THE RIVERTON WY CLIMATE NORMALS FOR TOMORROW
                         NORMAL    RECORD    YEAR
 MAXIMUM TEMPERATURE (F)   39        56      1996
 MINIMUM TEMPERATURE (F)   17        -2      2011


SUNRISE AND SUNSET
NOVEMBER 19 2017......SUNRISE   712 AM MST   SUNSET   446 PM MST
NOVEMBER 20 2017......SUNRISE   713 AM MST   SUNSET   446 PM MST


-  INDICATES NEGATIVE NUMBERS.
R  INDICATES RECORD WAS SET OR TIED.
MM INDICATES DATA IS MISSING.
T  INDICATES TRACE AMOUNT.




$$
