000
CDUS45 KRIW 280734
CLIRIW


CLIMATE REPORT
NATIONAL WEATHER SERVICE RIVERTON WY
1234 AM MST SAT FEB 28 2015


...................................

...THE RIVERTON WY CLIMATE SUMMARY FOR FEBRUARY 27 2015...

CLIMATE NORMAL PERIOD 1981 TO 2010
CLIMATE RECORD PERIOD 1995 TO 2015


WEATHER ITEM   OBSERVED TIME   RECORD YEAR NORMAL DEPARTURE LAST
                VALUE   (LST)  VALUE       VALUE  FROM      YEAR
                                                  NORMAL
..................................................................
TEMPERATURE (F)
 YESTERDAY
  MAXIMUM         16    421 PM  56    2006  41    -25       34
  MINIMUM         -6    555 AM -16    1996  17    -23        9
  AVERAGE          5                        29    -24       22

PRECIPITATION (IN)
  YESTERDAY        T             0.23 2004   0.01  -0.01     0.00
  MONTH TO DATE    1.04                      0.26   0.78     0.22
  SINCE DEC 1      1.72                      0.82   0.90     1.18
  SINCE JAN 1      1.07                      0.50   0.57     0.90

SNOWFALL (IN)
  YESTERDAY        T                                         0.0
  MONTH TO DATE   15.8                                       5.0
  SINCE DEC 1     23.1                                      22.9
  SINCE JUL 1     28.6                                      49.2
  SNOW DEPTH       2

DEGREE DAYS
 HEATING
  YESTERDAY       60                        36     24       43
  MONTH TO DATE  954                      1105   -151     1226
  SINCE DEC 1   3569                      3904   -335     3941
  SINCE JUL 1   5346                      5820   -474     5839

 COOLING
  YESTERDAY        0                         0      0        0
  MONTH TO DATE    0                         0      0        0
  SINCE DEC 1      0                         0      0        0
  SINCE JAN 1      0                         0      0        0
..................................................................


WIND (MPH)
  HIGHEST WIND SPEED    12   HIGHEST WIND DIRECTION    NW (310)
  HIGHEST GUST SPEED    12   HIGHEST GUST DIRECTION    NW (310)
  AVERAGE WIND SPEED     5.1


SKY COVER
  POSSIBLE SUNSHINE  MM
  AVERAGE SKY COVER 0.5


WEATHER CONDITIONS
 THE FOLLOWING WEATHER WAS RECORDED YESTERDAY.
  LIGHT SNOW
  FOG


RELATIVE HUMIDITY (PERCENT)
 HIGHEST    91           600 AM
 LOWEST     67           200 PM
 AVERAGE    79

..........................................................


THE RIVERTON WY CLIMATE NORMALS FOR TODAY
                         NORMAL    RECORD    YEAR
 MAXIMUM TEMPERATURE (F)   41        60      1999
 MINIMUM TEMPERATURE (F)   17       -21      1996


SUNRISE AND SUNSET
FEBRUARY 28 2015......SUNRISE   652 AM MST   SUNSET   602 PM MST
MARCH  1 2015.........SUNRISE   650 AM MST   SUNSET   603 PM MST


-  INDICATES NEGATIVE NUMBERS.
R  INDICATES RECORD WAS SET OR TIED.
MM INDICATES DATA IS MISSING.
T  INDICATES TRACE AMOUNT.




$$
