000
CDUS45 KRIW 310730
CLIRIW


CLIMATE REPORT
NATIONAL WEATHER SERVICE RIVERTON WY
130 AM MDT SUN AUG 31 2014


...................................

...THE RIVERTON WY CLIMATE SUMMARY FOR AUGUST 30 2014...

CLIMATE NORMAL PERIOD 1981 TO 2010
CLIMATE RECORD PERIOD 1995 TO 2014


WEATHER ITEM   OBSERVED TIME   RECORD YEAR NORMAL DEPARTURE LAST
                VALUE   (LST)  VALUE       VALUE  FROM      YEAR
                                                  NORMAL
..................................................................
TEMPERATURE (F)
 YESTERDAY
  MAXIMUM         84   1225 PM  92    2013  81      3       92
                                      2008
  MINIMUM         53   1145 PM  45    2002  51      2       57
  AVERAGE         69                        66      3       75

PRECIPITATION (IN)
  YESTERDAY        0.01          0.60 2003   0.02  -0.01     0.00
  MONTH TO DATE    1.13                      0.55   0.58     0.03
  SINCE JUN 1      3.03                      2.72   0.31     0.62
  SINCE JAN 1      5.35                      6.80  -1.45     4.06

SNOWFALL (IN)
  YESTERDAY        0.0                                       0.0
  MONTH TO DATE    0.0                                       0.0
  SINCE JUN 1      0.0                                       0.0
  SINCE JUL 1      0.0                                       0.0
  SNOW DEPTH       0

DEGREE DAYS
 HEATING
  YESTERDAY        0                         2     -2        0
  MONTH TO DATE   39                        24     15        0
  SINCE JUN 1    169                       155     14       52
  SINCE JUL 1     43                        36      7        0

 COOLING
  YESTERDAY        4                         3      1       10
  MONTH TO DATE  124                       171    -47      264
  SINCE JUN 1    385                       457    -72      708
  SINCE JAN 1    400                       466    -66      721
..................................................................


WIND (MPH)
  HIGHEST WIND SPEED    37   HIGHEST WIND DIRECTION    SW (240)
  HIGHEST GUST SPEED    47   HIGHEST GUST DIRECTION    SW (240)
  AVERAGE WIND SPEED    11.0


SKY COVER
  POSSIBLE SUNSHINE  MM
  AVERAGE SKY COVER 0.1


WEATHER CONDITIONS
 THE FOLLOWING WEATHER WAS RECORDED YESTERDAY.
  THUNDERSTORM
  LIGHT RAIN


RELATIVE HUMIDITY (PERCENT)
 HIGHEST    77           900 PM
 LOWEST     15           200 PM
 AVERAGE    46

..........................................................


THE RIVERTON WY CLIMATE NORMALS FOR TODAY
                         NORMAL    RECORD    YEAR
 MAXIMUM TEMPERATURE (F)   80        92      2011
                                             1996
 MINIMUM TEMPERATURE (F)   50        40      2010
                                             2005


SUNRISE AND SUNSET
AUGUST 31 2014........SUNRISE   637 AM MDT   SUNSET   750 PM MDT
SEPTEMBER  1 2014.....SUNRISE   638 AM MDT   SUNSET   748 PM MDT


-  INDICATES NEGATIVE NUMBERS.
R  INDICATES RECORD WAS SET OR TIED.
MM INDICATES DATA IS MISSING.
T  INDICATES TRACE AMOUNT.




$$
