000
CDUS45 KRIW 260738
CLIRKS


CLIMATE REPORT
NATIONAL WEATHER SERVICE RIVERTON WY
138 AM MDT THU MAY 26 2016


...................................

...THE ROCK SPRINGS WY CLIMATE SUMMARY FOR MAY 25 2016...

CLIMATE NORMAL PERIOD 1981 TO 2010
CLIMATE RECORD PERIOD 1948 TO 2016


WEATHER ITEM   OBSERVED TIME   RECORD YEAR NORMAL DEPARTURE LAST
                VALUE   (LST)  VALUE       VALUE  FROM      YEAR
                                                  NORMAL
..................................................................
TEMPERATURE (F)
 YESTERDAY
  MAXIMUM         58   1115 AM  82    2003  67     -9       58
  MINIMUM         37    504 AM  26    1975  40     -3       40
  AVERAGE         48                        54     -6       49

PRECIPITATION (IN)
  YESTERDAY        0.04          0.62 1962   0.04   0.00     0.10
  MONTH TO DATE    2.14                      0.98   1.16     2.63
  SINCE MAR 1      4.18                      2.57   1.61     3.52
  SINCE JAN 1      4.40                      3.50   0.90     3.61

DEGREE DAYS
 HEATING
  YESTERDAY       17                        12      5       16
  MONTH TO DATE  437                       380     57      445
  SINCE MAR 1   1995                      2060    -65     1890
  SINCE JUL 1   7512                      7912   -400     7003

 COOLING
  YESTERDAY        0                         0      0        0
  MONTH TO DATE    0                         0      0        0
  SINCE MAR 1      0                         0      0        0
  SINCE JAN 1      0                         0      0        0
..................................................................


WIND (MPH)
  HIGHEST WIND SPEED    36   HIGHEST WIND DIRECTION    SW (220)
  HIGHEST GUST SPEED    41   HIGHEST GUST DIRECTION    SW (220)
  AVERAGE WIND SPEED    12.6


SKY COVER
  POSSIBLE SUNSHINE  MM
  AVERAGE SKY COVER 0.4


WEATHER CONDITIONS
 THE FOLLOWING WEATHER WAS RECORDED YESTERDAY.
  THUNDERSTORM
  HEAVY RAIN
  LIGHT RAIN


RELATIVE HUMIDITY (PERCENT)
 HIGHEST    85          1200 AM
 LOWEST     41          1000 AM
 AVERAGE    63

..........................................................


THE ROCK SPRINGS WY CLIMATE NORMALS FOR TODAY
                         NORMAL    RECORD    YEAR
 MAXIMUM TEMPERATURE (F)   67        87      1969
 MINIMUM TEMPERATURE (F)   40        25      1975


SUNRISE AND SUNSET
MAY 26 2016...........SUNRISE   547 AM MDT   SUNSET   840 PM MDT
MAY 27 2016...........SUNRISE   547 AM MDT   SUNSET   841 PM MDT


-  INDICATES NEGATIVE NUMBERS.
R  INDICATES RECORD WAS SET OR TIED.
MM INDICATES DATA IS MISSING.
T  INDICATES TRACE AMOUNT.




$$
