000
CDUS45 KRIW 230743
CLIRKS


CLIMATE REPORT
NATIONAL WEATHER SERVICE RIVERTON WY
1241 AM MST MON JAN 23 2017


...................................

...THE ROCK SPRINGS WY CLIMATE SUMMARY FOR JANUARY 22 2017...

CLIMATE NORMAL PERIOD 1981 TO 2010
CLIMATE RECORD PERIOD 1948 TO 2017


WEATHER ITEM   OBSERVED TIME   RECORD YEAR NORMAL DEPARTURE LAST
                VALUE   (LST)  VALUE       VALUE  FROM      YEAR
                                                  NORMAL
..................................................................
TEMPERATURE (F)
 YESTERDAY
  MAXIMUM         28    615 PM  47    1981  30     -2       31
  MINIMUM         14    804 AM -23    1962  12      2        9
  AVERAGE         21                        21      0       20

PRECIPITATION (IN)
  YESTERDAY        T             0.14 1964   0.01  -0.01     0.00
  MONTH TO DATE    0.41                      0.31   0.10     0.01
  SINCE DEC 1      0.49                      0.81  -0.32     0.05
  SINCE JAN 1      0.41                      0.31   0.10     0.01

DEGREE DAYS
 HEATING
  YESTERDAY       44                        44      0       45
  MONTH TO DATE 1136                       963    173     1053
  SINCE DEC 1   2541                      2322    219     2453
  SINCE JUL 1   4261                      4315    -54     4119

 COOLING
  YESTERDAY        0                         0      0        0
  MONTH TO DATE    0                         0      0        0
  SINCE DEC 1      0                         0      0        0
  SINCE JAN 1      0                         0      0        0
..................................................................


WIND (MPH)
  HIGHEST WIND SPEED    25   HIGHEST WIND DIRECTION     W (260)
  HIGHEST GUST SPEED    31   HIGHEST GUST DIRECTION     S (160)
  AVERAGE WIND SPEED    13.0


SKY COVER
  POSSIBLE SUNSHINE  MM
  AVERAGE SKY COVER 0.3


WEATHER CONDITIONS
 THE FOLLOWING WEATHER WAS RECORDED YESTERDAY.
  SNOW
  LIGHT SNOW
  FOG
  HAZE


RELATIVE HUMIDITY (PERCENT)
 HIGHEST    88           800 AM
 LOWEST     63           300 PM
 AVERAGE    76

..........................................................


THE ROCK SPRINGS WY CLIMATE NORMALS FOR TODAY
                         NORMAL    RECORD    YEAR
 MAXIMUM TEMPERATURE (F)   30        53      1970
 MINIMUM TEMPERATURE (F)   12       -21      1962


SUNRISE AND SUNSET
JANUARY 23 2017.......SUNRISE   736 AM MST   SUNSET   521 PM MST
JANUARY 24 2017.......SUNRISE   735 AM MST   SUNSET   522 PM MST


-  INDICATES NEGATIVE NUMBERS.
R  INDICATES RECORD WAS SET OR TIED.
MM INDICATES DATA IS MISSING.
T  INDICATES TRACE AMOUNT.




$$
