000
CDUS45 KRIW 280738
CLIRKS


CLIMATE REPORT
NATIONAL WEATHER SERVICE RIVERTON WY
128 AM MDT THU APR 28 2016


...................................

...THE ROCK SPRINGS WY CLIMATE SUMMARY FOR APRIL 27 2016...

CLIMATE NORMAL PERIOD 1981 TO 2010
CLIMATE RECORD PERIOD 1948 TO 2016


WEATHER ITEM   OBSERVED TIME   RECORD YEAR NORMAL DEPARTURE LAST
                VALUE   (LST)  VALUE       VALUE  FROM      YEAR
                                                  NORMAL
..................................................................
TEMPERATURE (F)
 YESTERDAY
  MAXIMUM         46    427 PM  76    1992  57    -11       51
  MINIMUM         32    739 AM  15    1984  32      0       34
  AVERAGE         39                        45     -6       43

PRECIPITATION (IN)
  YESTERDAY        T             0.44 1978   0.04  -0.04     0.02
  MONTH TO DATE    1.48                      0.80   0.68     0.67
  SINCE MAR 1      2.04                      1.48   0.56     0.89
  SINCE JAN 1      2.26                      2.41  -0.15     0.98

DEGREE DAYS
 HEATING
  YESTERDAY       26                        20      6       22
  MONTH TO DATE  560                       644    -84      638
  SINCE MAR 1   1467                      1621   -154     1411
  SINCE JUL 1   6984                      7473   -489     6524

 COOLING
  YESTERDAY        0                         0      0        0
  MONTH TO DATE    0                         0      0        0
  SINCE MAR 1      0                         0      0        0
  SINCE JAN 1      0                         0      0        0
..................................................................


WIND (MPH)
  HIGHEST WIND SPEED    21   HIGHEST WIND DIRECTION     E (70)
  HIGHEST GUST SPEED    25   HIGHEST GUST DIRECTION     E (70)
  AVERAGE WIND SPEED     7.7


SKY COVER
  POSSIBLE SUNSHINE  MM
  AVERAGE SKY COVER 0.7


WEATHER CONDITIONS
 THE FOLLOWING WEATHER WAS RECORDED YESTERDAY.
  NO SIGNIFICANT WEATHER WAS OBSERVED.


RELATIVE HUMIDITY (PERCENT)
 HIGHEST    89           800 AM
 LOWEST     53           500 PM
 AVERAGE    71

..........................................................


THE ROCK SPRINGS WY CLIMATE NORMALS FOR TODAY
                         NORMAL    RECORD    YEAR
 MAXIMUM TEMPERATURE (F)   58        76      2007
 MINIMUM TEMPERATURE (F)   33        17      1955


SUNRISE AND SUNSET
APRIL 28 2016.........SUNRISE   616 AM MDT   SUNSET   812 PM MDT
APRIL 29 2016.........SUNRISE   615 AM MDT   SUNSET   813 PM MDT


-  INDICATES NEGATIVE NUMBERS.
R  INDICATES RECORD WAS SET OR TIED.
MM INDICATES DATA IS MISSING.
T  INDICATES TRACE AMOUNT.




$$
