000
CDUS45 KRIW 220739
CLIRKS


CLIMATE REPORT
NATIONAL WEATHER SERVICE RIVERTON WY
129 AM MDT FRI AUG 22 2014


...................................

...THE ROCK SPRINGS WY CLIMATE SUMMARY FOR AUGUST 21 2014...

CLIMATE NORMAL PERIOD 1981 TO 2010
CLIMATE RECORD PERIOD 1948 TO 2014


WEATHER ITEM   OBSERVED TIME   RECORD YEAR NORMAL DEPARTURE LAST
                VALUE   (LST)  VALUE       VALUE  FROM      YEAR
                                                  NORMAL
..................................................................
TEMPERATURE (F)
 YESTERDAY
  MAXIMUM         72   1214 PM  92    2003  81     -9       84
  MINIMUM         46    426 AM  34    1966  51     -5       57
  AVERAGE         59                        66     -7       71

PRECIPITATION (IN)
  YESTERDAY        T             0.18 2001   0.02  -0.02     0.00
  MONTH TO DATE    0.30                      0.41  -0.11     0.27
  SINCE JUN 1      0.95                      1.84  -0.89     0.48
  SINCE JAN 1      2.26                      5.57  -3.31     1.97

DEGREE DAYS
 HEATING
  YESTERDAY        6                         1      5        0
  MONTH TO DATE   18                        15      3        0
  SINCE JUN 1    179                       206    -27       62
  SINCE JUL 1     32                        39     -7        0

 COOLING
  YESTERDAY        0                         2     -2        6
  MONTH TO DATE   70                        81    -11      120
  SINCE JUN 1    292                       260     32      437
  SINCE JAN 1    299                       261     38      438
..................................................................


WIND (MPH)
  HIGHEST WIND SPEED    29   HIGHEST WIND DIRECTION     W (280)
  HIGHEST GUST SPEED    36   HIGHEST GUST DIRECTION     W (260)
  AVERAGE WIND SPEED     8.7


SKY COVER
  POSSIBLE SUNSHINE  MM
  AVERAGE SKY COVER 0.4


WEATHER CONDITIONS
 THE FOLLOWING WEATHER WAS RECORDED YESTERDAY.
  THUNDERSTORM
  LIGHT RAIN


RELATIVE HUMIDITY (PERCENT)
 HIGHEST    93           600 AM
 LOWEST     36          1100 AM
 AVERAGE    65

..........................................................


THE ROCK SPRINGS WY CLIMATE NORMALS FOR TODAY
                         NORMAL    RECORD    YEAR
 MAXIMUM TEMPERATURE (F)   80        93      2009
 MINIMUM TEMPERATURE (F)   51        37      1966


SUNRISE AND SUNSET
AUGUST 22 2014........SUNRISE   632 AM MDT   SUNSET   805 PM MDT
AUGUST 23 2014........SUNRISE   633 AM MDT   SUNSET   804 PM MDT


-  INDICATES NEGATIVE NUMBERS.
R  INDICATES RECORD WAS SET OR TIED.
MM INDICATES DATA IS MISSING.
T  INDICATES TRACE AMOUNT.




$$
