000
CDUS45 KRIW 200738
CLIRKS


CLIMATE REPORT
NATIONAL WEATHER SERVICE RIVERTON WY
1238 AM MST THU NOV 20 2014


...................................

...THE ROCK SPRINGS WY CLIMATE SUMMARY FOR NOVEMBER 19 2014...

CLIMATE NORMAL PERIOD 1981 TO 2010
CLIMATE RECORD PERIOD 1948 TO 2014


WEATHER ITEM   OBSERVED TIME   RECORD YEAR NORMAL DEPARTURE LAST
                VALUE   (LST)  VALUE       VALUE  FROM      YEAR
                                                  NORMAL
..................................................................
TEMPERATURE (F)
 YESTERDAY
  MAXIMUM         43    329 PM  61    2007  38      5       43
  MINIMUM         22    731 AM   1    1977  20      2       25
  AVERAGE         33                        29      4       34

PRECIPITATION (IN)
  YESTERDAY        0.00          0.29 1977   0.02  -0.02     0.00
  MONTH TO DATE    0.05                      0.34  -0.29     0.01
  SINCE SEP 1      1.57                      2.13  -0.56     2.24
  SINCE JAN 1      4.05                      7.91  -3.86     4.44

DEGREE DAYS
 HEATING
  YESTERDAY       32                        36     -4       31
  MONTH TO DATE  697                       596    101      558
  SINCE SEP 1   1390                      1499   -109     1498
  SINCE JUL 1   1481                      1563    -82     1499

 COOLING
  YESTERDAY        0                         0      0        0
  MONTH TO DATE    0                         0      0        0
  SINCE SEP 1      8                         9     -1       44
  SINCE JAN 1    307                       286     21      517
..................................................................


WIND (MPH)
  HIGHEST WIND SPEED    31   HIGHEST WIND DIRECTION     W (260)
  HIGHEST GUST SPEED    35   HIGHEST GUST DIRECTION     W (260)
  AVERAGE WIND SPEED    14.0


SKY COVER
  POSSIBLE SUNSHINE  MM
  AVERAGE SKY COVER 0.1


WEATHER CONDITIONS
 THE FOLLOWING WEATHER WAS RECORDED YESTERDAY.
  NO SIGNIFICANT WEATHER WAS OBSERVED.


RELATIVE HUMIDITY (PERCENT)
 HIGHEST    55           600 AM
 LOWEST     27           300 PM
 AVERAGE    41

..........................................................


THE ROCK SPRINGS WY CLIMATE NORMALS FOR TODAY
                         NORMAL    RECORD    YEAR
 MAXIMUM TEMPERATURE (F)   38        62      1989
 MINIMUM TEMPERATURE (F)   19        -4      1977


SUNRISE AND SUNSET
NOVEMBER 20 2014......SUNRISE   711 AM MST   SUNSET   452 PM MST
NOVEMBER 21 2014......SUNRISE   712 AM MST   SUNSET   452 PM MST


-  INDICATES NEGATIVE NUMBERS.
R  INDICATES RECORD WAS SET OR TIED.
MM INDICATES DATA IS MISSING.
T  INDICATES TRACE AMOUNT.




$$
