000
CDUS45 KRIW 230729
CLIRKS


CLIMATE REPORT
NATIONAL WEATHER SERVICE RIVERTON WY
128 AM MDT SUN APR 23 2017


...................................

...THE ROCK SPRINGS WY CLIMATE SUMMARY FOR APRIL 22 2017...

CLIMATE NORMAL PERIOD 1981 TO 2010
CLIMATE RECORD PERIOD 1948 TO 2017


WEATHER ITEM   OBSERVED TIME   RECORD YEAR NORMAL DEPARTURE LAST
                VALUE   (LST)  VALUE       VALUE  FROM      YEAR
                                                  NORMAL
..................................................................
TEMPERATURE (F)
 YESTERDAY
  MAXIMUM         57    314 PM  76    2012  56      1       70
  MINIMUM         28    545 AM  16    2013  31     -3       43
  AVERAGE         43                        43      0       57

PRECIPITATION (IN)
  YESTERDAY        0.00          0.52 1999   0.04  -0.04     0.00
  MONTH TO DATE    0.19                      0.63  -0.44     0.51
  SINCE MAR 1      1.62                      1.31   0.31     1.07
  SINCE JAN 1      2.52                      2.24   0.28     1.29

DEGREE DAYS
 HEATING
  YESTERDAY       22                        22      0        8
  MONTH TO DATE  472                       540    -68      445
  SINCE MAR 1   1252                      1517   -265     1352
  SINCE JUL 1   6990                      7369   -379     6869

 COOLING
  YESTERDAY        0                         0      0        0
  MONTH TO DATE    0                         0      0        0
  SINCE MAR 1      0                         0      0        0
  SINCE JAN 1      0                         0      0        0
..................................................................


WIND (MPH)
  HIGHEST WIND SPEED    20   HIGHEST WIND DIRECTION     S (160)
  HIGHEST GUST SPEED    25   HIGHEST GUST DIRECTION    SE (150)
  AVERAGE WIND SPEED     7.1


SKY COVER
  POSSIBLE SUNSHINE  MM
  AVERAGE SKY COVER 0.1


WEATHER CONDITIONS
 THE FOLLOWING WEATHER WAS RECORDED YESTERDAY.
  NO SIGNIFICANT WEATHER WAS OBSERVED.


RELATIVE HUMIDITY (PERCENT)
 HIGHEST    75           300 AM
 LOWEST     18           500 PM
 AVERAGE    47

..........................................................


THE ROCK SPRINGS WY CLIMATE NORMALS FOR TODAY
                         NORMAL    RECORD    YEAR
 MAXIMUM TEMPERATURE (F)   56        79      2012
 MINIMUM TEMPERATURE (F)   31        11      2013


SUNRISE AND SUNSET
APRIL 23 2017.........SUNRISE   624 AM MDT   SUNSET   806 PM MDT
APRIL 24 2017.........SUNRISE   622 AM MDT   SUNSET   807 PM MDT


-  INDICATES NEGATIVE NUMBERS.
R  INDICATES RECORD WAS SET OR TIED.
MM INDICATES DATA IS MISSING.
T  INDICATES TRACE AMOUNT.




$$
