000
CDUS45 KRIW 060743
CLIRKS


CLIMATE REPORT
NATIONAL WEATHER SERVICE RIVERTON WY
131 AM MDT MON JUL 6 2015


...................................

...THE ROCK SPRINGS WY CLIMATE SUMMARY FOR JULY 5 2015...

CLIMATE NORMAL PERIOD 1981 TO 2010
CLIMATE RECORD PERIOD 1948 TO 2015


WEATHER ITEM   OBSERVED TIME   RECORD YEAR NORMAL DEPARTURE LAST
                VALUE   (LST)  VALUE       VALUE  FROM      YEAR
                                                  NORMAL
..................................................................
TEMPERATURE (F)
 YESTERDAY
  MAXIMUM         71   1202 AM  93    2001  82    -11       92
                                      1989
  MINIMUM         56   1159 PM  38    1986  52      4       52
  AVERAGE         64                        67     -3       72

PRECIPITATION (IN)
  YESTERDAY        0.17R         0.12 2009   0.01   0.16     0.00
  MONTH TO DATE    0.17                      0.09   0.08      T
  SINCE JUN 1      1.28                      0.88   0.40     0.29
  SINCE JAN 1      5.36                      4.61   0.75     1.60

DEGREE DAYS
 HEATING
  YESTERDAY        1                         1      0        0
  MONTH TO DATE    1                         8     -7        3
  SINCE JUN 1     50                       175   -125      150
  SINCE JUL 1      1                         8     -7        3

 COOLING
  YESTERDAY        0                         4     -4        7
  MONTH TO DATE   33                        16     17       24
  SINCE JUN 1    121                        51     70       41
  SINCE JAN 1    121                        52     69       48
..................................................................


WIND (MPH)
  HIGHEST WIND SPEED    23   HIGHEST WIND DIRECTION     W (260)
  HIGHEST GUST SPEED    27   HIGHEST GUST DIRECTION     W (260)
  AVERAGE WIND SPEED     9.3


SKY COVER
  POSSIBLE SUNSHINE  MM
  AVERAGE SKY COVER 0.7


WEATHER CONDITIONS
 THE FOLLOWING WEATHER WAS RECORDED YESTERDAY.
  HEAVY RAIN
  RAIN
  LIGHT RAIN
  FOG


RELATIVE HUMIDITY (PERCENT)
 HIGHEST    93           300 PM
 LOWEST     38          1200 AM
 AVERAGE    66

..........................................................


THE ROCK SPRINGS WY CLIMATE NORMALS FOR TODAY
                         NORMAL    RECORD    YEAR
 MAXIMUM TEMPERATURE (F)   82        94      1989
 MINIMUM TEMPERATURE (F)   53        39      1993


SUNRISE AND SUNSET
JULY  6 2015..........SUNRISE   549 AM MDT   SUNSET   853 PM MDT
JULY  7 2015..........SUNRISE   549 AM MDT   SUNSET   853 PM MDT


-  INDICATES NEGATIVE NUMBERS.
R  INDICATES RECORD WAS SET OR TIED.
MM INDICATES DATA IS MISSING.
T  INDICATES TRACE AMOUNT.




$$
