000
CDUS45 KRIW 050735
CLIRKS


CLIMATE REPORT
NATIONAL WEATHER SERVICE RIVERTON WY
134 AM MDT SAT SEP 5 2015


...................................

...THE ROCK SPRINGS WY CLIMATE SUMMARY FOR SEPTEMBER 4 2015...

CLIMATE NORMAL PERIOD 1981 TO 2010
CLIMATE RECORD PERIOD 1948 TO 2015


WEATHER ITEM   OBSERVED TIME   RECORD YEAR NORMAL DEPARTURE LAST
                VALUE   (LST)  VALUE       VALUE  FROM      YEAR
                                                  NORMAL
..................................................................
TEMPERATURE (F)
 YESTERDAY
  MAXIMUM         77    225 PM  89    1995  75      2       72
  MINIMUM         52   1156 PM  33    1968  47      5       47
  AVERAGE         65                        61      4       60

PRECIPITATION (IN)
  YESTERDAY        T             0.44 1987   0.03  -0.03     0.00
  MONTH TO DATE    0.22                      0.11   0.11     0.00
  SINCE SEP 1      0.22                      0.11   0.11     0.00
  SINCE JAN 1      7.90                      5.89   2.01     2.48

DEGREE DAYS
 HEATING
  YESTERDAY        0                         4     -4        5
  MONTH TO DATE    0                        16    -16       15
  SINCE SEP 1      0                        16    -16       15
  SINCE JUL 1     55                        80    -25      106

 COOLING
  YESTERDAY        0                         1     -1        0
  MONTH TO DATE    9                         4      5        3
  SINCE SEP 1      9                         4      5        3
  SINCE JAN 1    261                       281    -20      302
..................................................................


WIND (MPH)
  HIGHEST WIND SPEED    49   HIGHEST WIND DIRECTION    SW (240)
  HIGHEST GUST SPEED    60   HIGHEST GUST DIRECTION    SW (240)
  AVERAGE WIND SPEED    15.0


SKY COVER
  POSSIBLE SUNSHINE  MM
  AVERAGE SKY COVER 0.1


WEATHER CONDITIONS
 THE FOLLOWING WEATHER WAS RECORDED YESTERDAY.
  THUNDERSTORM
  LIGHT RAIN


RELATIVE HUMIDITY (PERCENT)
 HIGHEST    77           700 PM
 LOWEST     21          1100 AM
 AVERAGE    49

..........................................................


THE ROCK SPRINGS WY CLIMATE NORMALS FOR TODAY
                         NORMAL    RECORD    YEAR
 MAXIMUM TEMPERATURE (F)   75        88      2013
                                             1950
 MINIMUM TEMPERATURE (F)   47        36      1956


SUNRISE AND SUNSET
SEPTEMBER  5 2015.....SUNRISE   646 AM MDT   SUNSET   743 PM MDT
SEPTEMBER  6 2015.....SUNRISE   647 AM MDT   SUNSET   741 PM MDT


-  INDICATES NEGATIVE NUMBERS.
R  INDICATES RECORD WAS SET OR TIED.
MM INDICATES DATA IS MISSING.
T  INDICATES TRACE AMOUNT.




$$
