000
CDUS45 KRIW 220735
CLIRKS


CLIMATE REPORT
NATIONAL WEATHER SERVICE RIVERTON WY
127 AM MDT TUE JUL 22 2014


...................................

...THE ROCK SPRINGS WY CLIMATE SUMMARY FOR JULY 21 2014...

CLIMATE NORMAL PERIOD 1981 TO 2010
CLIMATE RECORD PERIOD 1948 TO 2014


WEATHER ITEM   OBSERVED TIME   RECORD YEAR NORMAL DEPARTURE LAST
                VALUE   (LST)  VALUE       VALUE  FROM      YEAR
                                                  NORMAL
..................................................................
TEMPERATURE (F)
 YESTERDAY
  MAXIMUM         88    350 PM  95    2005  85      3       92
  MINIMUM         54    424 AM  44    1949  55     -1       59
  AVERAGE         71                        70      1       76

PRECIPITATION (IN)
  YESTERDAY        0.00          0.90 2012   0.03  -0.03     0.00
  MONTH TO DATE    0.12                      0.42  -0.30     0.20
  SINCE JUN 1      0.41                      1.21  -0.80     0.20
  SINCE JAN 1      1.72                      4.94  -3.22     1.69

DEGREE DAYS
 HEATING
  YESTERDAY        0                         0      0        0
  MONTH TO DATE    3                        19    -16        0
  SINCE JUN 1    150                       186    -36       62
  SINCE JUL 1      3                        19    -16        0

 COOLING
  YESTERDAY        6                         5      1       11
  MONTH TO DATE  139                        90     49      169
  SINCE JUN 1    156                       125     31      262
  SINCE JAN 1    163                       126     37      263
..................................................................


WIND (MPH)
  HIGHEST WIND SPEED    25   HIGHEST WIND DIRECTION     W (270)
  HIGHEST GUST SPEED    33   HIGHEST GUST DIRECTION     W (250)
  AVERAGE WIND SPEED     8.9


SKY COVER
  POSSIBLE SUNSHINE  MM
  AVERAGE SKY COVER 0.0


WEATHER CONDITIONS
 THE FOLLOWING WEATHER WAS RECORDED YESTERDAY.
  NO SIGNIFICANT WEATHER WAS OBSERVED.


RELATIVE HUMIDITY (PERCENT)
 HIGHEST    59           400 AM
 LOWEST     12           200 PM
 AVERAGE    36

..........................................................


THE ROCK SPRINGS WY CLIMATE NORMALS FOR TODAY
                         NORMAL    RECORD    YEAR
 MAXIMUM TEMPERATURE (F)   85        96      2007
 MINIMUM TEMPERATURE (F)   55        39      1978


SUNRISE AND SUNSET
JULY 22 2014..........SUNRISE   601 AM MDT   SUNSET   844 PM MDT
JULY 23 2014..........SUNRISE   602 AM MDT   SUNSET   843 PM MDT


-  INDICATES NEGATIVE NUMBERS.
R  INDICATES RECORD WAS SET OR TIED.
MM INDICATES DATA IS MISSING.
T  INDICATES TRACE AMOUNT.




$$
