000
CDUS45 KRIW 030736
CLIRKS


CLIMATE REPORT
NATIONAL WEATHER SERVICE RIVERTON WY
128 AM MDT WED JUN 3 2015


...................................

...THE ROCK SPRINGS WY CLIMATE SUMMARY FOR JUNE 2 2015...

CLIMATE NORMAL PERIOD 1981 TO 2010
CLIMATE RECORD PERIOD 1948 TO 2015


WEATHER ITEM   OBSERVED TIME   RECORD YEAR NORMAL DEPARTURE LAST
                VALUE   (LST)  VALUE       VALUE  FROM      YEAR
                                                  NORMAL
..................................................................
TEMPERATURE (F)
 YESTERDAY
  MAXIMUM         76    219 PM  87    2006  70      6       79
  MINIMUM         47    533 AM  26    1951  42      5       41
  AVERAGE         62                        56      6       60

PRECIPITATION (IN)
  YESTERDAY        T             0.34 1993   0.04  -0.04     0.00
  MONTH TO DATE    T                         0.07  -0.07     0.00
  SINCE JUN 1      T                         0.07  -0.07     0.00
  SINCE JAN 1      4.08                      3.80   0.28     1.31

DEGREE DAYS
 HEATING
  YESTERDAY        3                         9     -6        5
  MONTH TO DATE    3                        19    -16       10
  SINCE JUN 1      3                        19    -16       10
  SINCE JUL 1   7068                      7994   -926     7354

 COOLING
  YESTERDAY        0                         0      0        0
  MONTH TO DATE    1                         0      1        0
  SINCE JUN 1      1                         0      1        0
  SINCE JAN 1      1                         1      0        7
..................................................................


WIND (MPH)
  HIGHEST WIND SPEED    29   HIGHEST WIND DIRECTION    SW (220)
  HIGHEST GUST SPEED    43   HIGHEST GUST DIRECTION     W (270)
  AVERAGE WIND SPEED     9.1


SKY COVER
  POSSIBLE SUNSHINE  MM
  AVERAGE SKY COVER 0.1


WEATHER CONDITIONS
 THE FOLLOWING WEATHER WAS RECORDED YESTERDAY.
  NO SIGNIFICANT WEATHER WAS OBSERVED.


RELATIVE HUMIDITY (PERCENT)
 HIGHEST    66           300 AM
 LOWEST     17           500 PM
 AVERAGE    42

..........................................................


THE ROCK SPRINGS WY CLIMATE NORMALS FOR TODAY
                         NORMAL    RECORD    YEAR
 MAXIMUM TEMPERATURE (F)   70        87      2012
                                             1977
 MINIMUM TEMPERATURE (F)   43        26      1951


SUNRISE AND SUNSET
JUNE  3 2015..........SUNRISE   544 AM MDT   SUNSET   845 PM MDT
JUNE  4 2015..........SUNRISE   543 AM MDT   SUNSET   846 PM MDT


-  INDICATES NEGATIVE NUMBERS.
R  INDICATES RECORD WAS SET OR TIED.
MM INDICATES DATA IS MISSING.
T  INDICATES TRACE AMOUNT.




$$
