607
CDUS45 KRIW 260739
CLIRKS


CLIMATE REPORT
NATIONAL WEATHER SERVICE RIVERTON WY
139 AM MDT TUE JUL 26 2016


...................................

...THE ROCK SPRINGS WY CLIMATE SUMMARY FOR JULY 25 2016...

CLIMATE NORMAL PERIOD 1981 TO 2010
CLIMATE RECORD PERIOD 1948 TO 2016


WEATHER ITEM   OBSERVED TIME   RECORD YEAR NORMAL DEPARTURE LAST
                VALUE   (LST)  VALUE       VALUE  FROM      YEAR
                                                  NORMAL
..................................................................
TEMPERATURE (F)
 YESTERDAY
  MAXIMUM         90    254 PM  92    2011  85      5       84
  MINIMUM         57    319 AM  44    1993  55      2       53
  AVERAGE         74                        70      4       69

PRECIPITATION (IN)
  YESTERDAY        0.00          0.79 1976   0.02  -0.02     0.00
  MONTH TO DATE    0.22                      0.51  -0.29     2.12
  SINCE JUN 1      0.43                      1.30  -0.87     3.23
  SINCE JAN 1      4.89                      5.03  -0.14     7.31

DEGREE DAYS
 HEATING
  YESTERDAY        0                         0      0        0
  MONTH TO DATE   13                        19     -6       16
  SINCE JUN 1     52                       186   -134       65
  SINCE JUL 1     13                        19     -6       16

 COOLING
  YESTERDAY        9                         5      4        4
  MONTH TO DATE  121                       110     11       64
  SINCE JUN 1    202                       145     57      152
  SINCE JAN 1    202                       146     56      152
..................................................................


WIND (MPH)
  HIGHEST WIND SPEED    31   HIGHEST WIND DIRECTION    SW (210)
  HIGHEST GUST SPEED    38   HIGHEST GUST DIRECTION    SW (210)
  AVERAGE WIND SPEED     8.5


SKY COVER
  POSSIBLE SUNSHINE  MM
  AVERAGE SKY COVER 0.0


WEATHER CONDITIONS
 THE FOLLOWING WEATHER WAS RECORDED YESTERDAY.
  NO SIGNIFICANT WEATHER WAS OBSERVED.


RELATIVE HUMIDITY (PERCENT)
 HIGHEST    24           900 PM
 LOWEST      6          1200 PM
 AVERAGE    15

..........................................................


THE ROCK SPRINGS WY CLIMATE NORMALS FOR TODAY
                         NORMAL    RECORD    YEAR
 MAXIMUM TEMPERATURE (F)   85        93      2010
 MINIMUM TEMPERATURE (F)   55        44      1993


SUNRISE AND SUNSET
JULY 26 2016..........SUNRISE   605 AM MDT   SUNSET   840 PM MDT
JULY 27 2016..........SUNRISE   606 AM MDT   SUNSET   839 PM MDT


-  INDICATES NEGATIVE NUMBERS.
R  INDICATES RECORD WAS SET OR TIED.
MM INDICATES DATA IS MISSING.
T  INDICATES TRACE AMOUNT.




$$
