000
CDUS42 KFFC 270818
CLIRMG


CLIMATE REPORT
NATIONAL WEATHER SERVICE PEACHTREE CITY GA
416 AM EDT SAT AUG 27 2016


...................................

...THE ROME  CLIMATE SUMMARY FOR AUGUST 26 2016...

CLIMATE NORMAL PERIOD 1981 TO 2010
CLIMATE RECORD PERIOD 9999 TO 9999


WEATHER ITEM   OBSERVED TIME   RECORD YEAR NORMAL DEPARTURE LAST
                VALUE   (LST)  VALUE       VALUE  FROM      YEAR
                                                  NORMAL
..................................................................
TEMPERATURE (F)
 YESTERDAY
  MAXIMUM         96    243 PM  MM      MM  89      7       83
  MINIMUM         73    648 AM  MM      MM  66      7       60
  AVERAGE         85                        78      7       72

PRECIPITATION (IN)
  YESTERDAY        0.35         MM      MM   0.13   0.22     0.00
  MONTH TO DATE    5.74                      3.51   2.23     4.28
  SINCE JUN 1      9.47                     11.93  -2.46    10.20
  SINCE JAN 1     26.59                     34.80  -8.21    29.84

DEGREE DAYS
 COOLING
  YESTERDAY       20                        13      7        7
  MONTH TO DATE  452                       362     90      374
  SINCE JUN 1   1439                      1138    301     1281
  SINCE JAN 1   1664                      1306    358     1538
..................................................................


WIND (MPH)
  RESULTANT WIND SPEED   2   RESULTANT WIND DIRECTION  NE (30)
  HIGHEST WIND SPEED    26   HIGHEST WIND DIRECTION    SW (220)
  HIGHEST GUST SPEED    37   HIGHEST GUST DIRECTION    SW (220)
  AVERAGE WIND SPEED     4.1


SKY COVER
  AVERAGE SKY COVER 0.3


WEATHER CONDITIONS
 THE FOLLOWING WEATHER WAS RECORDED YESTERDAY.
  THUNDERSTORM
  HEAVY RAIN
  LIGHT RAIN
  FOG


RELATIVE HUMIDITY (PERCENT)
 HIGHEST    94          1200 AM
 LOWEST     46           200 PM
 AVERAGE    70

..........................................................


THE ROME  CLIMATE NORMALS FOR TODAY
                         NORMAL    RECORD    YEAR
 MAXIMUM TEMPERATURE (F)   89        MM        MM
 MINIMUM TEMPERATURE (F)   66        MM        MM


SUNRISE AND SUNSET
AUGUST 27 2016........SUNRISE   711 AM EDT   SUNSET   813 PM EDT
AUGUST 28 2016........SUNRISE   711 AM EDT   SUNSET   811 PM EDT


-  INDICATES NEGATIVE NUMBERS.
R  INDICATES RECORD WAS SET OR TIED.
MM INDICATES DATA IS MISSING.
T  INDICATES TRACE AMOUNT.




$$
