576
CDUS42 KFFC 300817
CLIRMG


CLIMATE REPORT
NATIONAL WEATHER SERVICE PEACHTREE CITY GA
416 AM EDT SAT JUL 30 2016


...................................

...THE ROME  CLIMATE SUMMARY FOR JULY 29 2016...

CLIMATE NORMAL PERIOD 1981 TO 2010
CLIMATE RECORD PERIOD 9999 TO 9999


WEATHER ITEM   OBSERVED TIME   RECORD YEAR NORMAL DEPARTURE LAST
                VALUE   (LST)  VALUE       VALUE  FROM      YEAR
                                                  NORMAL
..................................................................
TEMPERATURE (F)
 YESTERDAY
  MAXIMUM         91    259 PM  MM      MM  90      1       96
  MINIMUM         73   1152 PM  MM      MM  69      4       73
  AVERAGE         82                        80      2       85

PRECIPITATION (IN)
  YESTERDAY        0.02         MM      MM   0.09  -0.07     0.00
  MONTH TO DATE    1.27                      4.12  -2.85     3.12
  SINCE JUN 1      3.55                      8.22  -4.67     5.92
  SINCE JAN 1     20.67                     31.09 -10.42    25.56

DEGREE DAYS
 COOLING
  YESTERDAY       17                        15      2       20
  MONTH TO DATE  514                       421     93      456
  SINCE JUN 1    953                       751    202      874
  SINCE JAN 1   1178                       919    259     1131
..................................................................


WIND (MPH)
  RESULTANT WIND SPEED   2   RESULTANT WIND DIRECTION  SW (240)
  HIGHEST WIND SPEED    14   HIGHEST WIND DIRECTION    SW (230)
  HIGHEST GUST SPEED    18   HIGHEST GUST DIRECTION     W (250)
  AVERAGE WIND SPEED     4.1


SKY COVER
  AVERAGE SKY COVER 0.5


WEATHER CONDITIONS
 THE FOLLOWING WEATHER WAS RECORDED YESTERDAY.
  NO SIGNIFICANT WEATHER WAS OBSERVED.


RELATIVE HUMIDITY (PERCENT)
 HIGHEST    94           800 AM
 LOWEST     50           300 PM
 AVERAGE    72

..........................................................


THE ROME  CLIMATE NORMALS FOR TODAY
                         NORMAL    RECORD    YEAR
 MAXIMUM TEMPERATURE (F)   90        MM        MM
 MINIMUM TEMPERATURE (F)   69        MM        MM


SUNRISE AND SUNSET
JULY 30 2016..........SUNRISE   650 AM EDT   SUNSET   843 PM EDT
JULY 31 2016..........SUNRISE   651 AM EDT   SUNSET   843 PM EDT


-  INDICATES NEGATIVE NUMBERS.
R  INDICATES RECORD WAS SET OR TIED.
MM INDICATES DATA IS MISSING.
T  INDICATES TRACE AMOUNT.




$$
