000
CDUS41 KRNK 231214
CLIRNK


CLIMATE REPORT
NATIONAL WEATHER SERVICE BLACKSBURG VA
814 AM EDT SAT MAY 23 2015


...................................

...THE BLACKSBURG VA CLIMATE SUMMARY FOR MAY 22 2015...

CLIMATE NORMAL PERIOD 1981 TO 2010
CLIMATE RECORD PERIOD 1952 TO 2015


WEATHER ITEM   OBSERVED TIME   RECORD YEAR NORMAL DEPARTURE LAST
                VALUE   (LST)  VALUE       VALUE  FROM      YEAR
                                                  NORMAL
..................................................................
TEMPERATURE (F)
 YESTERDAY
  MAXIMUM         68    500 PM  88    2009  73     -5       79
  MINIMUM         44    535 AM  28    2002  49     -5       61
  AVERAGE         56                        61     -5       70

PRECIPITATION (IN)
  YESTERDAY        0.00          1.62 2001   0.16  -0.16      T
  MONTH TO DATE    1.86                      2.92  -1.06     2.43
  SINCE MAR 1     11.73                     10.04   1.69     8.95
  SINCE JAN 1     15.15                     15.93  -0.78    14.58

SNOWFALL (IN)
  YESTERDAY        0.0
  MONTH TO DATE    0.0
  SINCE MAR 1      4.4
  SINCE JUL 1     27.8
  SNOW DEPTH       0

DEGREE DAYS
 HEATING
  YESTERDAY        9                         5      4        0
  MONTH TO DATE   69                       165    -96      102
  SINCE MAR 1   1074                      1322   -248     1254
  SINCE JUL 1   5200                      5370   -170     5435

 COOLING
  YESTERDAY        0                         1     -1        5
  MONTH TO DATE   46                        11     35       31
  SINCE MAR 1     46                        14     32       31
  SINCE JAN 1     46                        14     32       31
..................................................................


WIND (MPH)
  HIGHEST WIND SPEED    10   HIGHEST WIND DIRECTION    NW (300)
  HIGHEST GUST SPEED    17   HIGHEST GUST DIRECTION    NW (300)
  AVERAGE WIND SPEED     5.9


SKY COVER
  POSSIBLE SUNSHINE  MM
  AVERAGE SKY COVER 0.3


WEATHER CONDITIONS
 THE FOLLOWING WEATHER WAS RECORDED YESTERDAY.
  NO SIGNIFICANT WEATHER WAS OBSERVED.


RELATIVE HUMIDITY (PERCENT)
 HIGHEST    80          1200 AM
 LOWEST     41           500 PM
 AVERAGE    61

..........................................................


THE BLACKSBURG VA CLIMATE NORMALS FOR TODAY
                         NORMAL    RECORD    YEAR
 MAXIMUM TEMPERATURE (F)   73        87      1953
 MINIMUM TEMPERATURE (F)   49        30      2002


SUNRISE AND SUNSET
MAY 23 2015...........SUNRISE   608 AM EDT   SUNSET   830 PM EDT
MAY 24 2015...........SUNRISE   607 AM EDT   SUNSET   830 PM EDT


-  INDICATES NEGATIVE NUMBERS.
R  INDICATES RECORD WAS SET OR TIED.
MM INDICATES DATA IS MISSING.
T  INDICATES TRACE AMOUNT.




$$
