759
CDUS41 KRNK 240938
CLIRNK


CLIMATE REPORT
NATIONAL WEATHER SERVICE BLACKSBURG VA
434 AM EST TUE JAN 24 2017


...................................

...THE BLACKSBURG VA CLIMATE SUMMARY FOR JANUARY 23 2017...

CLIMATE NORMAL PERIOD 1981 TO 2010
CLIMATE RECORD PERIOD 1952 TO 2017


WEATHER ITEM   OBSERVED RECORD YEAR NORMAL DEPARTURE LAST
                VALUE   VALUE       VALUE  FROM      YEAR
                                           NORMAL
...........................................................
TEMPERATURE (F)
 YESTERDAY
  MAXIMUM         46     65    1967  42      4       22
  MINIMUM         37     -1    1961  21     16       16
  AVERAGE         42                 32     10       19

PRECIPITATION (IN)
  YESTERDAY        1.42R  0.88 1954   0.10   1.22     0.11
  MONTH TO DATE    4.19               2.31   1.88     2.42
  SINCE DEC 1      7.28               5.26   2.02     7.44
  SINCE JAN 1      4.19               2.31   1.88     2.42

SNOWFALL (IN)
  YESTERDAY        0.0                                2.0
  MONTH TO DATE    4.7                               14.2
  SINCE DEC 1      5.4                               14.2
  SINCE JUL 1      5.4                               14.2
  SNOW DEPTH       0

DEGREE DAYS
 HEATING
  YESTERDAY       23                 33    -10       46
  MONTH TO DATE  603                780   -177      834
  SINCE DEC 1   1483               1747   -264     1392
  SINCE JUL 1   2256               2927   -671     2280

 COOLING
  YESTERDAY        0                  0      0        0
  MONTH TO DATE    0                  0      0        0
  SINCE DEC 1      0                  0      0        0
  SINCE JAN 1      0                  0      0        0
...........................................................


WIND (MPH)
  HIGHEST WIND SPEED    16   HIGHEST WIND DIRECTION     E (70)
  HIGHEST GUST SPEED    28   HIGHEST GUST DIRECTION     E (80)
  AVERAGE WIND SPEED     8.0


SKY COVER
  AVERAGE SKY COVER 1.0


WEATHER CONDITIONS
 THE FOLLOWING WEATHER WAS RECORDED YESTERDAY.
  HEAVY RAIN
  RAIN
  LIGHT RAIN
  FOG


RELATIVE HUMIDITY (PERCENT)
 HIGHEST   100           100 AM
 LOWEST     86           300 PM
 AVERAGE    93

..........................................................


THE BLACKSBURG VA CLIMATE NORMALS FOR TODAY
                         NORMAL    RECORD    YEAR
 MAXIMUM TEMPERATURE (F)   42        67      1999
 MINIMUM TEMPERATURE (F)   22       -11      1963


SUNRISE AND SUNSET
JANUARY 24 2017.......SUNRISE   730 AM EST   SUNSET   538 PM EST
JANUARY 25 2017.......SUNRISE   730 AM EST   SUNSET   539 PM EST


-  INDICATES NEGATIVE NUMBERS.
R  INDICATES RECORD WAS SET OR TIED.
MM INDICATES DATA IS MISSING.
T  INDICATES TRACE AMOUNT.

$$
RCS
