663
CDUS41 KRNK 020806
CLIRNK


CLIMATE REPORT
NATIONAL WEATHER SERVICE BLACKSBURG VA
303 AM EST FRI DEC 2 2016


...................................

...THE BLACKSBURG VA CLIMATE SUMMARY FOR DECEMBER 1 2016...

CLIMATE NORMAL PERIOD 1981 TO 2010
CLIMATE RECORD PERIOD 1952 TO 2016


WEATHER ITEM   OBSERVED RECORD YEAR NORMAL DEPARTURE LAST
                VALUE   VALUE       VALUE  FROM      YEAR
                                           NORMAL
...........................................................
TEMPERATURE (F)
 YESTERDAY
  MAXIMUM         51     72    2006  48      3       50
  MINIMUM         35      6    1976  27      8       39
  AVERAGE         43                 38      5       45

PRECIPITATION (IN)
  YESTERDAY        0.00   2.37 1996   0.10  -0.10     1.08
  MONTH TO DATE    0.00               0.10  -0.10     1.08
  SINCE DEC 1      0.00               0.10  -0.10     1.08
  SINCE JAN 1     38.95              38.04   0.91    45.06

SNOWFALL (IN)
  YESTERDAY        0.0                                0.0
  MONTH TO DATE    0.0                                0.0
  SINCE DEC 1      0.0                                0.0
  SINCE JUL 1      T                                   T
  SNOW DEPTH       0

DEGREE DAYS
 HEATING
  YESTERDAY       22                 27     -5       20
  MONTH TO DATE   22                 27     -5       20
  SINCE DEC 1     22                 27     -5       20
  SINCE JUL 1    795               1207   -412      908

 COOLING
  YESTERDAY        0                  0      0        0
  MONTH TO DATE    0                  0      0        0
  SINCE DEC 1      0                  0      0        0
  SINCE JAN 1    914                573    341      820
...........................................................


WIND (MPH)
  HIGHEST WIND SPEED    18   HIGHEST WIND DIRECTION     W (290)
  HIGHEST GUST SPEED    31   HIGHEST GUST DIRECTION     W (290)
  AVERAGE WIND SPEED     8.8


SKY COVER
  AVERAGE SKY COVER 0.3


WEATHER CONDITIONS
 THE FOLLOWING WEATHER WAS RECORDED YESTERDAY.
  NO SIGNIFICANT WEATHER WAS OBSERVED.


RELATIVE HUMIDITY (PERCENT)
 HIGHEST    86          1200 AM
 LOWEST     54           100 PM
 AVERAGE    70

..........................................................


THE BLACKSBURG VA CLIMATE NORMALS FOR TODAY
                         NORMAL    RECORD    YEAR
 MAXIMUM TEMPERATURE (F)   48        66      1970
 MINIMUM TEMPERATURE (F)   27         8      1976


SUNRISE AND SUNSET
DECEMBER  2 2016......SUNRISE   718 AM EST   SUNSET   504 PM EST
DECEMBER  3 2016......SUNRISE   719 AM EST   SUNSET   504 PM EST


-  INDICATES NEGATIVE NUMBERS.
R  INDICATES RECORD WAS SET OR TIED.
MM INDICATES DATA IS MISSING.
T  INDICATES TRACE AMOUNT.




$$
