000
CDUS46 KSGX 171154
CLIRNM


CLIMATE REPORT
NATIONAL WEATHER SERVICE SAN DIEGO, CA
444 AM PDT TUE OCT 17 2017


...................................

...THE RAMONA AIRPORT CA CLIMATE SUMMARY FOR OCTOBER 16 2017...

CLIMATE NORMAL PERIOD 1981 TO 2010
CLIMATE RECORD PERIOD 1974 TO 2017


WEATHER ITEM   OBSERVED TIME   RECORD YEAR NORMAL DEPARTURE LAST
                VALUE   (LST)  VALUE       VALUE  FROM      YEAR
                                                  NORMAL
..................................................................
TEMPERATURE (F)
 YESTERDAY
  MAXIMUM         99R  1256 PM  96    1997  79     20       77
                                      1974
  MINIMUM         50    543 AM  38    1981  48      2       58
  AVERAGE         75                        63     12       68

PRECIPITATION (IN)
  YESTERDAY        0.00          0.46 2005   0.02  -0.02     0.00
  MONTH TO DATE    0.00                      0.28  -0.28     0.00
  SINCE OCT 1      0.00                      0.28  -0.28     0.00
  SINCE JAN 1     15.94                     12.18   3.76    10.16

DEGREE DAYS
 HEATING
  YESTERDAY        0                         3     -3        0
  MONTH TO DATE   11                        37    -26       27
  SINCE SEP 1     25                        52    -27       35
  SINCE JUL 1     25                        55    -30       35

 COOLING
  YESTERDAY       10                         1      9        3
  MONTH TO DATE   45                        36      9       23
  SINCE SEP 1    247                       216     31      178
  SINCE JAN 1   1182                       829    353      974
..................................................................


WIND (MPH)
  RESULTANT WIND SPEED   3   RESULTANT WIND DIRECTION   W (290)
  HIGHEST WIND SPEED    20   HIGHEST WIND DIRECTION     W (280)
  HIGHEST GUST SPEED    32   HIGHEST GUST DIRECTION     W (290)
  AVERAGE WIND SPEED     4.5


SKY COVER
  POSSIBLE SUNSHINE  MM
  AVERAGE SKY COVER 0.0


WEATHER CONDITIONS
 THE FOLLOWING WEATHER WAS RECORDED YESTERDAY.
  NO SIGNIFICANT WEATHER WAS OBSERVED.


RELATIVE HUMIDITY (PERCENT)
 HIGHEST    54           400 AM
 LOWEST      7          1000 AM
 AVERAGE    31

..........................................................


THE RAMONA AIRPORT CA CLIMATE NORMALS FOR TODAY
                         NORMAL    RECORD    YEAR
 MAXIMUM TEMPERATURE (F)   79        98      2012
 MINIMUM TEMPERATURE (F)   48        38      1994
                                             1981


SUNRISE AND SUNSET
OCTOBER 17 2017.......SUNRISE   654 AM PDT   SUNSET   612 PM PDT
OCTOBER 18 2017.......SUNRISE   655 AM PDT   SUNSET   610 PM PDT


-  INDICATES NEGATIVE NUMBERS.
R  INDICATES RECORD WAS SET OR TIED.
MM INDICATES DATA IS MISSING.
T  INDICATES TRACE AMOUNT.




$$
