000
CDUS46 KSGX 291435
CLIRNM


CLIMATE REPORT
NATIONAL WEATHER SERVICE SAN DIEGO, CA
735 AM PDT SUN MAR 29 2015


...................................

...THE RAMONA AIRPORT CA CLIMATE SUMMARY FOR MARCH 28 2015...

CLIMATE NORMAL PERIOD 1981 TO 2010
CLIMATE RECORD PERIOD 1974 TO 2015


WEATHER ITEM   OBSERVED TIME   RECORD YEAR NORMAL DEPARTURE LAST
                VALUE   (LST)  VALUE       VALUE  FROM      YEAR
                                                  NORMAL
..................................................................
TEMPERATURE (F)
 YESTERDAY
  MAXIMUM         87R  1155 AM  86    2004  67     20       70
  MINIMUM         41    552 AM  30    2007  40      1       36
  AVERAGE         64                        54     10       53

PRECIPITATION (IN)
  YESTERDAY        0.00          1.56 1998   0.06  -0.06     0.00
  MONTH TO DATE    1.23                      2.91  -1.68     0.98
  SINCE OCT 1      7.44                     13.48  -6.04     6.77
  SINCE JAN 1      2.84                      9.34  -6.50     4.10

SNOWFALL (IN)
  YESTERDAY        0.0
  MONTH TO DATE    0.0
  SINCE MAR 1      0.0
  SINCE JUL 1      0.0
  SNOW DEPTH       0

DEGREE DAYS
 HEATING
  YESTERDAY        1                        11    -10       12
  MONTH TO DATE  182                       343   -161      214
  SINCE MAR 1    182                       343   -161      214
  SINCE JUL 1   1366                      2084   -718     1635

 COOLING
  YESTERDAY        0                         0      0        0
  MONTH TO DATE    7                         0      7        0
  SINCE MAR 1      7                         0      7        0
  SINCE JAN 1      9                         1      8        0
..................................................................


WIND (MPH)
  RESULTANT WIND SPEED   3   RESULTANT WIND DIRECTION   W (290)
  HIGHEST WIND SPEED    14   HIGHEST WIND DIRECTION     W (270)
  HIGHEST GUST SPEED    19   HIGHEST GUST DIRECTION     W (280)
  AVERAGE WIND SPEED     4.5


SKY COVER
  POSSIBLE SUNSHINE  MM
  AVERAGE SKY COVER 0.0


WEATHER CONDITIONS
 THE FOLLOWING WEATHER WAS RECORDED YESTERDAY.
  NO SIGNIFICANT WEATHER WAS OBSERVED.


RELATIVE HUMIDITY (PERCENT)
 HIGHEST    79           500 AM
 LOWEST     12          1000 AM
 AVERAGE    46

..........................................................


THE RAMONA AIRPORT CA CLIMATE NORMALS FOR TODAY
                         NORMAL    RECORD    YEAR
 MAXIMUM TEMPERATURE (F)   67        91      2004
 MINIMUM TEMPERATURE (F)   40        28      1975


SUNRISE AND SUNSET
MARCH 29 2015.........SUNRISE   640 AM PDT   SUNSET   706 PM PDT
MARCH 30 2015.........SUNRISE   638 AM PDT   SUNSET   706 PM PDT


-  INDICATES NEGATIVE NUMBERS.
R  INDICATES RECORD WAS SET OR TIED.
MM INDICATES DATA IS MISSING.
T  INDICATES TRACE AMOUNT.




$$
