000
CDUS46 KSGX 311422
CLIRNM


CLIMATE REPORT
NATIONAL WEATHER SERVICE SAN DIEGO, CA
722 AM PDT TUE MAY 31 2016


...................................

...THE RAMONA AIRPORT CA CLIMATE SUMMARY FOR MAY 30 2016...

CLIMATE NORMAL PERIOD 1981 TO 2010
CLIMATE RECORD PERIOD 1974 TO 2016


WEATHER ITEM   OBSERVED TIME   RECORD YEAR NORMAL DEPARTURE LAST
                VALUE   (LST)  VALUE       VALUE  FROM      YEAR
                                                  NORMAL
..................................................................
TEMPERATURE (F)
 YESTERDAY
  MAXIMUM         75    337 PM 107    1984  78     -3       85
  MINIMUM         52   1040 PM  35    2011  49      3       49
  AVERAGE         64                        64      0       67

PRECIPITATION (IN)
  YESTERDAY        0.00          0.01 2009   0.00   0.00     0.00
  MONTH TO DATE    0.25                      0.30  -0.05     1.48
  SINCE OCT 1     13.19                     15.35  -2.16     9.41
  SINCE JAN 1      9.66                     11.21  -1.55     4.81

DEGREE DAYS
 HEATING
  YESTERDAY        1                         3     -2        0
  MONTH TO DATE  140                       131      9      149
  SINCE MAR 1    650                       782   -132      537
  SINCE JUL 1   2153                      2523   -370     1721

 COOLING
  YESTERDAY        0                         1     -1        2
  MONTH TO DATE    6                        18    -12       13
  SINCE MAR 1      7                        22    -15       32
  SINCE JAN 1     12                        23    -11       34
..................................................................


WIND (MPH)
  RESULTANT WIND SPEED   4   RESULTANT WIND DIRECTION   W (290)
  HIGHEST WIND SPEED    13   HIGHEST WIND DIRECTION     W (270)
  HIGHEST GUST SPEED    17   HIGHEST GUST DIRECTION     W (290)
  AVERAGE WIND SPEED     4.6


SKY COVER
  POSSIBLE SUNSHINE  MM
  AVERAGE SKY COVER 0.6


WEATHER CONDITIONS
 THE FOLLOWING WEATHER WAS RECORDED YESTERDAY.
  FOG


RELATIVE HUMIDITY (PERCENT)
 HIGHEST    93           200 AM
 LOWEST     50           200 PM
 AVERAGE    72

..........................................................


THE RAMONA AIRPORT CA CLIMATE NORMALS FOR TODAY
                         NORMAL    RECORD    YEAR
 MAXIMUM TEMPERATURE (F)   78        93      1984
 MINIMUM TEMPERATURE (F)   49        40      2011


SUNRISE AND SUNSET
MAY 31 2016...........SUNRISE   540 AM PDT   SUNSET   751 PM PDT
JUNE  1 2016..........SUNRISE   540 AM PDT   SUNSET   752 PM PDT


-  INDICATES NEGATIVE NUMBERS.
R  INDICATES RECORD WAS SET OR TIED.
MM INDICATES DATA IS MISSING.
T  INDICATES TRACE AMOUNT.




$$
