000
CDUS46 KSGX 050017
CLIRNM


CLIMATE REPORT
NATIONAL WEATHER SERVICE SAN DIEGO, CA
517 PM PDT TUE AUG 4 2015


...................................

...THE RAMONA AIRPORT CA CLIMATE SUMMARY FOR AUGUST 4 2015...
VALID TODAY AS OF 0500 PM LOCAL TIME.

CLIMATE NORMAL PERIOD 1981 TO 2010
CLIMATE RECORD PERIOD 1974 TO 2015


WEATHER ITEM   OBSERVED TIME   RECORD YEAR NORMAL DEPARTURE LAST
                VALUE   (LST)  VALUE       VALUE  FROM      YEAR
                                                  NORMAL
..................................................................
TEMPERATURE (F)
 TODAY
  MAXIMUM         94    149 PM 101    1998  90      4       89
  MINIMUM         55    517 AM  46    1999  58     -3       58
  AVERAGE         75                        74      1       74

PRECIPITATION (IN)
  TODAY            0.00          0.00 2001   0.01  -0.01     0.00
  MONTH TO DATE    0.00                      0.03  -0.03     0.25
  SINCE OCT 1     12.02                     15.63  -3.61     8.17
  SINCE JAN 1      7.42                     11.49  -4.07     5.50

DEGREE DAYS
 HEATING
  TODAY            0                         0      0        0
  MONTH TO DATE    0                         0      0        0
  SINCE JUN 1      8                        29    -21        7
  SINCE JUL 1      0                         2     -2        0

 COOLING
  TODAY           10                         9      1        9
  MONTH TO DATE   38                        35      3       41
  SINCE JUN 1    451                       343    108      420
  SINCE JAN 1    486                       370    116      503
..................................................................


WIND (MPH)
  RESULTANT WIND SPEED   3   RESULTANT WIND DIRECTION  NW (300)
  HIGHEST WIND SPEED    17   HIGHEST WIND DIRECTION    NW (300)
  HIGHEST GUST SPEED    21   HIGHEST GUST DIRECTION    NW (310)
  AVERAGE WIND SPEED     5.0


SKY COVER
  POSSIBLE SUNSHINE  MM
  AVERAGE SKY COVER 0.0


WEATHER CONDITIONS
 THE FOLLOWING WEATHER WAS RECORDED TODAY.
  FOG


RELATIVE HUMIDITY (PERCENT)
 HIGHEST    93           400 AM
 LOWEST     30           100 PM
 AVERAGE    62

..........................................................


THE RAMONA AIRPORT CA CLIMATE NORMALS FOR TOMORROW
                         NORMAL    RECORD    YEAR
 MAXIMUM TEMPERATURE (F)   90       107      1997
 MINIMUM TEMPERATURE (F)   58        42      2011


SUNRISE AND SUNSET
AUGUST  4 2015........SUNRISE   603 AM PDT   SUNSET   744 PM PDT
AUGUST  5 2015........SUNRISE   604 AM PDT   SUNSET   743 PM PDT


-  INDICATES NEGATIVE NUMBERS.
R  INDICATES RECORD WAS SET OR TIED.
MM INDICATES DATA IS MISSING.
T  INDICATES TRACE AMOUNT.




$$
