000
CDUS46 KSGX 231150
CLIRNM


CLIMATE REPORT
NATIONAL WEATHER SERVICE SAN DIEGO, CA
450 AM PDT FRI JUN 23 2017


...................................

...THE RAMONA AIRPORT CA CLIMATE SUMMARY FOR JUNE 22 2017...

CLIMATE NORMAL PERIOD 1981 TO 2010
CLIMATE RECORD PERIOD 1974 TO 2017


WEATHER ITEM   OBSERVED TIME   RECORD YEAR NORMAL DEPARTURE LAST
                VALUE   (LST)  VALUE       VALUE  FROM      YEAR
                                                  NORMAL
..................................................................
TEMPERATURE (F)
 YESTERDAY
  MAXIMUM         89    123 PM 103    2008  84      5       93
  MINIMUM         53    455 AM  41    2010  52      1       57
                                      1983
  AVERAGE         71                        68      3       75

PRECIPITATION (IN)
  YESTERDAY        0.00          0.01 2006   0.00   0.00     0.00
  MONTH TO DATE    0.01                      0.11  -0.10     0.00
  SINCE OCT 1     22.73                     15.46   7.27    13.19
  SINCE JAN 1     15.71                     11.32   4.39     9.66

DEGREE DAYS
 HEATING
  YESTERDAY        0                         0      0        0
  MONTH TO DATE   13                        26    -13        4
  SINCE JUN 1     13                        26    -13        4
  SINCE JUL 1   1922                      2550   -628     2157

 COOLING
  YESTERDAY        6                         4      2       10
  MONTH TO DATE  102                        49     53      119
  SINCE JUN 1    102                        49     53      119
  SINCE JAN 1    152                        76     76      131
..................................................................


WIND (MPH)
  RESULTANT WIND SPEED   5   RESULTANT WIND DIRECTION   W (290)
  HIGHEST WIND SPEED    14   HIGHEST WIND DIRECTION     W (270)
  HIGHEST GUST SPEED    18   HIGHEST GUST DIRECTION     W (290)
  AVERAGE WIND SPEED     5.8


SKY COVER
  POSSIBLE SUNSHINE  MM
  AVERAGE SKY COVER 0.1


WEATHER CONDITIONS
 THE FOLLOWING WEATHER WAS RECORDED YESTERDAY.
  FOG
  FOG W/VISIBILITY <= 1/4 MILE
  HAZE


RELATIVE HUMIDITY (PERCENT)
 HIGHEST   100           200 AM
 LOWEST     43           100 PM
 AVERAGE    72

..........................................................


THE RAMONA AIRPORT CA CLIMATE NORMALS FOR TODAY
                         NORMAL    RECORD    YEAR
 MAXIMUM TEMPERATURE (F)   85       100      1978
                                             1976
 MINIMUM TEMPERATURE (F)   52        41      1991


SUNRISE AND SUNSET
JUNE 23 2017..........SUNRISE   540 AM PDT   SUNSET   800 PM PDT
JUNE 24 2017..........SUNRISE   540 AM PDT   SUNSET   800 PM PDT


-  INDICATES NEGATIVE NUMBERS.
R  INDICATES RECORD WAS SET OR TIED.
MM INDICATES DATA IS MISSING.
T  INDICATES TRACE AMOUNT.




$$
