000
CDUS46 KSGX 250019
CLIRNM


CLIMATE REPORT
NATIONAL WEATHER SERVICE SAN DIEGO, CA
418 PM PST SAT JAN 24 2015


...................................

...THE RAMONA AIRPORT CA CLIMATE SUMMARY FOR JANUARY 24 2015...
VALID TODAY AS OF 0400 PM LOCAL TIME.

CLIMATE NORMAL PERIOD 1981 TO 2010
CLIMATE RECORD PERIOD 1974 TO 2015


WEATHER ITEM   OBSERVED TIME   RECORD YEAR NORMAL DEPARTURE LAST
                VALUE   (LST)  VALUE       VALUE  FROM      YEAR
                                                  NORMAL
..................................................................
TEMPERATURE (F)
 TODAY
  MAXIMUM         73    214 PM  80    1992  65      8       71
  MINIMUM         31   1243 AM  25    2011  35     -4       49
  AVERAGE         52                        50      2       60

PRECIPITATION (IN)
  TODAY            0.00          0.07 1997   0.09  -0.09      T
  MONTH TO DATE    0.63                      2.82  -2.19      T
  SINCE OCT 1      5.23                      6.96  -1.73     2.67
  SINCE JAN 1      0.63                      2.82  -2.19      T

SNOWFALL (IN)
  TODAY            0.0
  MONTH TO DATE    0.0
  SINCE JAN 1      0.0
  SINCE JUL 1      0.0
  SNOW DEPTH       0

DEGREE DAYS
 HEATING
  TODAY           13                        15     -2        5
  MONTH TO DATE  291                       360    -69      220
  SINCE DEC 1    691                       837   -146      631
  SINCE JUL 1    891                      1248   -357     1060

 COOLING
  TODAY            0                         0      0        0
  MONTH TO DATE    0                         0      0        0
  SINCE DEC 1      0                         0      0        1
  SINCE JAN 1      0                         0      0        0
..................................................................


WIND (MPH)
  RESULTANT WIND SPEED  15   RESULTANT WIND DIRECTION   E (70)
  HIGHEST WIND SPEED    32   HIGHEST WIND DIRECTION     E (70)
  HIGHEST GUST SPEED    48   HIGHEST GUST DIRECTION     E (90)
  AVERAGE WIND SPEED    16.3


SKY COVER
  POSSIBLE SUNSHINE  MM
  AVERAGE SKY COVER 0.0


WEATHER CONDITIONS
 THE FOLLOWING WEATHER WAS RECORDED TODAY.
  NO SIGNIFICANT WEATHER WAS OBSERVED.


RELATIVE HUMIDITY (PERCENT)
 HIGHEST    59          1200 AM
 LOWEST     10           200 PM
 AVERAGE    35

..........................................................


THE RAMONA AIRPORT CA CLIMATE NORMALS FOR TOMORROW
                         NORMAL    RECORD    YEAR
 MAXIMUM TEMPERATURE (F)   65        84      1975
 MINIMUM TEMPERATURE (F)   35        29      1991


SUNRISE AND SUNSET
JANUARY 24 2015.......SUNRISE   648 AM PST   SUNSET   512 PM PST
JANUARY 25 2015.......SUNRISE   647 AM PST   SUNSET   513 PM PST


-  INDICATES NEGATIVE NUMBERS.
R  INDICATES RECORD WAS SET OR TIED.
MM INDICATES DATA IS MISSING.
T  INDICATES TRACE AMOUNT.




$$
