000
CDUS46 KSGX 211424
CLIRNM


CLIMATE REPORT
NATIONAL WEATHER SERVICE SAN DIEGO, CA
724 AM PDT TUE OCT 21 2014


...................................

...THE RAMONA AIRPORT CA CLIMATE SUMMARY FOR OCTOBER 20 2014...

CLIMATE NORMAL PERIOD 1981 TO 2010
CLIMATE RECORD PERIOD 1974 TO 2014


WEATHER ITEM   OBSERVED TIME   RECORD YEAR NORMAL DEPARTURE LAST
                VALUE   (LST)  VALUE       VALUE  FROM      YEAR
                                                  NORMAL
..................................................................
TEMPERATURE (F)
 YESTERDAY
  MAXIMUM         78    208 PM  98    2003  78      0       83
  MINIMUM         50    132 AM  37    2013  47      3       37
  AVERAGE         64                        63      1       60

PRECIPITATION (IN)
  YESTERDAY        0.00          1.50 2004   0.03  -0.03     0.00
  MONTH TO DATE    T                         0.39  -0.39     1.10
  SINCE JUL 1      0.41                      0.96  -0.55     1.19
  SINCE JAN 1      5.50                     12.29  -6.79     5.69

SNOWFALL (IN)
  YESTERDAY        0.0
  MONTH TO DATE    0.0
  SINCE JAN 1      0.0
  SINCE JUL 1      0.0
  SNOW DEPTH       0

DEGREE DAYS
 HEATING
  YESTERDAY        1                         4     -3        5
  MONTH TO DATE    6                        50    -44       70
  SINCE SEP 1      6                        65    -59       84
  SINCE JUL 1      6                        68    -62       85

 COOLING
  YESTERDAY        0                         1     -1        0
  MONTH TO DATE   71                        40     31        9
  SINCE SEP 1    366                       220    146      228
  SINCE JAN 1   1105                       833    272      892
..................................................................


WIND (MPH)
  RESULTANT WIND SPEED   2   RESULTANT WIND DIRECTION   W (280)
  HIGHEST WIND SPEED    15   HIGHEST WIND DIRECTION     W (270)
  HIGHEST GUST SPEED    18   HIGHEST GUST DIRECTION     W (270)
  AVERAGE WIND SPEED     3.5


SKY COVER
  POSSIBLE SUNSHINE  MM
  AVERAGE SKY COVER 0.4


WEATHER CONDITIONS
 THE FOLLOWING WEATHER WAS RECORDED YESTERDAY.
  FOG
  HAZE


RELATIVE HUMIDITY (PERCENT)
 HIGHEST   100           700 AM
 LOWEST     50           200 PM
 AVERAGE    75

..........................................................


THE RAMONA AIRPORT CA CLIMATE NORMALS FOR TODAY
                         NORMAL    RECORD    YEAR
 MAXIMUM TEMPERATURE (F)   78       100      2003
 MINIMUM TEMPERATURE (F)   47        37      2013


SUNRISE AND SUNSET
OCTOBER 21 2014.......SUNRISE   657 AM PDT   SUNSET   607 PM PDT
OCTOBER 22 2014.......SUNRISE   657 AM PDT   SUNSET   606 PM PDT


-  INDICATES NEGATIVE NUMBERS.
R  INDICATES RECORD WAS SET OR TIED.
MM INDICATES DATA IS MISSING.
T  INDICATES TRACE AMOUNT.




$$
