000
CDUS45 KREV 310858
CLIRNO


CLIMATE REPORT
NATIONAL WEATHER SERVICE RENO NV
158 AM PDT FRI OCT 31 2014


...................................

...THE RENO TAHOE AIRPORT NV CLIMATE SUMMARY FOR OCTOBER 30 2014...

CLIMATE NORMAL PERIOD 1981 TO 2010
CLIMATE RECORD PERIOD 1888 TO 2014


WEATHER ITEM   OBSERVED TIME   RECORD YEAR NORMAL DEPARTURE LAST
                VALUE   (LST)  VALUE       VALUE  FROM      YEAR
                                                  NORMAL
..................................................................
TEMPERATURE (F)
 YESTERDAY
  MAXIMUM         67    339 PM  78    1965  63      4       53
  MINIMUM         37    520 AM  13    1972  35      2       31
  AVERAGE         52                        49      3       42

PRECIPITATION (IN)
  YESTERDAY        0.00          1.41 1933   0.02  -0.02     0.00
  MONTH TO DATE    T                         0.49  -0.49     0.06
  SINCE OCT 1      T                         0.49  -0.49     0.06
  SINCE JAN 1      3.57                      5.53  -1.96     3.12

SNOWFALL (IN)
  YESTERDAY        0.0           0.7  1956   0.0    0.0      0.0
  MONTH TO DATE    0.0                       0.3   -0.3      0.0
  SINCE SEP 1      0.0                       0.4   -0.4      0.0
  SINCE JUL 1      0.0                       0.4   -0.4       T
  SNOW DEPTH       0

DEGREE DAYS
 HEATING
  YESTERDAY       13                        16     -3       23
  MONTH TO DATE  194                       330   -136      397
  SINCE SEP 1    243                       410   -167      482
  SINCE JUL 1    247                       420   -173      482

 COOLING
  YESTERDAY        0                         0      0        0
  MONTH TO DATE    5                         4      1        0
  SINCE SEP 1    175                        92     83      141
  SINCE JAN 1   1211                       838    373     1174
..................................................................


WIND (MPH)
  RESULTANT WIND SPEED   1   RESULTANT WIND DIRECTION   S (170)
  HIGHEST WIND SPEED     8   HIGHEST WIND DIRECTION     S (200)
  HIGHEST GUST SPEED    13   HIGHEST GUST DIRECTION     S (200)
  AVERAGE WIND SPEED     1.6



WEATHER CONDITIONS
 THE FOLLOWING WEATHER WAS RECORDED YESTERDAY.
  NO SIGNIFICANT WEATHER WAS OBSERVED.


RELATIVE HUMIDITY (PERCENT)
 HIGHEST    76           400 AM
 LOWEST     26           400 PM
 AVERAGE    51

..........................................................


THE RENO TAHOE AIRPORT NV CLIMATE NORMALS FOR TODAY
                         NORMAL    RECORD    YEAR
 MAXIMUM TEMPERATURE (F)   62        76      1965
                                             1939
                                             1931
 MINIMUM TEMPERATURE (F)   34        13      1961
                                             1946


SUNRISE AND SUNSET
OCTOBER 31 2014.......SUNRISE   726 AM PDT   SUNSET   559 PM PDT
NOVEMBER  1 2014......SUNRISE   727 AM PDT   SUNSET   557 PM PDT


-  INDICATES NEGATIVE NUMBERS.
R  INDICATES RECORD WAS SET OR TIED.
MM INDICATES DATA IS MISSING.
T  INDICATES TRACE AMOUNT.




$$
