000
CDUS45 KREV 280856
CLIRNO


CLIMATE REPORT
NATIONAL WEATHER SERVICE RENO NV
155 AM PDT WED SEP 28 2016


...................................

...THE RENO TAHOE AIRPORT NV CLIMATE SUMMARY FOR SEPTEMBER 27 2016...

CLIMATE NORMAL PERIOD 1981 TO 2010
CLIMATE RECORD PERIOD 1888 TO 2016


WEATHER ITEM   OBSERVED TIME   RECORD YEAR NORMAL DEPARTURE LAST
                VALUE   (LST)  VALUE       VALUE  FROM      YEAR
                                                  NORMAL
..................................................................
TEMPERATURE (F)
 YESTERDAY
  MAXIMUM         90    310 PM  94    2010  78     12       87
  MINIMUM         48    616 AM  25    1945  45      3       58
  AVERAGE         69                        61      8       73

PRECIPITATION (IN)
  YESTERDAY        0.00          0.32 1998   0.02  -0.02     0.00
  MONTH TO DATE    T                         0.30  -0.30      T
  SINCE OCT 1      9.20                      7.35   1.85     5.83
  SINCE JAN 1      5.25                      4.99   0.26     4.41

SNOWFALL (IN)
  YESTERDAY        0.0           0.0    MM   0.0    0.0      0.0
  MONTH TO DATE    0.0                       0.1   -0.1      0.0
  SINCE SEP 1      0.0                       0.1   -0.1      0.0
  SINCE JUL 1      0.0                       0.1   -0.1      0.0
  SNOW DEPTH       0

DEGREE DAYS
 HEATING
  YESTERDAY        0                         5     -5        0
  MONTH TO DATE   43                        65    -22       21
  SINCE SEP 1     43                        65    -22       21
  SINCE JUL 1     43                        75    -32       22

 COOLING
  YESTERDAY        4                         1      3        8
  MONTH TO DATE   83                        84     -1      153
  SINCE SEP 1     83                        84     -1      153
  SINCE JAN 1   1076                       830    246     1147
..................................................................


WIND (MPH)
  RESULTANT WIND SPEED   0   RESULTANT WIND DIRECTION   E (90)
  HIGHEST WIND SPEED     8   HIGHEST WIND DIRECTION    NE (50)
  HIGHEST GUST SPEED    14   HIGHEST GUST DIRECTION     S (180)
  AVERAGE WIND SPEED     2.3



WEATHER CONDITIONS
 THE FOLLOWING WEATHER WAS RECORDED YESTERDAY.
  NO SIGNIFICANT WEATHER WAS OBSERVED.


RELATIVE HUMIDITY (PERCENT)
 HIGHEST    54           300 AM
 LOWEST     10           300 PM
 AVERAGE    32

..........................................................


THE RENO TAHOE AIRPORT NV CLIMATE NORMALS FOR TODAY
                         NORMAL    RECORD    YEAR
 MAXIMUM TEMPERATURE (F)   77        95      2010
 MINIMUM TEMPERATURE (F)   45        25      1959


SUNRISE AND SUNSET
SEPTEMBER 28 2016.....SUNRISE   653 AM PDT   SUNSET   645 PM PDT
SEPTEMBER 29 2016.....SUNRISE   654 AM PDT   SUNSET   644 PM PDT


-  INDICATES NEGATIVE NUMBERS.
R  INDICATES RECORD WAS SET OR TIED.
MM INDICATES DATA IS MISSING.
T  INDICATES TRACE AMOUNT.




$$
