000
CDUS45 KREV 270855
CLIRNO


CLIMATE REPORT
NATIONAL WEATHER SERVICE RENO NV
155 AM PDT SAT MAY 27 2017


...................................

...THE RENO-TAHOE INTL AIRPORT NV CLIMATE SUMMARY FOR MAY 26 2017...

CLIMATE NORMAL PERIOD 1981 TO 2010
CLIMATE RECORD PERIOD 1888 TO 2017


WEATHER ITEM   OBSERVED TIME   RECORD YEAR NORMAL DEPARTURE LAST
                VALUE   (LST)  VALUE       VALUE  FROM      YEAR
                                                  NORMAL
..................................................................
TEMPERATURE (F)
 YESTERDAY
  MAXIMUM         78    311 PM  91    1983  77      1       74
                                      1974
                                      1966
  MINIMUM         47    448 AM  25    1899  48     -1       46
  AVERAGE         63                        62      1       60

PRECIPITATION (IN)
  YESTERDAY        0.00          0.62 1964   0.02  -0.02     0.00
  MONTH TO DATE    0.61                      0.41   0.20     1.16
  SINCE OCT 1     14.94                      6.05   8.89     9.16
  SINCE JAN 1     11.15                      3.69   7.46     5.21

SNOWFALL (IN)
  YESTERDAY        0.0           0.0    MM   0.0    0.0      0.0
  MONTH TO DATE    0.0                       0.3   -0.3      0.2
  SINCE MAR 1      2.9                       2.8    0.1      7.0
  SINCE JUL 1     27.0                      21.8    5.2     31.1
  SNOW DEPTH       0

DEGREE DAYS
 HEATING
  YESTERDAY        2                         5     -3        5
  MONTH TO DATE  134                       186    -52      170
  SINCE MAR 1   1028                      1210   -182      978
  SINCE JUL 1   4401                      4848   -447     4315

 COOLING
  YESTERDAY        0                         2     -2        0
  MONTH TO DATE   35                        24     11       12
  SINCE MAR 1     35                        25     10       12
  SINCE JAN 1     35                        25     10       12
..................................................................


WIND (MPH)
  RESULTANT WIND SPEED   3   RESULTANT WIND DIRECTION   N (20)
  HIGHEST WIND SPEED    18   HIGHEST WIND DIRECTION     N (350)
  HIGHEST GUST SPEED    29   HIGHEST GUST DIRECTION     N (340)
  AVERAGE WIND SPEED     5.3



WEATHER CONDITIONS
 THE FOLLOWING WEATHER WAS RECORDED YESTERDAY.
  NO SIGNIFICANT WEATHER WAS OBSERVED.


RELATIVE HUMIDITY (PERCENT)
 HIGHEST    50           400 AM
 LOWEST     18           300 PM
 AVERAGE    34

..........................................................


THE RENO-TAHOE INTL AIRPORT NV CLIMATE NORMALS FOR TODAY
                         NORMAL    RECORD    YEAR
 MAXIMUM TEMPERATURE (F)   77        95      2003
 MINIMUM TEMPERATURE (F)   48        30      1893


SUNRISE AND SUNSET
MAY 27 2017...........SUNRISE   536 AM PDT   SUNSET   817 PM PDT
MAY 28 2017...........SUNRISE   536 AM PDT   SUNSET   818 PM PDT


-  INDICATES NEGATIVE NUMBERS.
R  INDICATES RECORD WAS SET OR TIED.
MM INDICATES DATA IS MISSING.
T  INDICATES TRACE AMOUNT.




$$
