000
CDUS45 KREV 310036
CLIRNO


CLIMATE REPORT
NATIONAL WEATHER SERVICE RENO NV
535 PM PDT THU JUL 30 2015


...................................

...THE RENO TAHOE AIRPORT NV CLIMATE SUMMARY FOR JULY 30 2015...
VALID TODAY AS OF 0500 PM LOCAL TIME.

CLIMATE NORMAL PERIOD 1981 TO 2010
CLIMATE RECORD PERIOD 1888 TO 2015


WEATHER ITEM   OBSERVED TIME   RECORD YEAR NORMAL DEPARTURE LAST
                VALUE   (LST)  VALUE       VALUE  FROM      YEAR
                                                  NORMAL
..................................................................
TEMPERATURE (F)
 TODAY
  MAXIMUM         99    315 PM 104    2003  93      6       90
  MINIMUM         62    439 AM  36    1942  58      4       65
  AVERAGE         81                        76      5       78

PRECIPITATION (IN)
  TODAY            0.00          0.27 1960   0.00   0.00      T
  MONTH TO DATE    0.51                      0.17   0.34     0.20
  SINCE OCT 1      5.72                      6.81  -1.09     3.16
  SINCE JAN 1      4.30                      4.45  -0.15     2.20

SNOWFALL (IN)
  TODAY            0.0           0.0    MM   0.0    0.0      0.0
  MONTH TO DATE    0.0                       0.0    0.0      0.0
  SINCE JUN 1      0.0                       T      0.0      0.0
  SINCE JUL 1      0.0                       0.0    0.0      0.0
  SNOW DEPTH       0

DEGREE DAYS
 HEATING
  TODAY            0                         0      0        0
  MONTH TO DATE    1                         0      1        0
  SINCE JUN 1      8                        56    -48       10
  SINCE JUL 1      1                         0      1        0

 COOLING
  TODAY           16                        11      5       13
  MONTH TO DATE  308                       303      5      477
  SINCE JUN 1    593                       439    154      689
  SINCE JAN 1    627                       476    151      736
..................................................................


WIND (MPH)
  RESULTANT WIND SPEED   3   RESULTANT WIND DIRECTION   E (100)
  HIGHEST WIND SPEED    16   HIGHEST WIND DIRECTION     E (90)
  HIGHEST GUST SPEED    22   HIGHEST GUST DIRECTION     E (80)
  AVERAGE WIND SPEED     5.0



WEATHER CONDITIONS
 THE FOLLOWING WEATHER WAS RECORDED TODAY.
  NO SIGNIFICANT WEATHER WAS OBSERVED.


RELATIVE HUMIDITY (PERCENT)
 HIGHEST    36           400 AM
 LOWEST      7          1200 PM
 AVERAGE    22

..........................................................


THE RENO TAHOE AIRPORT NV CLIMATE NORMALS FOR TOMORROW
                         NORMAL    RECORD    YEAR
 MAXIMUM TEMPERATURE (F)   93       103      2000
 MINIMUM TEMPERATURE (F)   58        37      1964


SUNRISE AND SUNSET
JULY 30 2015..........SUNRISE   557 AM PDT   SUNSET   814 PM PDT
JULY 31 2015..........SUNRISE   558 AM PDT   SUNSET   813 PM PDT


-  INDICATES NEGATIVE NUMBERS.
R  INDICATES RECORD WAS SET OR TIED.
MM INDICATES DATA IS MISSING.
T  INDICATES TRACE AMOUNT.




$$
