000
CDUS45 KREV 310039
CLIRNO


CLIMATE REPORT
NATIONAL WEATHER SERVICE RENO NV
538 PM PDT MON MAR 30 2015


...................................

...THE RENO TAHOE AIRPORT NV CLIMATE SUMMARY FOR MARCH 30 2015...
VALID TODAY AS OF 0500 PM LOCAL TIME.

CLIMATE NORMAL PERIOD 1981 TO 2010
CLIMATE RECORD PERIOD 1888 TO 2015


WEATHER ITEM   OBSERVED TIME   RECORD YEAR NORMAL DEPARTURE LAST
                VALUE   (LST)  VALUE       VALUE  FROM      YEAR
                                                  NORMAL
..................................................................
TEMPERATURE (F)
 TODAY
  MAXIMUM         81    307 PM  82    1966  60     21       53
  MINIMUM         40    505 AM  15    1897  35      5       36
                                      1896
  AVERAGE         61                        48     13       45

PRECIPITATION (IN)
  TODAY            0.00          0.56 1958   0.01  -0.01      T
  MONTH TO DATE    0.01                      0.74  -0.73     0.08
  SINCE OCT 1      2.92                      5.15  -2.23     2.11
  SINCE JAN 1      1.50                      2.79  -1.29     1.15

SNOWFALL (IN)
  TODAY            0.0           2.5  1958   0.1   -0.1      0.0
  MONTH TO DATE    0.0                       2.0   -2.0      0.0
  SINCE MAR 1      0.0                       2.0   -2.0      0.0
  SINCE JUL 1      2.7                      21.0  -18.3      6.2
  SNOW DEPTH       0

DEGREE DAYS
 HEATING
  TODAY            4                        17    -13       20
  MONTH TO DATE  385                       580   -195      489
  SINCE MAR 1    385                       580   -195      489
  SINCE JUL 1   3250                      4218   -968     4073

 COOLING
  TODAY            0                         0      0        0
  MONTH TO DATE    0                         0      0        0
  SINCE MAR 1      0                         0      0        0
  SINCE JAN 1      0                         0      0        0
..................................................................


WIND (MPH)
  RESULTANT WIND SPEED   2   RESULTANT WIND DIRECTION  NW (320)
  HIGHEST WIND SPEED    22   HIGHEST WIND DIRECTION     W (280)
  HIGHEST GUST SPEED    27   HIGHEST GUST DIRECTION     W (290)
  AVERAGE WIND SPEED     3.4



WEATHER CONDITIONS
 THE FOLLOWING WEATHER WAS RECORDED TODAY.
  NO SIGNIFICANT WEATHER WAS OBSERVED.


RELATIVE HUMIDITY (PERCENT)
 HIGHEST    53           600 AM
 LOWEST     11           100 PM
 AVERAGE    32

..........................................................


THE RENO TAHOE AIRPORT NV CLIMATE NORMALS FOR TOMORROW
                         NORMAL    RECORD    YEAR
 MAXIMUM TEMPERATURE (F)   60        83      1966
 MINIMUM TEMPERATURE (F)   35        12      1905


SUNRISE AND SUNSET
MARCH 30 2015.........SUNRISE   647 AM PDT   SUNSET   721 PM PDT
MARCH 31 2015.........SUNRISE   645 AM PDT   SUNSET   722 PM PDT


-  INDICATES NEGATIVE NUMBERS.
R  INDICATES RECORD WAS SET OR TIED.
MM INDICATES DATA IS MISSING.
T  INDICATES TRACE AMOUNT.




$$
