000
CDUS45 KREV 130836
CLIRNO


CLIMATE REPORT
NATIONAL WEATHER SERVICE RENO NV
1236 AM PST SAT FEB 13 2016


...................................

...THE RENO TAHOE AIRPORT NV CLIMATE SUMMARY FOR FEBRUARY 12 2016...

CLIMATE NORMAL PERIOD 1981 TO 2010
CLIMATE RECORD PERIOD 1888 TO 2016


WEATHER ITEM   OBSERVED TIME   RECORD YEAR NORMAL DEPARTURE LAST
                VALUE   (LST)  VALUE       VALUE  FROM      YEAR
                                                  NORMAL
..................................................................
TEMPERATURE (F)
 YESTERDAY
  MAXIMUM         66    403 PM  67    2015  50     16       67
                                      2014
                                      1924
  MINIMUM         34    621 AM  -5    1949  28      6       33
  AVERAGE         50                        39     11       50

PRECIPITATION (IN)
  YESTERDAY        0.00          1.46 1904   0.04  -0.04     0.00
  MONTH TO DATE    0.00                      0.40  -0.40     1.21
  SINCE OCT 1      5.65                      3.79   1.86     2.69
  SINCE JAN 1      1.70                      1.43   0.27     1.27

SNOWFALL (IN)
  YESTERDAY        0.0           2.4  1959   0.2   -0.2      0.0
  MONTH TO DATE    0.0                       2.0   -2.0      0.0
  SINCE DEC 1     17.8                      12.5    5.3      2.2
  SINCE JUL 1     22.9                      16.0    6.9      2.2
  SNOW DEPTH       0

DEGREE DAYS
 HEATING
  YESTERDAY       15                        26    -11       15
  MONTH TO DATE  326                       321      5      208
  SINCE DEC 1   2061                      2155    -94     1731
  SINCE JUL 1   3054                      3258   -204     2556

 COOLING
  YESTERDAY        0                         0      0        0
  MONTH TO DATE    0                         0      0        0
  SINCE DEC 1      0                         0      0        0
  SINCE JAN 1      0                         0      0        0
..................................................................


WIND (MPH)
  RESULTANT WIND SPEED   2   RESULTANT WIND DIRECTION   W (290)
  HIGHEST WIND SPEED    17   HIGHEST WIND DIRECTION     W (290)
  HIGHEST GUST SPEED    23   HIGHEST GUST DIRECTION     W (290)
  AVERAGE WIND SPEED     2.6



WEATHER CONDITIONS
 THE FOLLOWING WEATHER WAS RECORDED YESTERDAY.
  NO SIGNIFICANT WEATHER WAS OBSERVED.


RELATIVE HUMIDITY (PERCENT)
 HIGHEST    82           200 AM
 LOWEST     20           500 PM
 AVERAGE    51

..........................................................


THE RENO TAHOE AIRPORT NV CLIMATE NORMALS FOR TODAY
                         NORMAL    RECORD    YEAR
 MAXIMUM TEMPERATURE (F)   51        71      1971
 MINIMUM TEMPERATURE (F)   29        -5      1949


SUNRISE AND SUNSET
FEBRUARY 13 2016......SUNRISE   654 AM PST   SUNSET   533 PM PST
FEBRUARY 14 2016......SUNRISE   653 AM PST   SUNSET   534 PM PST


-  INDICATES NEGATIVE NUMBERS.
R  INDICATES RECORD WAS SET OR TIED.
MM INDICATES DATA IS MISSING.
T  INDICATES TRACE AMOUNT.




$$
