000
CDUS45 KREV 050841
CLIRNO


CLIMATE REPORT
NATIONAL WEATHER SERVICE RENO NV
140 AM PDT SUN JUL 5 2015


...................................

...THE RENO TAHOE AIRPORT NV CLIMATE SUMMARY FOR JULY 4 2015...

CLIMATE NORMAL PERIOD 1981 TO 2010
CLIMATE RECORD PERIOD 1888 TO 2015


WEATHER ITEM   OBSERVED TIME   RECORD YEAR NORMAL DEPARTURE LAST
                VALUE   (LST)  VALUE       VALUE  FROM      YEAR
                                                  NORMAL
..................................................................
TEMPERATURE (F)
 YESTERDAY
  MAXIMUM         83   1124 AM 106    2007  90     -7       96
  MINIMUM         63   1159 PM  35    1963  56      7       60
  AVERAGE         73                        73      0       78

PRECIPITATION (IN)
  YESTERDAY        T             0.04 1970   0.00   0.00     0.00
                                      1955
  MONTH TO DATE    0.04                      0.02   0.02     0.00
  SINCE OCT 1      5.25                      6.66  -1.41     2.96
  SINCE JAN 1      3.83                      4.30  -0.47     2.00

SNOWFALL (IN)
  YESTERDAY        0.0           0.0    MM   0.0    0.0      0.0
  MONTH TO DATE    0.0                       0.0    0.0      0.0
  SINCE JUN 1      0.0                       T      0.0      0.0
  SINCE JUL 1      0.0                       0.0    0.0      0.0
  SNOW DEPTH       0

DEGREE DAYS
 HEATING
  YESTERDAY        0                         0      0        0
  MONTH TO DATE    0                         0      0        0
  SINCE JUN 1      7                        56    -49       10
  SINCE JUL 1      0                         0      0        0

 COOLING
  YESTERDAY        8                         8      0       13
  MONTH TO DATE   65                        32     33       61
  SINCE JUN 1    350                       168    182      273
  SINCE JAN 1    384                       205    179      320
..................................................................


WIND (MPH)
  RESULTANT WIND SPEED   0   RESULTANT WIND DIRECTION  NE (30)
  HIGHEST WIND SPEED    25   HIGHEST WIND DIRECTION     W (290)
  HIGHEST GUST SPEED    32   HIGHEST GUST DIRECTION     W (280)
  AVERAGE WIND SPEED     5.9



WEATHER CONDITIONS
 THE FOLLOWING WEATHER WAS RECORDED YESTERDAY.
  NO SIGNIFICANT WEATHER WAS OBSERVED.


RELATIVE HUMIDITY (PERCENT)
 HIGHEST    67          1100 PM
 LOWEST     36           100 PM
 AVERAGE    52

..........................................................


THE RENO TAHOE AIRPORT NV CLIMATE NORMALS FOR TODAY
                         NORMAL    RECORD    YEAR
 MAXIMUM TEMPERATURE (F)   90       108      2007
 MINIMUM TEMPERATURE (F)   56        35      1955


SUNRISE AND SUNSET
JULY  5 2015..........SUNRISE   538 AM PDT   SUNSET   830 PM PDT
JULY  6 2015..........SUNRISE   538 AM PDT   SUNSET   829 PM PDT


-  INDICATES NEGATIVE NUMBERS.
R  INDICATES RECORD WAS SET OR TIED.
MM INDICATES DATA IS MISSING.
T  INDICATES TRACE AMOUNT.




$$
