000
CDUS45 KREV 270838
CLIRNO


CLIMATE REPORT
NATIONAL WEATHER SERVICE RENO NV
1238 AM PST THU NOV 27 2014


...................................

...THE RENO TAHOE AIRPORT NV CLIMATE SUMMARY FOR NOVEMBER 26 2014...

CLIMATE NORMAL PERIOD 1981 TO 2010
CLIMATE RECORD PERIOD 1888 TO 2014


WEATHER ITEM   OBSERVED TIME   RECORD YEAR NORMAL DEPARTURE LAST
                VALUE   (LST)  VALUE       VALUE  FROM      YEAR
                                                  NORMAL
..................................................................
TEMPERATURE (F)
 YESTERDAY
  MAXIMUM         67    353 PM  69    1949  50     17       53
  MINIMUM         28    703 AM   7    1896  28      0       25
  AVERAGE         48                        39      9       39

PRECIPITATION (IN)
  YESTERDAY        0.00          0.46 1926   0.03  -0.03     0.00
  MONTH TO DATE    0.19                      0.70  -0.51     0.49
  SINCE OCT 1      0.37                      1.21  -0.84     0.55
  SINCE JAN 1      3.94                      6.25  -2.31     3.61

SNOWFALL (IN)
  YESTERDAY        0.0           3.2  1994   0.1   -0.1      0.0
  MONTH TO DATE    0.0                       2.6   -2.6      0.4
  SINCE SEP 1      0.0                       3.0   -3.0      0.4
  SINCE JUL 1      0.0                       3.0   -3.0      0.4
  SNOW DEPTH       0

DEGREE DAYS
 HEATING
  YESTERDAY       17                        26     -9       26
  MONTH TO DATE  512                       562    -50      519
  SINCE SEP 1    763                       988   -225     1020
  SINCE JUL 1    767                       998   -231     1020

 COOLING
  YESTERDAY        0                         0      0        0
  MONTH TO DATE    0                         0      0        0
  SINCE SEP 1    175                        93     82      141
  SINCE JAN 1   1211                       839    372     1174
..................................................................


WIND (MPH)
  RESULTANT WIND SPEED   0   RESULTANT WIND DIRECTION   E (80)
  HIGHEST WIND SPEED    10   HIGHEST WIND DIRECTION    NW (300)
  HIGHEST GUST SPEED    13   HIGHEST GUST DIRECTION    NW (300)
  AVERAGE WIND SPEED     1.2



WEATHER CONDITIONS
 THE FOLLOWING WEATHER WAS RECORDED YESTERDAY.
  NO SIGNIFICANT WEATHER WAS OBSERVED.


RELATIVE HUMIDITY (PERCENT)
 HIGHEST    78           400 AM
 LOWEST     22           300 PM
 AVERAGE    50

..........................................................


THE RENO TAHOE AIRPORT NV CLIMATE NORMALS FOR TODAY
                         NORMAL    RECORD    YEAR
 MAXIMUM TEMPERATURE (F)   50        70      1946
 MINIMUM TEMPERATURE (F)   28         7      1948


SUNRISE AND SUNSET
NOVEMBER 27 2014......SUNRISE   656 AM PST   SUNSET   437 PM PST
NOVEMBER 28 2014......SUNRISE   657 AM PST   SUNSET   437 PM PST


-  INDICATES NEGATIVE NUMBERS.
R  INDICATES RECORD WAS SET OR TIED.
MM INDICATES DATA IS MISSING.
T  INDICATES TRACE AMOUNT.




$$
