000
CDUS45 KREV 250836
CLIRNO


CLIMATE REPORT
NATIONAL WEATHER SERVICE RENO NV
135 AM PDT SAT OCT 25 2014


...................................

...THE RENO TAHOE AIRPORT NV CLIMATE SUMMARY FOR OCTOBER 24 2014...

CLIMATE NORMAL PERIOD 1981 TO 2010
CLIMATE RECORD PERIOD 1888 TO 2014


WEATHER ITEM   OBSERVED TIME   RECORD YEAR NORMAL DEPARTURE LAST
                VALUE   (LST)  VALUE       VALUE  FROM      YEAR
                                                  NORMAL
..................................................................
TEMPERATURE (F)
 YESTERDAY
  MAXIMUM         81    201 PM  89    1959  66     15       75
  MINIMUM         37    629 AM  18    1956  36      1       36
                                      1945
  AVERAGE         59                        51      8       56

PRECIPITATION (IN)
  YESTERDAY        0.00          0.86 1951   0.01  -0.01     0.00
  MONTH TO DATE    T                         0.38  -0.38     0.01
  SINCE OCT 1      T                         0.38  -0.38     0.01
  SINCE JAN 1      3.57                      5.42  -1.85     3.07

SNOWFALL (IN)
  YESTERDAY        0.0           1.4  1919   0.0    0.0      0.0
  MONTH TO DATE    0.0                       0.2   -0.2      0.0
  SINCE SEP 1      0.0                       0.3   -0.3      0.0
  SINCE JUL 1      0.0                       0.3   -0.3       T
  SNOW DEPTH       0

DEGREE DAYS
 HEATING
  YESTERDAY        6                        14     -8        9
  MONTH TO DATE  119                       238   -119      293
  SINCE SEP 1    168                       318   -150      378
  SINCE JUL 1    172                       328   -156      378

 COOLING
  YESTERDAY        0                         0      0        0
  MONTH TO DATE    5                         4      1        0
  SINCE SEP 1    175                        92     83      141
  SINCE JAN 1   1211                       838    373     1174
..................................................................


WIND (MPH)
  RESULTANT WIND SPEED   6   RESULTANT WIND DIRECTION   S (200)
  HIGHEST WIND SPEED    29   HIGHEST WIND DIRECTION     S (200)
  HIGHEST GUST SPEED    38   HIGHEST GUST DIRECTION     S (200)
  AVERAGE WIND SPEED     7.3



WEATHER CONDITIONS
 THE FOLLOWING WEATHER WAS RECORDED YESTERDAY.
  NO SIGNIFICANT WEATHER WAS OBSERVED.


RELATIVE HUMIDITY (PERCENT)
 HIGHEST    76           600 AM
 LOWEST     10           100 PM
 AVERAGE    43

..........................................................


THE RENO TAHOE AIRPORT NV CLIMATE NORMALS FOR TODAY
                         NORMAL    RECORD    YEAR
 MAXIMUM TEMPERATURE (F)   65        83      1959
 MINIMUM TEMPERATURE (F)   36        18      1971


SUNRISE AND SUNSET
OCTOBER 25 2014.......SUNRISE   720 AM PDT   SUNSET   606 PM PDT
OCTOBER 26 2014.......SUNRISE   721 AM PDT   SUNSET   605 PM PDT


-  INDICATES NEGATIVE NUMBERS.
R  INDICATES RECORD WAS SET OR TIED.
MM INDICATES DATA IS MISSING.
T  INDICATES TRACE AMOUNT.




$$
