000
CDUS45 KREV 240844
CLIRNO


CLIMATE REPORT
NATIONAL WEATHER SERVICE RENO NV
143 AM PDT WED AUG 24 2016


...................................

...THE RENO TAHOE AIRPORT NV CLIMATE SUMMARY FOR AUGUST 23 2016...

CLIMATE NORMAL PERIOD 1981 TO 2010
CLIMATE RECORD PERIOD 1888 TO 2016


WEATHER ITEM   OBSERVED TIME   RECORD YEAR NORMAL DEPARTURE LAST
                VALUE   (LST)  VALUE       VALUE  FROM      YEAR
                                                  NORMAL
..................................................................
TEMPERATURE (F)
 YESTERDAY
  MAXIMUM         92    208 PM  98    1969  89      3       95
                                      1942
                                      1931
  MINIMUM         55    545 AM  30    1960  55      0       60
  AVERAGE         74                        72      2       78

PRECIPITATION (IN)
  YESTERDAY        0.00          0.46 1939   0.01  -0.01     0.00
  MONTH TO DATE    0.04                      0.19  -0.15     0.11
  SINCE OCT 1      9.20                      7.01   2.19     5.83
  SINCE JAN 1      5.25                      4.65   0.60     4.41

SNOWFALL (IN)
  YESTERDAY        0.0           0.0    MM   0.0    0.0      0.0
  MONTH TO DATE    0.0                       0.0    0.0      0.0
  SINCE JUN 1      0.0                       T      0.0      0.0
  SINCE JUL 1      0.0                       0.0    0.0      0.0
  SNOW DEPTH       0

DEGREE DAYS
 HEATING
  YESTERDAY        0                         0      0        0
  MONTH TO DATE    0                         0      0        0
  SINCE JUN 1     15                        61    -46        8
  SINCE JUL 1      0                         5     -5        1

 COOLING
  YESTERDAY        9                         7      2       13
  MONTH TO DATE  270                       209     61      264
  SINCE JUN 1    893                       659    234      873
  SINCE JAN 1    921                       696    225      907
..................................................................


WIND (MPH)
  RESULTANT WIND SPEED   5   RESULTANT WIND DIRECTION   W (260)
  HIGHEST WIND SPEED    23   HIGHEST WIND DIRECTION     W (250)
  HIGHEST GUST SPEED    31   HIGHEST GUST DIRECTION     W (250)
  AVERAGE WIND SPEED     6.5



WEATHER CONDITIONS
 THE FOLLOWING WEATHER WAS RECORDED YESTERDAY.
  NO SIGNIFICANT WEATHER WAS OBSERVED.


RELATIVE HUMIDITY (PERCENT)
 HIGHEST    66           400 AM
 LOWEST     13           100 PM
 AVERAGE    40

..........................................................


THE RENO TAHOE AIRPORT NV CLIMATE NORMALS FOR TODAY
                         NORMAL    RECORD    YEAR
 MAXIMUM TEMPERATURE (F)   89        98      2011
                                             1985
 MINIMUM TEMPERATURE (F)   54        33      1962
                                             1944


SUNRISE AND SUNSET
AUGUST 24 2016........SUNRISE   621 AM PDT   SUNSET   741 PM PDT
AUGUST 25 2016........SUNRISE   621 AM PDT   SUNSET   740 PM PDT


-  INDICATES NEGATIVE NUMBERS.
R  INDICATES RECORD WAS SET OR TIED.
MM INDICATES DATA IS MISSING.
T  INDICATES TRACE AMOUNT.




$$
