000
CDUS41 KRNK 270649
CLIROA


CLIMATE REPORT
NATIONAL WEATHER SERVICE BLACKSBURG VA
247 AM EDT WED MAY 27 2015


...................................

...THE ROANOKE VA CLIMATE SUMMARY FOR MAY 26 2015...

CLIMATE NORMAL PERIOD 1981 TO 2010
CLIMATE RECORD PERIOD 1912 TO 2015


WEATHER ITEM   OBSERVED TIME   RECORD YEAR NORMAL DEPARTURE LAST
                VALUE   (LST)  VALUE       VALUE  FROM      YEAR
                                                  NORMAL
..................................................................
TEMPERATURE (F)
 YESTERDAY
  MAXIMUM         86    250 PM  94    1933  78      8       88
  MINIMUM         59    512 AM  40    1988  56      3       58
                                      1930
  AVERAGE         73                        67      6       73

PRECIPITATION (IN)
  YESTERDAY        0.00          1.34 2007   0.15  -0.15     0.00
  MONTH TO DATE    1.09                      3.32  -2.23     2.21
  SINCE MAR 1     10.40                     10.15   0.25     9.15
  SINCE JAN 1     14.32                     15.96  -1.64    15.43

SNOWFALL (IN)
  YESTERDAY        0.0                                       0.0
  MONTH TO DATE    0.0                                       0.0
  SINCE MAR 1      1.9                                       5.6
  SINCE JUL 1     21.7                                      28.0
  SNOW DEPTH       0

DEGREE DAYS
 HEATING
  YESTERDAY        0                         2     -2        0
  MONTH TO DATE   35                        93    -58       54
  SINCE MAR 1    815                       920   -105      964
  SINCE JUL 1   4244                      4125    119     4366

 COOLING
  YESTERDAY        8                         4      4        8
  MONTH TO DATE  112                        65     47       95
  SINCE MAR 1    118                        94     24      107
  SINCE JAN 1    118                        94     24      107
..................................................................


WIND (MPH)
  HIGHEST WIND SPEED    21   HIGHEST WIND DIRECTION    SE (150)
  HIGHEST GUST SPEED    27   HIGHEST GUST DIRECTION     S (160)
  AVERAGE WIND SPEED     5.2


SKY COVER
  AVERAGE SKY COVER 0.5


WEATHER CONDITIONS
 THE FOLLOWING WEATHER WAS RECORDED YESTERDAY.
  NO SIGNIFICANT WEATHER WAS OBSERVED.


RELATIVE HUMIDITY (PERCENT)
 HIGHEST    84           300 AM
 LOWEST     51           200 PM
 AVERAGE    68

..........................................................


THE ROANOKE VA CLIMATE NORMALS FOR TODAY
                         NORMAL    RECORD    YEAR
 MAXIMUM TEMPERATURE (F)   78        95      1941
                                             1937
 MINIMUM TEMPERATURE (F)   57        34      1925


SUNRISE AND SUNSET
MAY 27 2015...........SUNRISE   603 AM EDT   SUNSET   831 PM EDT
MAY 28 2015...........SUNRISE   603 AM EDT   SUNSET   832 PM EDT


-  INDICATES NEGATIVE NUMBERS.
R  INDICATES RECORD WAS SET OR TIED.
MM INDICATES DATA IS MISSING.
T  INDICATES TRACE AMOUNT.




$$
