000
CDUS41 KRNK 060731
CLIROA


CLIMATE REPORT
NATIONAL WEATHER SERVICE BLACKSBURG VA
229 AM EST TUE DEC 6 2016


...................................

...THE ROANOKE VA CLIMATE SUMMARY FOR DECEMBER 5 2016...

CLIMATE NORMAL PERIOD 1981 TO 2010
CLIMATE RECORD PERIOD 1912 TO 2016


WEATHER ITEM   OBSERVED TIME   RECORD YEAR NORMAL DEPARTURE LAST
                VALUE   (LST)  VALUE       VALUE  FROM      YEAR
                                                  NORMAL
..................................................................
TEMPERATURE (F)
 YESTERDAY
  MAXIMUM         59    221 PM  76    2001  51      8       54
  MINIMUM         37    647 AM  17    1974  32      5       27
  AVERAGE         48                        41      7       41

PRECIPITATION (IN)
  YESTERDAY        0.06          2.22 1914   0.11  -0.05     0.00
  MONTH TO DATE    0.26                      0.53  -0.27     1.55
  SINCE DEC 1      0.26                      0.53  -0.27     1.55
  SINCE JAN 1     44.28                     38.84   5.44    51.56

SNOWFALL (IN)
  YESTERDAY        0.0                                       0.0
  MONTH TO DATE    0.0                                       0.0
  SINCE DEC 1      0.0                                       0.0
  SINCE JUL 1      0.0                                       0.0
  SNOW DEPTH       0

DEGREE DAYS
 HEATING
  YESTERDAY       17                        24     -7       24
  MONTH TO DATE  103                       115    -12      108
  SINCE DEC 1    103                       115    -12      108
  SINCE JUL 1    631                       919   -288      750

 COOLING
  YESTERDAY        0                         0      0        0
  MONTH TO DATE    0                         0      0        0
  SINCE DEC 1      0                         0      0        0
  SINCE JAN 1   1563                      1208    355     1413
..................................................................


WIND (MPH)
  HIGHEST WIND SPEED    20   HIGHEST WIND DIRECTION    NW (310)
  HIGHEST GUST SPEED    24   HIGHEST GUST DIRECTION    NW (310)
  AVERAGE WIND SPEED     5.0


SKY COVER
  AVERAGE SKY COVER 0.7


WEATHER CONDITIONS
 THE FOLLOWING WEATHER WAS RECORDED YESTERDAY.
  LIGHT RAIN
  FOG


RELATIVE HUMIDITY (PERCENT)
 HIGHEST   100           100 AM
 LOWEST     40           200 PM
 AVERAGE    70

..........................................................


THE ROANOKE VA CLIMATE NORMALS FOR TODAY
                         NORMAL    RECORD    YEAR
 MAXIMUM TEMPERATURE (F)   50        80      1998
 MINIMUM TEMPERATURE (F)   32        15      1984


SUNRISE AND SUNSET
DECEMBER  6 2016......SUNRISE   720 AM EST   SUNSET   502 PM EST
DECEMBER  7 2016......SUNRISE   721 AM EST   SUNSET   502 PM EST


-  INDICATES NEGATIVE NUMBERS.
R  INDICATES RECORD WAS SET OR TIED.
MM INDICATES DATA IS MISSING.
T  INDICATES TRACE AMOUNT.




$$
