000
CDUS41 KRNK 240921
CLIROA


CLIMATE REPORT
NATIONAL WEATHER SERVICE BLACKSBURG VA
509 AM EDT WED MAY 24 2017


...................................

...THE ROANOKE VA CLIMATE SUMMARY FOR MAY 23 2017...

CLIMATE NORMAL PERIOD 1981 TO 2010
CLIMATE RECORD PERIOD 1912 TO 2017


WEATHER ITEM   OBSERVED TIME   RECORD YEAR NORMAL DEPARTURE LAST
                VALUE   (LST)  VALUE       VALUE  FROM      YEAR
                                                  NORMAL
..................................................................
TEMPERATURE (F)
 YESTERDAY
  MAXIMUM         62    104 PM  97    1941  77    -15       72
  MINIMUM         57   1159 PM  39    2002  55      2       52
  AVERAGE         60                        66     -6       62

PRECIPITATION (IN)
  YESTERDAY        1.14          2.62 1985   0.14   1.00     0.02
  MONTH TO DATE    6.49                      2.89   3.60     5.66
  SINCE MAR 1     14.73                      9.72   5.01     9.04
  SINCE JAN 1     19.37                     15.53   3.84    17.27

SNOWFALL (IN)
  YESTERDAY        0.0                                       0.0
  MONTH TO DATE    T                                         0.0
  SINCE MAR 1      0.1                                       1.0
  SINCE JUL 1      4.6                                      23.0
  SNOW DEPTH       0

DEGREE DAYS
 HEATING
  YESTERDAY        5                         2      3        3
  MONTH TO DATE   82                        87     -5       92
  SINCE MAR 1    739                       914   -175      671
  SINCE JUL 1   3203                      4119   -916     3505

 COOLING
  YESTERDAY        0                         4     -4        0
  MONTH TO DATE   70                        53     17       21
  SINCE MAR 1    140                        82     58       70
  SINCE JAN 1    140                        82     58       70
..................................................................


WIND (MPH)
  HIGHEST WIND SPEED    12   HIGHEST WIND DIRECTION    NE (30)
  HIGHEST GUST SPEED    14   HIGHEST GUST DIRECTION     N (20)
  AVERAGE WIND SPEED     4.8


SKY COVER
  AVERAGE SKY COVER 0.9


WEATHER CONDITIONS
 THE FOLLOWING WEATHER WAS RECORDED YESTERDAY.
  RAIN
  LIGHT RAIN
  FOG


RELATIVE HUMIDITY (PERCENT)
 HIGHEST   100           400 PM
 LOWEST     78           400 AM
 AVERAGE    89

..........................................................


THE ROANOKE VA CLIMATE NORMALS FOR TODAY
                         NORMAL    RECORD    YEAR
 MAXIMUM TEMPERATURE (F)   78        92      1933
 MINIMUM TEMPERATURE (F)   56        41      1967


SUNRISE AND SUNSET
MAY 24 2017...........SUNRISE   605 AM EDT   SUNSET   829 PM EDT
MAY 25 2017...........SUNRISE   604 AM EDT   SUNSET   830 PM EDT


-  INDICATES NEGATIVE NUMBERS.
R  INDICATES RECORD WAS SET OR TIED.
MM INDICATES DATA IS MISSING.
T  INDICATES TRACE AMOUNT.

$$

RAB
