795
CDUS41 KRNK 280813
CLIROA


CLIMATE REPORT
NATIONAL WEATHER SERVICE BLACKSBURG VA
411 AM EDT TUE MAR 28 2017


...................................

...THE ROANOKE VA CLIMATE SUMMARY FOR MARCH 27 2017...

CLIMATE NORMAL PERIOD 1981 TO 2010
CLIMATE RECORD PERIOD 1912 TO 2017


WEATHER ITEM   OBSERVED TIME   RECORD YEAR NORMAL DEPARTURE LAST
                VALUE   (LST)  VALUE       VALUE  FROM      YEAR
                                                  NORMAL
..................................................................
TEMPERATURE (F)
 YESTERDAY
  MAXIMUM         80    137 PM  85    1921  62     18       57
  MINIMUM         54    540 AM  18    1955  40     14       50
  AVERAGE         67                        51     16       54

PRECIPITATION (IN)
  YESTERDAY        T             1.83 1994   0.13  -0.13     0.14
  MONTH TO DATE    0.97                      2.98  -2.01     2.01
  SINCE MAR 1      0.97                      2.98  -2.01     2.01
  SINCE JAN 1      5.61                      8.79  -3.18    10.24

SNOWFALL (IN)
  YESTERDAY        0.0                                       0.0
  MONTH TO DATE    0.1                                       1.0
  SINCE MAR 1      0.1                                       1.0
  SINCE JUL 1      4.6                                      23.0
  SNOW DEPTH       0

DEGREE DAYS
 HEATING
  YESTERDAY        0                        14    -14       11
  MONTH TO DATE  482                       497    -15      304
  SINCE MAR 1    482                       497    -15      304
  SINCE JUL 1   2946                      3702   -756     3138

 COOLING
  YESTERDAY        2                         0      2        0
  MONTH TO DATE    2                         0      2       10
  SINCE MAR 1      2                         0      2       10
  SINCE JAN 1      2                         0      2       10
..................................................................


WIND (MPH)
  HIGHEST WIND SPEED    20   HIGHEST WIND DIRECTION    SE (120)
  HIGHEST GUST SPEED    23   HIGHEST GUST DIRECTION    SE (120)
  AVERAGE WIND SPEED     5.8


SKY COVER
  AVERAGE SKY COVER 0.6


WEATHER CONDITIONS
 THE FOLLOWING WEATHER WAS RECORDED YESTERDAY.
  LIGHT RAIN


RELATIVE HUMIDITY (PERCENT)
 HIGHEST    63          1100 PM
 LOWEST     32           200 PM
 AVERAGE    48

..........................................................


THE ROANOKE VA CLIMATE NORMALS FOR TODAY
                         NORMAL    RECORD    YEAR
 MAXIMUM TEMPERATURE (F)   62        85      1945
 MINIMUM TEMPERATURE (F)   40        17      1982


SUNRISE AND SUNSET
MARCH 28 2017.........SUNRISE   711 AM EDT   SUNSET   739 PM EDT
MARCH 29 2017.........SUNRISE   710 AM EDT   SUNSET   740 PM EDT


-  INDICATES NEGATIVE NUMBERS.
R  INDICATES RECORD WAS SET OR TIED.
MM INDICATES DATA IS MISSING.
T  INDICATES TRACE AMOUNT.




$$
