000
CDUS41 KRNK 232122
CLIROA


CLIMATE REPORT
NATIONAL WEATHER SERVICE BLACKSBURG VA
518 PM EDT MON OCT 23 2017


...................................

...THE ROANOKE VA CLIMATE SUMMARY FOR OCTOBER 23 2017...
VALID TODAY AS OF 0500 PM LOCAL TIME.

CLIMATE NORMAL PERIOD 1981 TO 2010
CLIMATE RECORD PERIOD 1912 TO 2017


WEATHER ITEM   OBSERVED TIME   RECORD YEAR NORMAL DEPARTURE LAST
                VALUE   (LST)  VALUE       VALUE  FROM      YEAR
                                                  NORMAL
..................................................................
TEMPERATURE (F)
 TODAY
  MAXIMUM         67    400 PM  84    1941  67      0       70
  MINIMUM         58   1240 AM  26    1987  44     14       48
                                      1924
  AVERAGE         63                        56      7       59

PRECIPITATION (IN)
  TODAY            0.57          2.38 1971   0.10   0.47     0.00
  MONTH TO DATE    2.90                      2.11   0.79     4.42
  SINCE SEP 1      5.28                      6.00  -0.72     9.17
  SINCE JAN 1     35.18                     34.13   1.05    42.94

SNOWFALL (IN)
  TODAY            0.0                                       0.0
  MONTH TO DATE    0.0                                       0.0
  SINCE SEP 1      0.0                                       0.0
  SINCE JUL 1      0.0                                       0.0
  SNOW DEPTH       0

DEGREE DAYS
 HEATING
  TODAY            2                        10     -8        6
  MONTH TO DATE   75                       161    -86       87
  SINCE SEP 1    112                       209    -97       87
  SINCE JUL 1    112                       210    -98       87

 COOLING
  TODAY            0                         0      0        0
  MONTH TO DATE   77                        18     59       36
  SINCE SEP 1    237                       157     80      300
  SINCE JAN 1   1414                      1204    210     1549
..................................................................


WIND (MPH)
  HIGHEST WIND SPEED    25   HIGHEST WIND DIRECTION    SE (130)
  HIGHEST GUST SPEED    32   HIGHEST GUST DIRECTION    SE (130)
  AVERAGE WIND SPEED     8.1


SKY COVER
  AVERAGE SKY COVER 1.0


WEATHER CONDITIONS
 THE FOLLOWING WEATHER WAS RECORDED TODAY.
  RAIN
  LIGHT RAIN
  FOG


RELATIVE HUMIDITY (PERCENT)
 HIGHEST   100          1000 AM
 LOWEST     78           100 AM
 AVERAGE    89

..........................................................


THE ROANOKE VA CLIMATE NORMALS FOR TOMORROW
                         NORMAL    RECORD    YEAR
 MAXIMUM TEMPERATURE (F)   67        85      2001
 MINIMUM TEMPERATURE (F)   44        24      1969


SUNRISE AND SUNSET
OCTOBER 23 2017.......SUNRISE   736 AM EDT   SUNSET   632 PM EDT
OCTOBER 24 2017.......SUNRISE   737 AM EDT   SUNSET   631 PM EDT


-  INDICATES NEGATIVE NUMBERS.
R  INDICATES RECORD WAS SET OR TIED.
MM INDICATES DATA IS MISSING.
T  INDICATES TRACE AMOUNT.




$$
