000
CDUS41 KRNK 020918
CLIROA


CLIMATE REPORT
NATIONAL WEATHER SERVICE BLACKSBURG VA
515 AM EDT THU OCT 2 2014


...................................

...THE ROANOKE VA CLIMATE SUMMARY FOR OCTOBER 1 2014...

CLIMATE NORMAL PERIOD 1981 TO 2010
CLIMATE RECORD PERIOD 1912 TO 2014


WEATHER ITEM   OBSERVED TIME   RECORD YEAR NORMAL DEPARTURE LAST
                VALUE   (LST)  VALUE       VALUE  FROM      YEAR
                                                  NORMAL
..................................................................
TEMPERATURE (F)
 YESTERDAY
  MAXIMUM         76    351 PM  95    1941  73      3       81
                                      1933
  MINIMUM         54    621 AM  32    1993  52      2       56
  AVERAGE         65                        62      3       69

PRECIPITATION (IN)
  YESTERDAY        0.00          4.05 1915   0.09  -0.09     0.00
  MONTH TO DATE    0.00                      0.09  -0.09     0.00
  SINCE SEP 1      1.23                      3.98  -2.75     1.13
  SINCE JAN 1     29.81                     32.11  -2.30    43.44

SNOWFALL (IN)
  YESTERDAY        0.0
  MONTH TO DATE    0.0
  SINCE SEP 1      0.0
  SINCE JUL 1      0.0
  SNOW DEPTH       0

DEGREE DAYS
 HEATING
  YESTERDAY        0                         4     -4        0
  MONTH TO DATE    0                         4     -4        0
  SINCE SEP 1     19                        52    -33       33
  SINCE JUL 1     19                        53    -34       34

 COOLING
  YESTERDAY        0                         2     -2        4
  MONTH TO DATE    0                         2     -2        4
  SINCE SEP 1    140                       141     -1      131
  SINCE JAN 1   1110                      1188    -78     1191
..................................................................


WIND (MPH)
  HIGHEST WIND SPEED    13   HIGHEST WIND DIRECTION    SE (120)
  HIGHEST GUST SPEED    17   HIGHEST GUST DIRECTION    SE (130)
  AVERAGE WIND SPEED     3.8


SKY COVER
  POSSIBLE SUNSHINE  MM
  AVERAGE SKY COVER 0.4


WEATHER CONDITIONS
 THE FOLLOWING WEATHER WAS RECORDED YESTERDAY.
  FOG


RELATIVE HUMIDITY (PERCENT)
 HIGHEST    93           300 AM
 LOWEST     60           400 PM
 AVERAGE    77

..........................................................


THE ROANOKE VA CLIMATE NORMALS FOR TODAY
                         NORMAL    RECORD    YEAR
 MAXIMUM TEMPERATURE (F)   73        88      1919
 MINIMUM TEMPERATURE (F)   51        33      1947


SUNRISE AND SUNSET
OCTOBER  2 2014.......SUNRISE   716 AM EDT   SUNSET   702 PM EDT
OCTOBER  3 2014.......SUNRISE   717 AM EDT   SUNSET   700 PM EDT


-  INDICATES NEGATIVE NUMBERS.
R  INDICATES RECORD WAS SET OR TIED.
MM INDICATES DATA IS MISSING.
T  INDICATES TRACE AMOUNT.



$$
