000
CDUS41 KRNK 250807
CLIROA


CLIMATE REPORT
NATIONAL WEATHER SERVICE BLACKSBURG VA
406 AM EDT WED MAY 25 2016


...................................

...THE ROANOKE VA CLIMATE SUMMARY FOR MAY 24 2016...

CLIMATE NORMAL PERIOD 1981 TO 2010
CLIMATE RECORD PERIOD 1912 TO 2016


WEATHER ITEM   OBSERVED TIME   RECORD YEAR NORMAL DEPARTURE LAST
                VALUE   (LST)  VALUE       VALUE  FROM      YEAR
                                                  NORMAL
..................................................................
TEMPERATURE (F)
 YESTERDAY
  MAXIMUM         81    455 PM  92    1933  78      3       82
  MINIMUM         51    444 AM  41    1967  56     -5       50
  AVERAGE         66                        67     -1       66

PRECIPITATION (IN)
  YESTERDAY        0.00          4.44 1940   0.14  -0.14     0.00
  MONTH TO DATE    5.66                      3.03   2.63     1.09
  SINCE MAR 1      9.04                      9.86  -0.82    10.40
  SINCE JAN 1     17.27                     15.67   1.60    14.32

SNOWFALL (IN)
  YESTERDAY        0.0                                       0.0
  MONTH TO DATE    0.0                                       0.0
  SINCE MAR 1      1.0                                       1.9
  SINCE JUL 1     23.0                                      21.7
  SNOW DEPTH       0

DEGREE DAYS
 HEATING
  YESTERDAY        0                         2     -2        0
  MONTH TO DATE   92                        89      3       35
  SINCE MAR 1    671                       916   -245      815
  SINCE JUL 1   3505                      4121   -616     4244

 COOLING
  YESTERDAY        1                         4     -3        1
  MONTH TO DATE   22                        57    -35      100
  SINCE MAR 1     71                        86    -15      106
  SINCE JAN 1     71                        86    -15      106
..................................................................


WIND (MPH)
  HIGHEST WIND SPEED    14   HIGHEST WIND DIRECTION    NW (310)
  HIGHEST GUST SPEED    18   HIGHEST GUST DIRECTION    NW (320)
  AVERAGE WIND SPEED     4.5


SKY COVER
  AVERAGE SKY COVER 0.2


WEATHER CONDITIONS
 THE FOLLOWING WEATHER WAS RECORDED YESTERDAY.
  NO SIGNIFICANT WEATHER WAS OBSERVED.


RELATIVE HUMIDITY (PERCENT)
 HIGHEST    93           200 AM
 LOWEST     33           500 PM
 AVERAGE    63

..........................................................


THE ROANOKE VA CLIMATE NORMALS FOR TODAY
                         NORMAL    RECORD    YEAR
 MAXIMUM TEMPERATURE (F)   78        94      1953
 MINIMUM TEMPERATURE (F)   56        38      1967


SUNRISE AND SUNSET
MAY 25 2016...........SUNRISE   604 AM EDT   SUNSET   830 PM EDT
MAY 26 2016...........SUNRISE   603 AM EDT   SUNSET   831 PM EDT


-  INDICATES NEGATIVE NUMBERS.
R  INDICATES RECORD WAS SET OR TIED.
MM INDICATES DATA IS MISSING.
T  INDICATES TRACE AMOUNT.

$$

RAB
