000
CDUS41 KBUF 231049
CLIROC


CLIMATE REPORT
NATIONAL WEATHER SERVICE BUFFALO NY
548 AM EST THU FEB 23 2017


...................................

...THE ROCHESTER NY CLIMATE SUMMARY FOR FEBRUARY 22 2017...

CLIMATE NORMAL PERIOD 1981 TO 2010
CLIMATE RECORD PERIOD 1871 TO 2017


WEATHER ITEM   OBSERVED TIME   RECORD YEAR NORMAL DEPARTURE LAST
                VALUE   (LST)  VALUE       VALUE  FROM      YEAR
                                                  NORMAL
..................................................................
TEMPERATURE (F)
 YESTERDAY
  MAXIMUM         64    220 PM  67    1930  36     28       32
  MINIMUM         36    641 AM  -2    1879  20     16       19
  AVERAGE         50                        28     22       26

PRECIPITATION (IN)
  YESTERDAY        0.00          1.45 1878   0.07  -0.07      T
  MONTH TO DATE    1.64                      1.49   0.15     2.73
  SINCE DEC 1      7.30                      6.53   0.77     6.98
  SINCE JAN 1      4.39                      3.90   0.49     4.25

SNOWFALL (IN)
  YESTERDAY        0.0           4.0  1893   0.8   -0.8       T
  MONTH TO DATE   14.4                      17.0   -2.6     26.2
  SINCE DEC 1     55.5                      67.0  -11.5     48.7
  SINCE JUL 1     71.4                      74.4   -3.0     49.9
  SNOW DEPTH       0

DEGREE DAYS
 HEATING
  YESTERDAY       15                        37    -22       39
  MONTH TO DATE  707                       862   -155      805
  SINCE DEC 1   2778                      3198   -420     2663
  SINCE JUL 1   3756                      4566   -810     3703

 COOLING
  YESTERDAY        0                         0      0        0
  MONTH TO DATE    0                         0      0        0
  SINCE DEC 1      0                         0      0        0
  SINCE JAN 1      0                         0      0        0
..................................................................


WIND (MPH)
  HIGHEST WIND SPEED    12   HIGHEST WIND DIRECTION    SW (220)
  HIGHEST GUST SPEED    15   HIGHEST GUST DIRECTION    SW (220)
  AVERAGE WIND SPEED     3.5


SKY COVER
  AVERAGE SKY COVER 0.7


WEATHER CONDITIONS
 THE FOLLOWING WEATHER WAS RECORDED YESTERDAY.
  NO SIGNIFICANT WEATHER WAS OBSERVED.


RELATIVE HUMIDITY (PERCENT)
 HIGHEST    85           500 AM
 LOWEST     48           100 PM
 AVERAGE    67

..........................................................


THE ROCHESTER NY CLIMATE NORMALS FOR TODAY
                         NORMAL    RECORD    YEAR
 MAXIMUM TEMPERATURE (F)   36        66      1922
 MINIMUM TEMPERATURE (F)   20        -7      2015


SUNRISE AND SUNSET
FEBRUARY 23 2017......SUNRISE   656 AM EST   SUNSET   553 PM EST
FEBRUARY 24 2017......SUNRISE   654 AM EST   SUNSET   554 PM EST


-  INDICATES NEGATIVE NUMBERS.
R  INDICATES RECORD WAS SET OR TIED.
MM INDICATES DATA IS MISSING.
T  INDICATES TRACE AMOUNT.




$$
