000
CDUS41 KBUF 041004
CLIROC


CLIMATE REPORT
NATIONAL WEATHER SERVICE BUFFALO NY
503 AM EST WED MAR 4 2015


...................................

...THE ROCHESTER NY CLIMATE SUMMARY FOR MARCH 3 2015...

CLIMATE NORMAL PERIOD 1981 TO 2010
CLIMATE RECORD PERIOD 1871 TO 2015


WEATHER ITEM   OBSERVED TIME   RECORD YEAR NORMAL DEPARTURE LAST
                VALUE   (LST)  VALUE       VALUE  FROM      YEAR
                                                  NORMAL
..................................................................
TEMPERATURE (F)
 YESTERDAY
  MAXIMUM         40   1039 PM  65    2008  38      2       13
                                      1974
  MINIMUM          6    319 AM  -1    2003  22    -16        1
                                      1980
                                      1962
  AVERAGE         23                        30     -7        7

PRECIPITATION (IN)
  YESTERDAY        0.26          2.21 1942   0.08   0.18     0.01
  MONTH TO DATE    0.38                      0.23   0.15     0.05
  SINCE MAR 1      0.38                      0.23   0.15     0.05
  SINCE JAN 1      4.63                      4.59   0.04     3.67

SNOWFALL (IN)
  YESTERDAY        2.5          11.0  1942   0.7    1.8      0.3
  MONTH TO DATE    3.8                       2.1    1.7      1.1
  SINCE MAR 1      3.8                       2.1    1.7      1.1
  SINCE JUL 1     92.4                      81.0   11.4     84.2
  SNOW DEPTH      14

DEGREE DAYS
 HEATING
  YESTERDAY       42                        35      7       58
  MONTH TO DATE  133                       106     27      148
  SINCE MAR 1    133                       106     27      148
  SINCE JUL 1   5227                      4892    335     5233

 COOLING
  YESTERDAY        0                         0      0        0
  MONTH TO DATE    0                         0      0        0
  SINCE MAR 1      0                         0      0        0
  SINCE JAN 1      0                         0      0        0
..................................................................


WIND (MPH)
  HIGHEST WIND SPEED    28   HIGHEST WIND DIRECTION     W (260)
  HIGHEST GUST SPEED    39   HIGHEST GUST DIRECTION     W (270)
  AVERAGE WIND SPEED    10.7


SKY COVER
  AVERAGE SKY COVER 0.8


WEATHER CONDITIONS
 THE FOLLOWING WEATHER WAS RECORDED YESTERDAY.
  LIGHT RAIN
  LT FREEZING RAIN
  HEAVY SNOW
  SNOW
  LIGHT SNOW
  SLEET
  FOG
  FOG W/VISIBILITY <= 1/4 MILE
  HAZE


RELATIVE HUMIDITY (PERCENT)
 HIGHEST    88           400 AM
 LOWEST     62          1200 AM
 AVERAGE    75

..........................................................


THE ROCHESTER NY CLIMATE NORMALS FOR TODAY
                         NORMAL    RECORD    YEAR
 MAXIMUM TEMPERATURE (F)   38        69      1974
 MINIMUM TEMPERATURE (F)   22        -4      1950


SUNRISE AND SUNSET
MARCH  4 2015.........SUNRISE   642 AM EST   SUNSET   603 PM EST
MARCH  5 2015.........SUNRISE   640 AM EST   SUNSET   605 PM EST


-  INDICATES NEGATIVE NUMBERS.
R  INDICATES RECORD WAS SET OR TIED.
MM INDICATES DATA IS MISSING.
T  INDICATES TRACE AMOUNT.




$$
