000
CDUS43 KARX 020710
CLIRST


CLIMATE REPORT
NATIONAL WEATHER SERVICE LA CROSSE WI
110 AM CST MON MAR 2 2015


...................................

...THE ROCHESTER MN CLIMATE SUMMARY FOR MARCH 1 2015...

CLIMATE NORMAL PERIOD 1981 TO 2010
CLIMATE RECORD PERIOD 1886 TO 2015


WEATHER ITEM   OBSERVED TIME   RECORD YEAR NORMAL DEPARTURE LAST
                VALUE   (LST)  VALUE       VALUE  FROM      YEAR
                                                  NORMAL
..................................................................
TEMPERATURE (F)
 YESTERDAY
  MAXIMUM         21    502 PM  56    1992  33    -12       12
  MINIMUM          5    251 AM -31    1962  18    -13       -7
  AVERAGE         13                        26    -13        3

PRECIPITATION (IN)
  YESTERDAY        T             1.23 1965   0.05  -0.05     0.02
  MONTH TO DATE    T                         0.05  -0.05     0.02
  SINCE MAR 1      T                         0.05  -0.05     0.02
  SINCE JAN 1      1.36                      1.74  -0.38     2.78

SNOWFALL (IN)
  YESTERDAY        T             7.2  2007   0.3   -0.3      0.6
  MONTH TO DATE    T                         0.3   -0.3      0.6
  SINCE JUL 1     38.0                      40.2   -2.2     48.4
  SNOW DEPTH       9

DEGREE DAYS
 HEATING
  YESTERDAY       52                        39     13       62
  MONTH TO DATE   52                        39     13       62
  SINCE JUL 1   6347                      5900    447     6787

 COOLING
  YESTERDAY        0                         0      0        0
  MONTH TO DATE    0                         0      0        0
  SINCE JAN 1      0                         0      0        0
..................................................................


WIND (MPH)
  HIGHEST WIND SPEED    23   HIGHEST WIND DIRECTION    NW (300)
  HIGHEST GUST SPEED    28   HIGHEST GUST DIRECTION     W (290)
  AVERAGE WIND SPEED    14.7


SKY COVER
  POSSIBLE SUNSHINE  MM
  AVERAGE SKY COVER 0.3


WEATHER CONDITIONS
 THE FOLLOWING WEATHER WAS RECORDED YESTERDAY.
  LIGHT SNOW
  FOG
  HAZE


RELATIVE HUMIDITY (PERCENT)
 HIGHEST    92           600 AM
 LOWEST     62          1200 PM
 AVERAGE    77

..........................................................


THE ROCHESTER MN CLIMATE NORMALS FOR TODAY
                         NORMAL    RECORD    YEAR
 MAXIMUM TEMPERATURE (F)   34        58      1964
 MINIMUM TEMPERATURE (F)   19       -19      1913


SUNRISE AND SUNSET
MARCH  2 2015.........SUNRISE   645 AM CST   SUNSET   559 PM CST
MARCH  3 2015.........SUNRISE   644 AM CST   SUNSET   601 PM CST


-  INDICATES NEGATIVE NUMBERS.
R  INDICATES RECORD WAS SET OR TIED.
MM INDICATES DATA IS MISSING.
T  INDICATES TRACE AMOUNT.




$$
