837
CDUS43 KARX 260640
CLIRST


CLIMATE REPORT
NATIONAL WEATHER SERVICE LA CROSSE WI
140 AM CDT TUE JUL 26 2016


...................................

...THE ROCHESTER MN CLIMATE SUMMARY FOR JULY 25 2016...

CLIMATE NORMAL PERIOD 1981 TO 2010
CLIMATE RECORD PERIOD 1886 TO 2016


WEATHER ITEM   OBSERVED TIME   RECORD YEAR NORMAL DEPARTURE LAST
                VALUE   (LST)  VALUE       VALUE  FROM      YEAR
                                                  NORMAL
..................................................................
TEMPERATURE (F)
 YESTERDAY
  MAXIMUM         83    351 PM  97    1931  81      2       84
  MINIMUM         62    518 AM  48    1920  61      1       63
  AVERAGE         73                        71      2       74

PRECIPITATION (IN)
  YESTERDAY        0.00          3.48 2005   0.15  -0.15     0.00
  MONTH TO DATE    5.41                      3.71   1.70     3.11
  SINCE JUN 1     10.65                      8.39   2.26     7.57
  SINCE JAN 1     22.34                     18.83   3.51    20.18

SNOWFALL (IN)
  YESTERDAY        0.0           0.0  2012   0.0    0.0      0.0
  MONTH TO DATE    0.0                       0.0    0.0      0.0
  SINCE JUL 1      0.0                       0.0    0.0      0.0
  SNOW DEPTH       0

DEGREE DAYS
 HEATING
  YESTERDAY        0                         0      0        0
  MONTH TO DATE    4                         0      4       17
  SINCE JUL 1      4                         0      4       17

 COOLING
  YESTERDAY        8                         6      2        9
  MONTH TO DATE  172                       173     -1      121
  SINCE JAN 1    361                       337     24      234
..................................................................


WIND (MPH)
  HIGHEST WIND SPEED    13   HIGHEST WIND DIRECTION    NW (320)
  HIGHEST GUST SPEED    17   HIGHEST GUST DIRECTION    NW (310)
  AVERAGE WIND SPEED     6.7


SKY COVER
  POSSIBLE SUNSHINE  MM
  AVERAGE SKY COVER 0.0


WEATHER CONDITIONS
 THE FOLLOWING WEATHER WAS RECORDED YESTERDAY.
  NO SIGNIFICANT WEATHER WAS OBSERVED.


RELATIVE HUMIDITY (PERCENT)
 HIGHEST   100           300 AM
 LOWEST     51           200 PM
 AVERAGE    76

..........................................................


THE ROCHESTER MN CLIMATE NORMALS FOR TODAY
                         NORMAL    RECORD    YEAR
 MAXIMUM TEMPERATURE (F)   81        99      1955
 MINIMUM TEMPERATURE (F)   61        43      1911


SUNRISE AND SUNSET
JULY 26 2016..........SUNRISE   553 AM CDT   SUNSET   840 PM CDT
JULY 27 2016..........SUNRISE   554 AM CDT   SUNSET   839 PM CDT


-  INDICATES NEGATIVE NUMBERS.
R  INDICATES RECORD WAS SET OR TIED.
MM INDICATES DATA IS MISSING.
T  INDICATES TRACE AMOUNT.




$$
