000
CDUS43 KARX 230641
CLIRST


CLIMATE REPORT
NATIONAL WEATHER SERVICE LA CROSSE WI
141 AM CDT TUE SEP 23 2014


...................................

...THE ROCHESTER MN CLIMATE SUMMARY FOR SEPTEMBER 22 2014...

CLIMATE NORMAL PERIOD 1981 TO 2010
CLIMATE RECORD PERIOD 1886 TO 2014


WEATHER ITEM   OBSERVED TIME   RECORD YEAR NORMAL DEPARTURE LAST
                VALUE   (LST)  VALUE       VALUE  FROM      YEAR
                                                  NORMAL
..................................................................
TEMPERATURE (F)
 YESTERDAY
  MAXIMUM         70    415 PM  95    1908  69      1       73
  MINIMUM         43    620 AM  24    1974  48     -5       41
  AVERAGE         57                        58     -1       57

PRECIPITATION (IN)
  YESTERDAY        0.00          1.57 2010   0.11  -0.11     0.00
  MONTH TO DATE    3.46                      2.59   0.87     0.84
  SINCE SEP 1      3.46                      2.59   0.87     0.84
  SINCE JAN 1     28.88                     26.78   2.10    35.54

SNOWFALL (IN)
  YESTERDAY        0.0           0.0  2012   0.0    0.0      0.0
  MONTH TO DATE    0.0                       0.0    0.0      0.0
  SINCE JUL 1      0.0                       0.0    0.0      0.0
  SNOW DEPTH       0

DEGREE DAYS
 HEATING
  YESTERDAY        8                         8      0        8
  MONTH TO DATE  139                       100     39       89
  SINCE JUL 1    164                       138     26      123

 COOLING
  YESTERDAY        0                         1     -1        0
  MONTH TO DATE   23                        47    -24       91
  SINCE JAN 1    483                       572    -89      647
..................................................................


WIND (MPH)
  HIGHEST WIND SPEED    12   HIGHEST WIND DIRECTION     W (270)
  HIGHEST GUST SPEED    15   HIGHEST GUST DIRECTION     W (280)
  AVERAGE WIND SPEED     5.8


SKY COVER
  POSSIBLE SUNSHINE  MM
  AVERAGE SKY COVER 0.0


WEATHER CONDITIONS
 THE FOLLOWING WEATHER WAS RECORDED YESTERDAY.
  FOG


RELATIVE HUMIDITY (PERCENT)
 HIGHEST   100           400 AM
 LOWEST     47           300 PM
 AVERAGE    74

..........................................................


THE ROCHESTER MN CLIMATE NORMALS FOR TODAY
                         NORMAL    RECORD    YEAR
 MAXIMUM TEMPERATURE (F)   69        92      1937
 MINIMUM TEMPERATURE (F)   47        28      1989


SUNRISE AND SUNSET
SEPTEMBER 23 2014.....SUNRISE   658 AM CDT   SUNSET   705 PM CDT
SEPTEMBER 24 2014.....SUNRISE   659 AM CDT   SUNSET   704 PM CDT


-  INDICATES NEGATIVE NUMBERS.
R  INDICATES RECORD WAS SET OR TIED.
MM INDICATES DATA IS MISSING.
T  INDICATES TRACE AMOUNT.




$$
