000
CDUS45 KCYS 010327
CLIRWL


CLIMATE REPORT
NATIONAL WEATHER SERVICE CHEYENNE WY
926 PM MDT FRI JUL 31 2015


...................................

...THE RAWLINS WY AIRPORT CLIMATE SUMMARY FOR JULY 31 2015...
VALID TODAY AS OF 0900 PM LOCAL TIME.

CLIMATE NORMAL PERIOD 1981 TO 2010
CLIMATE RECORD PERIOD 1951 TO 2015


WEATHER ITEM   OBSERVED TIME   RECORD YEAR NORMAL DEPARTURE LAST
                VALUE   (LST)  VALUE       VALUE  FROM      YEAR
                                                  NORMAL
..................................................................
TEMPERATURE (F)
 TODAY
  MAXIMUM         89    425 PM  95    2000  84      5       79
  MINIMUM         43R   440 AM  44    1990  51     -8       45
  AVERAGE         66                        68     -2       62

PRECIPITATION (IN)
  TODAY            0.00          0.51 1999   0.03  -0.03     0.00
  MONTH TO DATE    0.91                      0.84   0.07     0.50
  SINCE JAN 1      7.78                      5.79   1.99     3.31

DEGREE DAYS
 HEATING
  TODAY            0                         1     -1        3
  MONTH TO DATE   37                        38     -1       26
  SINCE JUN 1    103                       225   -122      198
  SINCE JUL 1     37                        35      2       26

 COOLING
  TODAY            1                         3     -2        0
  MONTH TO DATE   61                        98    -37      164
  SINCE JUN 1    122                       117      5      175
  SINCE JAN 1    122                       117      5      177
..................................................................


WIND (MPH)
  HIGHEST WIND SPEED    15   HIGHEST WIND DIRECTION     N (10)
  HIGHEST GUST SPEED    20   HIGHEST GUST DIRECTION     N (20)
  AVERAGE WIND SPEED     6.2


SKY COVER
  AVERAGE SKY COVER 0.0


WEATHER CONDITIONS
 THE FOLLOWING WEATHER WAS RECORDED TODAY.
  NO SIGNIFICANT WEATHER WAS OBSERVED.


RELATIVE HUMIDITY (PERCENT)
 HIGHEST    65           400 AM
 LOWEST      8           300 PM
 AVERAGE    37

..........................................................


THE RAWLINS WY AIRPORT CLIMATE NORMALS FOR TOMORROW
                         NORMAL    RECORD    YEAR
 MAXIMUM TEMPERATURE (F)   84        96      2000
 MINIMUM TEMPERATURE (F)   51        41      2009
                                             1995


SUNRISE AND SUNSET
JULY 31 2015..........SUNRISE   602 AM MDT   SUNSET   828 PM MDT
AUGUST  1 2015........SUNRISE   603 AM MDT   SUNSET   827 PM MDT


-  INDICATES NEGATIVE NUMBERS.
R  INDICATES RECORD WAS SET OR TIED.
MM INDICATES DATA IS MISSING.
T  INDICATES TRACE AMOUNT.




$$
