000
CDUS45 KCYS 180325
CLIRWL


CLIMATE REPORT
NATIONAL WEATHER SERVICE CHEYENNE WY
924 PM MDT THU APR 17 2014


...................................

...THE RAWLINS WY AIRPORT CLIMATE SUMMARY FOR APRIL 17 2014...
VALID TODAY AS OF 0900 PM LOCAL TIME.

CLIMATE NORMAL PERIOD 1981 TO 2010
CLIMATE RECORD PERIOD 1951 TO 2014


WEATHER ITEM   OBSERVED TIME   RECORD YEAR NORMAL DEPARTURE LAST
                VALUE   (LST)  VALUE       VALUE  FROM      YEAR
                                                  NORMAL
..................................................................
TEMPERATURE (F)
 TODAY
  MAXIMUM         59    358 PM  77    1994  54      5       20
  MINIMUM         18    544 AM  10    2013  27     -9       10
  AVERAGE         39                        40     -1       15

PRECIPITATION (IN)
  TODAY            0.00          0.68 1968   0.04  -0.04     0.07
  MONTH TO DATE    0.34                      0.56  -0.22     0.73
  SINCE JAN 1      1.39                      2.02  -0.63     1.41

DEGREE DAYS
 HEATING
  TODAY           26                        25      1       50
  MONTH TO DATE  446                       454     -8      541
  SINCE MAR 1   1387                      1469    -82     1533
  SINCE JUL 1   7151                      7426   -275     7134

 COOLING
  TODAY            0                         0      0        0
  MONTH TO DATE    0                         0      0        0
  SINCE MAR 1      0                         0      0        0
  SINCE JAN 1      0                         0      0        0
..................................................................


WIND (MPH)
  HIGHEST WIND SPEED    28   HIGHEST WIND DIRECTION    SW (240)
  HIGHEST GUST SPEED    43   HIGHEST GUST DIRECTION    SW (240)
  AVERAGE WIND SPEED    11.2


SKY COVER
  AVERAGE SKY COVER 0.0


WEATHER CONDITIONS
 THE FOLLOWING WEATHER WAS RECORDED TODAY.
  NO SIGNIFICANT WEATHER WAS OBSERVED.


RELATIVE HUMIDITY (PERCENT)
 HIGHEST    92           500 AM
 LOWEST     19           200 PM
 AVERAGE    56

..........................................................


THE RAWLINS WY AIRPORT CLIMATE NORMALS FOR TOMORROW
                         NORMAL    RECORD    YEAR
 MAXIMUM TEMPERATURE (F)   54        73      1994
 MINIMUM TEMPERATURE (F)   27        -7      2013


SUNRISE AND SUNSET
APRIL 17 2014.........SUNRISE   625 AM MDT   SUNSET   752 PM MDT
APRIL 18 2014.........SUNRISE   624 AM MDT   SUNSET   753 PM MDT


-  INDICATES NEGATIVE NUMBERS.
R  INDICATES RECORD WAS SET OR TIED.
MM INDICATES DATA IS MISSING.
T  INDICATES TRACE AMOUNT.




$$
