000
CDUS45 KCYS 030329
CLIRWL


CLIMATE REPORT
NATIONAL WEATHER SERVICE CHEYENNE WY
928 PM MDT THU JUL 2 2015


...................................

...THE RAWLINS WY AIRPORT CLIMATE SUMMARY FOR JULY 2 2015...
VALID TODAY AS OF 0900 PM LOCAL TIME.

CLIMATE NORMAL PERIOD 1981 TO 2010
CLIMATE RECORD PERIOD 1951 TO 2015


WEATHER ITEM   OBSERVED TIME   RECORD YEAR NORMAL DEPARTURE LAST
                VALUE   (LST)  VALUE       VALUE  FROM      YEAR
                                                  NORMAL
..................................................................
TEMPERATURE (F)
 TODAY
  MAXIMUM         82    141 PM  94    2007  82      0       82
  MINIMUM         55    249 AM  36    1997  48      7       46
  AVERAGE         69                        65      4       64

PRECIPITATION (IN)
  TODAY            0.08          0.34 2008   0.02   0.06     0.00
  MONTH TO DATE    0.08                      0.04   0.04     0.00
  SINCE JAN 1      6.95                      4.99   1.96     2.81

DEGREE DAYS
 HEATING
  TODAY            0                         2     -2        1
  MONTH TO DATE    0                         4     -4        9
  SINCE JUN 1     66                       194   -128      181
  SINCE JUL 1      0                         4     -4        9

 COOLING
  TODAY            4                         2      2        0
  MONTH TO DATE   10                         4      6        0
  SINCE JUN 1     71                        23     48       11
  SINCE JAN 1     71                        23     48       13
..................................................................


WIND (MPH)
  HIGHEST WIND SPEED    33   HIGHEST WIND DIRECTION     N (350)
  HIGHEST GUST SPEED    39   HIGHEST GUST DIRECTION     N (350)
  AVERAGE WIND SPEED     6.4


SKY COVER
  AVERAGE SKY COVER 0.1


WEATHER CONDITIONS
 THE FOLLOWING WEATHER WAS RECORDED TODAY.
  THUNDERSTORM
  RAIN


RELATIVE HUMIDITY (PERCENT)
 HIGHEST    93           100 AM
 LOWEST     36           500 PM
 AVERAGE    65

..........................................................


THE RAWLINS WY AIRPORT CLIMATE NORMALS FOR TOMORROW
                         NORMAL    RECORD    YEAR
 MAXIMUM TEMPERATURE (F)   82        95      1996
 MINIMUM TEMPERATURE (F)   48        37      1997


SUNRISE AND SUNSET
JULY  2 2015..........SUNRISE   538 AM MDT   SUNSET   847 PM MDT
JULY  3 2015..........SUNRISE   539 AM MDT   SUNSET   847 PM MDT


-  INDICATES NEGATIVE NUMBERS.
R  INDICATES RECORD WAS SET OR TIED.
MM INDICATES DATA IS MISSING.
T  INDICATES TRACE AMOUNT.




$$
