000
CDUS45 KCYS 290726
CLIRWL


CLIMATE REPORT
NATIONAL WEATHER SERVICE CHEYENNE WY
126 AM MDT MON AUG 29 2016


...................................

...THE RAWLINS WY AIRPORT CLIMATE SUMMARY FOR AUGUST 28 2016...

CLIMATE NORMAL PERIOD 1981 TO 2010
CLIMATE RECORD PERIOD 1951 TO 2016


WEATHER ITEM   OBSERVED TIME   RECORD YEAR NORMAL DEPARTURE LAST
                VALUE   (LST)  VALUE       VALUE  FROM      YEAR
                                                  NORMAL
..................................................................
TEMPERATURE (F)
 YESTERDAY
  MAXIMUM         82    407 PM  90    2012  79      3       80
                                      1996
  MINIMUM         48    539 AM  35    2004  46      2       44
  AVERAGE         65                        62      3       62

PRECIPITATION (IN)
  YESTERDAY        0.00          0.15 1964   0.02  -0.02     0.00
  MONTH TO DATE    0.08                      0.68  -0.60     0.48
  SINCE JAN 1      6.14                      6.47  -0.33     8.30

DEGREE DAYS
 HEATING
  YESTERDAY        0                         3     -3        3
  MONTH TO DATE   72                        47     25       45
  SINCE JUN 1    142                       272   -130      148
  SINCE JUL 1     88                        82      6       82

 COOLING
  YESTERDAY        0                         1     -1        0
  MONTH TO DATE   56                        61     -5       70
  SINCE JUN 1    220                       178     42      192
  SINCE JAN 1    220                       178     42      192
..................................................................


WIND (MPH)
  HIGHEST WIND SPEED    22   HIGHEST WIND DIRECTION     W (250)
  HIGHEST GUST SPEED    28   HIGHEST GUST DIRECTION     W (250)
  AVERAGE WIND SPEED     8.7


SKY COVER
  AVERAGE SKY COVER 0.0


WEATHER CONDITIONS
 THE FOLLOWING WEATHER WAS RECORDED YESTERDAY.
  NO SIGNIFICANT WEATHER WAS OBSERVED.


RELATIVE HUMIDITY (PERCENT)
 HIGHEST    52           500 AM
 LOWEST      9           500 PM
 AVERAGE    31

..........................................................


THE RAWLINS WY AIRPORT CLIMATE NORMALS FOR TODAY
                         NORMAL    RECORD    YEAR
 MAXIMUM TEMPERATURE (F)   78        90      1998
 MINIMUM TEMPERATURE (F)   46        36      1964


SUNRISE AND SUNSET
AUGUST 29 2016........SUNRISE   632 AM MDT   SUNSET   746 PM MDT
AUGUST 30 2016........SUNRISE   633 AM MDT   SUNSET   744 PM MDT


-  INDICATES NEGATIVE NUMBERS.
R  INDICATES RECORD WAS SET OR TIED.
MM INDICATES DATA IS MISSING.
T  INDICATES TRACE AMOUNT.




$$
