000
CDUS45 KPIH 300734
CLIRXE


CLIMATE REPORT
NATIONAL WEATHER SERVICE POCATELLO ID
134 AM MDT THU OCT 30 2014


...................................

...THE REXBURG ID CLIMATE SUMMARY FOR OCTOBER 29 2014...

CLIMATE NORMAL PERIOD 1981 TO 2010
CLIMATE RECORD PERIOD 1998 TO 2014


WEATHER ITEM   OBSERVED TIME   RECORD YEAR NORMAL DEPARTURE LAST
                VALUE   (LST)  VALUE       VALUE  FROM      YEAR
                                                  NORMAL
..................................................................
TEMPERATURE (F)
 YESTERDAY
  MAXIMUM         56    320 PM  64    2007  52      4       43
  MINIMUM         26    344 AM  16    2009  28     -2       32
  AVERAGE         41                        40      1       38

PRECIPITATION (IN)
  YESTERDAY        0.00         MM      MM   0.03  -0.03     0.02
  MONTH TO DATE    0.06                      1.03  -0.97     0.88
  SINCE OCT 1      0.06                      1.03  -0.97     0.88
  SINCE JAN 1     14.16                     10.91   3.25     7.32

SNOWFALL (IN)
  YESTERDAY       MM
  MONTH TO DATE   MM
  SINCE SEP 1     MM
  SINCE JUL 1     MM
  SNOW DEPTH      MM

DEGREE DAYS
 HEATING
  YESTERDAY       24                        25     -1       27
  MONTH TO DATE  456                       576   -120      637
  SINCE SEP 1    654                       861   -207      784
  SINCE JUL 1    728                       934   -206      784

 COOLING
  YESTERDAY        0                         0      0        0
  MONTH TO DATE    0                         0      0        0
  SINCE SEP 1     12                         6      6       39
  SINCE JAN 1    234                       208     26      452
..................................................................


WIND (MPH)
  HIGHEST WIND SPEED    15   HIGHEST WIND DIRECTION     W (260)
  HIGHEST GUST SPEED    20   HIGHEST GUST DIRECTION     W (260)
  AVERAGE WIND SPEED     5.0


SKY COVER
  POSSIBLE SUNSHINE  MM
  AVERAGE SKY COVER 0.2


WEATHER CONDITIONS
 THE FOLLOWING WEATHER WAS RECORDED YESTERDAY.
  NO SIGNIFICANT WEATHER WAS OBSERVED.


RELATIVE HUMIDITY (PERCENT)
 HIGHEST    82          1100 PM
 LOWEST     32          1200 PM
 AVERAGE    57

..........................................................


THE REXBURG ID CLIMATE NORMALS FOR TODAY
                         NORMAL    RECORD    YEAR
 MAXIMUM TEMPERATURE (F)   51        67      2001
 MINIMUM TEMPERATURE (F)   27        20      2003


SUNRISE AND SUNSET
OCTOBER 30 2014.......SUNRISE   801 AM MDT   SUNSET   620 PM MDT
OCTOBER 31 2014.......SUNRISE   802 AM MDT   SUNSET   619 PM MDT


-  INDICATES NEGATIVE NUMBERS.
R  INDICATES RECORD WAS SET OR TIED.
MM INDICATES DATA IS MISSING.
T  INDICATES TRACE AMOUNT.




$$
