000
CDUS45 KPIH 290736
CLIRXE


CLIMATE REPORT
NATIONAL WEATHER SERVICE POCATELLO ID
135 AM MDT MON AUG 29 2016


...................................

...THE REXBURG ID CLIMATE SUMMARY FOR AUGUST 28 2016...

CLIMATE NORMAL PERIOD 1981 TO 2010
CLIMATE RECORD PERIOD 1998 TO 2016


WEATHER ITEM   OBSERVED TIME   RECORD YEAR NORMAL DEPARTURE LAST
                VALUE   (LST)  VALUE       VALUE  FROM      YEAR
                                                  NORMAL
..................................................................
TEMPERATURE (F)
 YESTERDAY
  MAXIMUM         87    339 PM  93    2012  80      7       88
  MINIMUM         45    632 AM  39    2004  46     -1       48
  AVERAGE         66                        63      3       68

PRECIPITATION (IN)
  YESTERDAY        0.00         MM      MM   0.04  -0.04     0.00
  MONTH TO DATE    0.04                      0.84  -0.80     0.53
  SINCE OCT 1      9.11                     12.01  -2.90     9.89
  SINCE JAN 1      5.95                      8.80  -2.85     7.12

SNOWFALL (IN)
  YESTERDAY       MM
  MONTH TO DATE   MM
  SINCE JUN 1     MM
  SINCE JUL 1     MM
  SNOW DEPTH      MM

DEGREE DAYS
 HEATING
  YESTERDAY        0                         3     -3        0
  MONTH TO DATE   30                        31     -1       26
  SINCE JUN 1    134                       233    -99      110
  SINCE JUL 1     64                        61      3       70

 COOLING
  YESTERDAY        1                         1      0        3
  MONTH TO DATE   64                        82    -18       92
  SINCE JUN 1    236                       192     44      277
  SINCE JAN 1    236                       196     40      277
..................................................................


WIND (MPH)
  HIGHEST WIND SPEED    20   HIGHEST WIND DIRECTION    SW (230)
  HIGHEST GUST SPEED    25   HIGHEST GUST DIRECTION     S (180)
  AVERAGE WIND SPEED     8.6


SKY COVER
  POSSIBLE SUNSHINE  MM
  AVERAGE SKY COVER 0.0


WEATHER CONDITIONS
 THE FOLLOWING WEATHER WAS RECORDED YESTERDAY.
  NO SIGNIFICANT WEATHER WAS OBSERVED.


RELATIVE HUMIDITY (PERCENT)
 HIGHEST    65           500 AM
 LOWEST     15           400 PM
 AVERAGE    40

..........................................................


THE REXBURG ID CLIMATE NORMALS FOR TODAY
                         NORMAL    RECORD    YEAR
 MAXIMUM TEMPERATURE (F)   80        92      2015
 MINIMUM TEMPERATURE (F)   46        41      2004


SUNRISE AND SUNSET
AUGUST 29 2016........SUNRISE   648 AM MDT   SUNSET   807 PM MDT
AUGUST 30 2016........SUNRISE   649 AM MDT   SUNSET   805 PM MDT


-  INDICATES NEGATIVE NUMBERS.
R  INDICATES RECORD WAS SET OR TIED.
MM INDICATES DATA IS MISSING.
T  INDICATES TRACE AMOUNT.




$$
