000
CDUS45 KPIH 210732
CLIRXE


CLIMATE REPORT
NATIONAL WEATHER SERVICE POCATELLO ID
131 AM MDT TUE OCT 21 2014


...................................

...THE REXBURG ID CLIMATE SUMMARY FOR OCTOBER 20 2014...

CLIMATE NORMAL PERIOD 1981 TO 2010
CLIMATE RECORD PERIOD 1998 TO 2014


WEATHER ITEM   OBSERVED TIME   RECORD YEAR NORMAL DEPARTURE LAST
                VALUE   (LST)  VALUE       VALUE  FROM      YEAR
                                                  NORMAL
..................................................................
TEMPERATURE (F)
 YESTERDAY
  MAXIMUM         71    412 PM  77    2003  57     14       58
  MINIMUM         33    720 AM  23    1999  30      3       31
  AVERAGE         52                        43      9       45

PRECIPITATION (IN)
  YESTERDAY        0.00         MM      MM   0.03  -0.03     0.00
  MONTH TO DATE    0.01                      0.74  -0.73     0.55
  SINCE OCT 1      0.01                      0.74  -0.73     0.55
  SINCE JAN 1     14.11                     10.62   3.49     6.99

SNOWFALL (IN)
  YESTERDAY       MM
  MONTH TO DATE   MM
  SINCE SEP 1     MM
  SINCE JUL 1     MM
  SNOW DEPTH      MM

DEGREE DAYS
 HEATING
  YESTERDAY       13                        22     -9       20
  MONTH TO DATE  306                       364    -58      451
  SINCE SEP 1    504                       649   -145      598
  SINCE JUL 1    578                       722   -144      598

 COOLING
  YESTERDAY        0                         0      0        0
  MONTH TO DATE    0                         0      0        0
  SINCE SEP 1     12                         6      6       39
  SINCE JAN 1    234                       208     26      452
..................................................................


WIND (MPH)
  HIGHEST WIND SPEED    10   HIGHEST WIND DIRECTION     S (160)
  HIGHEST GUST SPEED    16   HIGHEST GUST DIRECTION    SE (150)
  AVERAGE WIND SPEED     4.5


SKY COVER
  POSSIBLE SUNSHINE  MM
  AVERAGE SKY COVER 0.1


WEATHER CONDITIONS
 THE FOLLOWING WEATHER WAS RECORDED YESTERDAY.
  NO SIGNIFICANT WEATHER WAS OBSERVED.


RELATIVE HUMIDITY (PERCENT)
 HIGHEST    82           100 AM
 LOWEST     27           400 PM
 AVERAGE    55

..........................................................


THE REXBURG ID CLIMATE NORMALS FOR TODAY
                         NORMAL    RECORD    YEAR
 MAXIMUM TEMPERATURE (F)   56        75      2003
 MINIMUM TEMPERATURE (F)   30        23      1998


SUNRISE AND SUNSET
OCTOBER 21 2014.......SUNRISE   749 AM MDT   SUNSET   634 PM MDT
OCTOBER 22 2014.......SUNRISE   750 AM MDT   SUNSET   632 PM MDT


-  INDICATES NEGATIVE NUMBERS.
R  INDICATES RECORD WAS SET OR TIED.
MM INDICATES DATA IS MISSING.
T  INDICATES TRACE AMOUNT.




$$
