000
CDUS45 KPIH 270745
CLIRXE


CLIMATE REPORT
NATIONAL WEATHER SERVICE POCATELLO ID
136 AM MDT WED AUG 27 2014


...................................

...THE REXBURG ID CLIMATE SUMMARY FOR AUGUST 26 2014...

CLIMATE NORMAL PERIOD 1981 TO 2010
CLIMATE RECORD PERIOD 1998 TO 2014


WEATHER ITEM   OBSERVED TIME   RECORD YEAR NORMAL DEPARTURE LAST
                VALUE   (LST)  VALUE       VALUE  FROM      YEAR
                                                  NORMAL
..................................................................
TEMPERATURE (F)
 YESTERDAY
  MAXIMUM         75    524 PM  94    2011  81     -6       81
                                      2010
  MINIMUM         44    647 AM  39    2005  47     -3       58
  AVERAGE         60                        64     -4       70

PRECIPITATION (IN)
  YESTERDAY        0.00         MM      MM   0.04  -0.04     0.05
  MONTH TO DATE    3.80                      0.76   3.04     0.15
  SINCE OCT 1     12.75                     11.93   0.82     8.66
  SINCE JAN 1     10.89                      8.72   2.17     5.27

SNOWFALL (IN)
  YESTERDAY       MM
  MONTH TO DATE   MM
  SINCE JUN 1     MM
  SINCE JUL 1     MM
  SNOW DEPTH      MM

DEGREE DAYS
 HEATING
  YESTERDAY        5                         2      3        0
  MONTH TO DATE   50                        25     25        0
  SINCE JUN 1    213                       227    -14      117
  SINCE JUL 1     58                        55      3        0

 COOLING
  YESTERDAY        0                         1     -1        5
  MONTH TO DATE   55                        80    -25      135
  SINCE JUN 1    221                       190     31      387
  SINCE JAN 1    221                       194     27      389
..................................................................


WIND (MPH)
  HIGHEST WIND SPEED    10   HIGHEST WIND DIRECTION     W (290)
  HIGHEST GUST SPEED    14   HIGHEST GUST DIRECTION     W (280)
  AVERAGE WIND SPEED     2.8


SKY COVER
  POSSIBLE SUNSHINE  MM
  AVERAGE SKY COVER 0.0


WEATHER CONDITIONS
 THE FOLLOWING WEATHER WAS RECORDED YESTERDAY.
  NO SIGNIFICANT WEATHER WAS OBSERVED.


RELATIVE HUMIDITY (PERCENT)
 HIGHEST    93          1200 AM
 LOWEST     31           600 PM
 AVERAGE    62

..........................................................


THE REXBURG ID CLIMATE NORMALS FOR TODAY
                         NORMAL    RECORD    YEAR
 MAXIMUM TEMPERATURE (F)   81        91      2011
                                             2001
 MINIMUM TEMPERATURE (F)   46        38      2004


SUNRISE AND SUNSET
AUGUST 27 2014........SUNRISE   645 AM MDT   SUNSET   811 PM MDT
AUGUST 28 2014........SUNRISE   646 AM MDT   SUNSET   810 PM MDT


-  INDICATES NEGATIVE NUMBERS.
R  INDICATES RECORD WAS SET OR TIED.
MM INDICATES DATA IS MISSING.
T  INDICATES TRACE AMOUNT.




$$
