000
CDUS45 KPIH 240736
CLIRXE


CLIMATE REPORT
NATIONAL WEATHER SERVICE POCATELLO ID
135 AM MDT MON JUL 24 2017


...................................

...THE REXBURG ID CLIMATE SUMMARY FOR JULY 23 2017...

CLIMATE NORMAL PERIOD 1981 TO 2010
CLIMATE RECORD PERIOD 1998 TO 2017


WEATHER ITEM   OBSERVED TIME   RECORD YEAR NORMAL DEPARTURE LAST
                VALUE   (LST)  VALUE       VALUE  FROM      YEAR
                                                  NORMAL
..................................................................
TEMPERATURE (F)
 YESTERDAY
  MAXIMUM         91    502 PM  99    2007  86      5       82
  MINIMUM         49    528 AM  46    2011  51     -2       47
                                      1999
  AVERAGE         70                        69      1       65

PRECIPITATION (IN)
  YESTERDAY        0.00         MM      MM   0.02  -0.02     0.00
  MONTH TO DATE    0.03                      0.56  -0.53     0.15
  SINCE OCT 1     13.95                     11.01   2.94     9.07
  SINCE JAN 1      8.19                      7.80   0.39     5.91

SNOWFALL (IN)
  YESTERDAY       MM
  MONTH TO DATE   MM
  SINCE JUN 1     MM
  SINCE JUL 1     MM
  SNOW DEPTH      MM

DEGREE DAYS
 HEATING
  YESTERDAY        0                         0      0        0
  MONTH TO DATE    1                        27    -26       34
  SINCE JUN 1    120                       199    -79      104
  SINCE JUL 1      1                        27    -26       34

 COOLING
  YESTERDAY        5                         4      1        0
  MONTH TO DATE  158                        57    101       68
  SINCE JUN 1    189                        75    114      120
  SINCE JAN 1    190                        79    111      120
..................................................................


WIND (MPH)
  HIGHEST WIND SPEED    14   HIGHEST WIND DIRECTION    SW (210)
  HIGHEST GUST SPEED    19   HIGHEST GUST DIRECTION    SW (220)
  AVERAGE WIND SPEED     5.4


SKY COVER
  POSSIBLE SUNSHINE  MM
  AVERAGE SKY COVER 0.0


WEATHER CONDITIONS
 THE FOLLOWING WEATHER WAS RECORDED YESTERDAY.
  NO SIGNIFICANT WEATHER WAS OBSERVED.


RELATIVE HUMIDITY (PERCENT)
 HIGHEST    89           200 AM
 LOWEST     14           500 PM
 AVERAGE    52

..........................................................


THE REXBURG ID CLIMATE NORMALS FOR TODAY
                         NORMAL    RECORD    YEAR
 MAXIMUM TEMPERATURE (F)   86        95      2003
 MINIMUM TEMPERATURE (F)   51        46      2016
                                             2011
                                             2010


SUNRISE AND SUNSET
JULY 24 2017..........SUNRISE   608 AM MDT   SUNSET   859 PM MDT
JULY 25 2017..........SUNRISE   609 AM MDT   SUNSET   858 PM MDT


-  INDICATES NEGATIVE NUMBERS.
R  INDICATES RECORD WAS SET OR TIED.
MM INDICATES DATA IS MISSING.
T  INDICATES TRACE AMOUNT.




$$
