000
CDUS46 KSGX 230019
CLISAN


CLIMATE REPORT
NATIONAL WEATHER SERVICE SAN DIEGO, CA
519 PM PDT SAT APR 22 2017


...................................

...THE SAN DIEGO INTL AIRPORT CA CLIMATE SUMMARY FOR APRIL 22 2017...
VALID TODAY AS OF 0500 PM LOCAL TIME.

CLIMATE NORMAL PERIOD 1981 TO 2010
CLIMATE RECORD PERIOD 1874 TO 2017


WEATHER ITEM   OBSERVED TIME   RECORD YEAR NORMAL DEPARTURE LAST
                VALUE   (LST)  VALUE       VALUE  FROM      YEAR
                                                  NORMAL
..................................................................
TEMPERATURE (F)
 TODAY
  MAXIMUM         82    134 PM  95    1910  68     14       72
  MINIMUM         59    537 AM  44    1878  57      2       63
  AVERAGE         71                        62      9       68

PRECIPITATION (IN)
  TODAY            0.00          0.46 1914   0.02  -0.02     0.00
  MONTH TO DATE    0.01                      0.64  -0.63     0.55
  SINCE OCT 1     11.71                      9.81   1.90     7.42
  SINCE JAN 1      6.81                      6.70   0.11     4.57

DEGREE DAYS
 HEATING
  TODAY            0                         3     -3        0
  MONTH TO DATE   19                        89    -70       12
  SINCE MAR 1     95                       267   -172       81
  SINCE JUL 1    687                      1125   -438      621

 COOLING
  TODAY            6                         1      5        3
  MONTH TO DATE   19                         4     15       47
  SINCE MAR 1     30                         9     21       52
  SINCE JAN 1     30                        14     16       97
..................................................................


WIND (MPH)
  RESULTANT WIND SPEED   3   RESULTANT WIND DIRECTION   W (260)
  HIGHEST WIND SPEED    14   HIGHEST WIND DIRECTION     S (190)
  HIGHEST GUST SPEED    19   HIGHEST GUST DIRECTION     S (190)
  AVERAGE WIND SPEED     4.0


SKY COVER
  POSSIBLE SUNSHINE  MM
  AVERAGE SKY COVER 0.4


WEATHER CONDITIONS
 THE FOLLOWING WEATHER WAS RECORDED TODAY.
  FOG
  FOG W/VISIBILITY <= 1/4 MILE


RELATIVE HUMIDITY (PERCENT)
 HIGHEST    90           600 AM
 LOWEST     30           100 PM
 AVERAGE    60

..........................................................


THE SAN DIEGO INTL AIRPORT CA CLIMATE NORMALS FOR TOMORROW
                         NORMAL    RECORD    YEAR
 MAXIMUM TEMPERATURE (F)   68        96      1910
 MINIMUM TEMPERATURE (F)   57        46      1963
                                             1896
                                             1877


SUNRISE AND SUNSET
APRIL 22 2017.........SUNRISE   611 AM PDT   SUNSET   724 PM PDT
APRIL 23 2017.........SUNRISE   610 AM PDT   SUNSET   725 PM PDT


-  INDICATES NEGATIVE NUMBERS.
R  INDICATES RECORD WAS SET OR TIED.
MM INDICATES DATA IS MISSING.
T  INDICATES TRACE AMOUNT.




$$
