000
CDUS46 KSGX 230019
CLISAN


CLIMATE REPORT
NATIONAL WEATHER SERVICE SAN DIEGO, CA
519 PM PDT FRI MAY 22 2015


...................................

...THE SAN DIEGO/LINDBERGH FIELD CA CLIMATE SUMMARY FOR MAY 22 2015...
VALID TODAY AS OF 0500 PM LOCAL TIME.

CLIMATE NORMAL PERIOD 1981 TO 2010
CLIMATE RECORD PERIOD 1874 TO 2015


WEATHER ITEM   OBSERVED TIME   RECORD YEAR NORMAL DEPARTURE LAST
                VALUE   (LST)  VALUE       VALUE  FROM      YEAR
                                                  NORMAL
..................................................................
TEMPERATURE (F)
 TODAY
  MAXIMUM         68   1253 PM  88    1893  69     -1       67
  MINIMUM         60    453 AM  48    1878  60      0       63
  AVERAGE         64                        64      0       65

PRECIPITATION (IN)
  TODAY            T             0.77 2006   0.00   0.00     0.00
  MONTH TO DATE    2.36                      0.09   2.27      T
  SINCE OCT 1      8.88                     10.04  -1.16     5.01
  SINCE JAN 1      4.01                      6.93  -2.92     2.82

SNOWFALL (IN)
  TODAY            0.0
  MONTH TO DATE    0.0
  SINCE MAR 1      0.0
  SINCE JUL 1      0.0
  SNOW DEPTH       0

DEGREE DAYS
 HEATING
  TODAY            1                         2     -1        0
  MONTH TO DATE   35                        46    -11        8
  SINCE MAR 1     92                       337   -245       89
  SINCE JUL 1    438                      1195   -757      545

 COOLING
  TODAY            0                         1     -1        0
  MONTH TO DATE    9                        22    -13      127
  SINCE MAR 1    156                        41    115      202
  SINCE JAN 1    178                        46    132      211
..................................................................


WIND (MPH)
  RESULTANT WIND SPEED  10   RESULTANT WIND DIRECTION   W (280)
  HIGHEST WIND SPEED    17   HIGHEST WIND DIRECTION     W (280)
  HIGHEST GUST SPEED    21   HIGHEST GUST DIRECTION     W (290)
  AVERAGE WIND SPEED    10.2


SKY COVER
  POSSIBLE SUNSHINE  MM
  AVERAGE SKY COVER 0.8


WEATHER CONDITIONS
 THE FOLLOWING WEATHER WAS RECORDED TODAY.
  LIGHT RAIN


RELATIVE HUMIDITY (PERCENT)
 HIGHEST    67           600 AM
 LOWEST     49           100 PM
 AVERAGE    58

..........................................................


THE SAN DIEGO/LINDBERGH FIELD CA CLIMATE NORMALS FOR TOMORROW
                         NORMAL    RECORD    YEAR
 MAXIMUM TEMPERATURE (F)   69        82      1932
 MINIMUM TEMPERATURE (F)   60        48      1879


SUNRISE AND SUNSET
MAY 22 2015...........SUNRISE   546 AM PDT   SUNSET   745 PM PDT
MAY 23 2015...........SUNRISE   545 AM PDT   SUNSET   746 PM PDT


-  INDICATES NEGATIVE NUMBERS.
R  INDICATES RECORD WAS SET OR TIED.
MM INDICATES DATA IS MISSING.
T  INDICATES TRACE AMOUNT.




$$
