000
CDUS46 KSGX 201130
CLISAN


CLIMATE REPORT
NATIONAL WEATHER SERVICE SAN DIEGO, CA
430 AM PDT WED SEP 20 2017


...................................

...THE SAN DIEGO INTL AIRPORT CA CLIMATE SUMMARY FOR SEPTEMBER 19 2017...

CLIMATE NORMAL PERIOD 1981 TO 2010
CLIMATE RECORD PERIOD 1874 TO 2017


WEATHER ITEM   OBSERVED TIME   RECORD YEAR NORMAL DEPARTURE LAST
                VALUE   (LST)  VALUE       VALUE  FROM      YEAR
                                                  NORMAL
..................................................................
TEMPERATURE (F)
 YESTERDAY
  MAXIMUM         74   1111 AM  97    1939  76     -2       80
  MINIMUM         68    349 AM  50    1882  65      3       65
  AVERAGE         71                        70      1       73

PRECIPITATION (IN)
  YESTERDAY        0.00          0.15 1989   0.00   0.00     0.01
  MONTH TO DATE    0.08                      0.06   0.02     0.01
  SINCE OCT 1     12.73                     10.25   2.48     7.87
  SINCE JAN 1      7.83                      7.14   0.69     5.02

DEGREE DAYS
 HEATING
  YESTERDAY        0                         0      0        0
  MONTH TO DATE    0                         0      0        0
  SINCE SEP 1      0                         0      0        0
  SINCE JUL 1      0                         1     -1        0

 COOLING
  YESTERDAY        6                         5      1        8
  MONTH TO DATE  184                       118     66       87
  SINCE SEP 1    184                       118     66       87
  SINCE JAN 1    887                       586    301      769
..................................................................


WIND (MPH)
  RESULTANT WIND SPEED   5   RESULTANT WIND DIRECTION   S (200)
  HIGHEST WIND SPEED    14   HIGHEST WIND DIRECTION    SW (210)
  HIGHEST GUST SPEED    17   HIGHEST GUST DIRECTION    SW (210)
  AVERAGE WIND SPEED     6.6


SKY COVER
  POSSIBLE SUNSHINE  MM
  AVERAGE SKY COVER 0.8


WEATHER CONDITIONS
 THE FOLLOWING WEATHER WAS RECORDED YESTERDAY.
  NO SIGNIFICANT WEATHER WAS OBSERVED.


RELATIVE HUMIDITY (PERCENT)
 HIGHEST    76          1200 AM
 LOWEST     57           100 PM
 AVERAGE    67

..........................................................


THE SAN DIEGO INTL AIRPORT CA CLIMATE NORMALS FOR TODAY
                         NORMAL    RECORD    YEAR
 MAXIMUM TEMPERATURE (F)   76       100      1939
 MINIMUM TEMPERATURE (F)   65        53      1893
                                             1882


SUNRISE AND SUNSET
SEPTEMBER 20 2017.....SUNRISE   636 AM PDT   SUNSET   648 PM PDT
SEPTEMBER 21 2017.....SUNRISE   636 AM PDT   SUNSET   646 PM PDT


-  INDICATES NEGATIVE NUMBERS.
R  INDICATES RECORD WAS SET OR TIED.
MM INDICATES DATA IS MISSING.
T  INDICATES TRACE AMOUNT.




$$
