000
CDUS46 KSGX 121526
CLISAN


CLIMATE REPORT
NATIONAL WEATHER SERVICE SAN DIEGO, CA
719 AM PST FRI FEB 12 2016


...................................

...THE SAN DIEGO/LINDBERGH FIELD CA CLIMATE SUMMARY FOR FEBRUARY 11 2016...

CLIMATE NORMAL PERIOD 1981 TO 2010
CLIMATE RECORD PERIOD 1874 TO 2016


WEATHER ITEM   OBSERVED TIME   RECORD YEAR NORMAL DEPARTURE LAST
                VALUE   (LST)  VALUE       VALUE  FROM      YEAR
                                                  NORMAL
..................................................................
TEMPERATURE (F)
 YESTERDAY
  MAXIMUM         84R   206 PM  83    1988  65     19       82
  MINIMUM         56    453 AM  34    1894  50      6       54
  AVERAGE         70                        58     12       68

PRECIPITATION (IN)
  YESTERDAY        0.00          2.00 1854   0.08  -0.08     0.00
  MONTH TO DATE    T                         0.81  -0.81     0.00
  SINCE OCT 1      6.06                      5.90   0.16     5.29
  SINCE JAN 1      3.21                      2.79   0.42     0.42

DEGREE DAYS
 HEATING
  YESTERDAY        0                         7     -7        0
  MONTH TO DATE   46                        83    -37       26
  SINCE DEC 1    447                       593   -146      280
  SINCE JUL 1    516                       738   -222      302

 COOLING
  YESTERDAY        5                         0      5        3
  MONTH TO DATE   21                         0     21        3
  SINCE DEC 1     21                         2     19        7
  SINCE JAN 1     21                         2     19        3
..................................................................


WIND (MPH)
  RESULTANT WIND SPEED   2   RESULTANT WIND DIRECTION  NW (300)
  HIGHEST WIND SPEED    13   HIGHEST WIND DIRECTION     W (290)
  HIGHEST GUST SPEED    15   HIGHEST GUST DIRECTION    NW (320)
  AVERAGE WIND SPEED     2.2


SKY COVER
  POSSIBLE SUNSHINE  MM
  AVERAGE SKY COVER 0.1


WEATHER CONDITIONS
 THE FOLLOWING WEATHER WAS RECORDED YESTERDAY.
  NO SIGNIFICANT WEATHER WAS OBSERVED.


RELATIVE HUMIDITY (PERCENT)
 HIGHEST    51           500 AM
 LOWEST     10           100 PM
 AVERAGE    31

..........................................................


THE SAN DIEGO/LINDBERGH FIELD CA CLIMATE NORMALS FOR TODAY
                         NORMAL    RECORD    YEAR
 MAXIMUM TEMPERATURE (F)   65        86      2015
                                             1943
 MINIMUM TEMPERATURE (F)   50        35      1880


SUNRISE AND SUNSET
FEBRUARY 12 2016......SUNRISE   635 AM PST   SUNSET   531 PM PST
FEBRUARY 13 2016......SUNRISE   634 AM PST   SUNSET   532 PM PST


-  INDICATES NEGATIVE NUMBERS.
R  INDICATES RECORD WAS SET OR TIED.
MM INDICATES DATA IS MISSING.
T  INDICATES TRACE AMOUNT.




$$
