000
CDUS46 KSGX 230017
CLISAN


CLIMATE REPORT
NATIONAL WEATHER SERVICE SAN DIEGO, CA
517 PM PDT TUE APR 22 2014


...................................

...THE SAN DIEGO/LINDBERGH FIELD CA CLIMATE SUMMARY FOR APRIL 22 2014...
VALID TODAY AS OF 0500 PM LOCAL TIME.

CLIMATE NORMAL PERIOD 1981 TO 2010
CLIMATE RECORD PERIOD 1850 TO 2014


WEATHER ITEM   OBSERVED TIME   RECORD YEAR NORMAL DEPARTURE LAST
                VALUE   (LST)  VALUE       VALUE  FROM      YEAR
                                                  NORMAL
..................................................................
TEMPERATURE (F)
 TODAY
  MAXIMUM         68    359 PM  95    1910  68      0       66
  MINIMUM         60    536 AM  44    1878  57      3       57
  AVERAGE         64                        62      2       62

PRECIPITATION (IN)
  TODAY            0.00          0.46 1914   0.02  -0.02     0.00
  MONTH TO DATE    0.36                      0.64  -0.28     0.01
  SINCE JUL 1      4.89                     10.01  -5.12     6.24
  SINCE JAN 1      2.65                      6.70  -4.05     3.07

SNOWFALL (IN)
  TODAY            0.0
  MONTH TO DATE    0.0
  SINCE JAN 1      0.0
  SINCE JUL 1      0.0
  SNOW DEPTH       0

DEGREE DAYS
 HEATING
  TODAY            1                         3     -2        3
  MONTH TO DATE   32                        89    -57       79
  SINCE MAR 1     72                       267   -195      227
  SINCE JUL 1    528                      1125   -597     1060

 COOLING
  TODAY            0                         1     -1        0
  MONTH TO DATE   28                         4     24        3
  SINCE MAR 1     48                         9     39        6
  SINCE JAN 1     57                        14     43        7
..................................................................


WIND (MPH)
  RESULTANT WIND SPEED   5   RESULTANT WIND DIRECTION  SW (230)
  HIGHEST WIND SPEED    16   HIGHEST WIND DIRECTION     W (270)
  HIGHEST GUST SPEED    23   HIGHEST GUST DIRECTION     W (280)
  AVERAGE WIND SPEED     7.3


SKY COVER
  POSSIBLE SUNSHINE  MM
  AVERAGE SKY COVER 0.9


WEATHER CONDITIONS
 THE FOLLOWING WEATHER WAS RECORDED TODAY.
  NO SIGNIFICANT WEATHER WAS OBSERVED.


RELATIVE HUMIDITY (PERCENT)
 HIGHEST    78          1200 AM
 LOWEST     55           100 PM
 AVERAGE    67

..........................................................


THE SAN DIEGO/LINDBERGH FIELD CA CLIMATE NORMALS FOR TOMORROW
                         NORMAL    RECORD    YEAR
 MAXIMUM TEMPERATURE (F)   68        96      1910
 MINIMUM TEMPERATURE (F)   57        46      1963
                                             1896
                                             1877


SUNRISE AND SUNSET
APRIL 22 2014.........SUNRISE   611 AM PDT   SUNSET   724 PM PDT
APRIL 23 2014.........SUNRISE   610 AM PDT   SUNSET   725 PM PDT


-  INDICATES NEGATIVE NUMBERS.
R  INDICATES RECORD WAS SET OR TIED.
MM INDICATES DATA IS MISSING.
T  INDICATES TRACE AMOUNT.




$$
