000
CDUS44 KEWX 060842
CLISAT


CLIMATE REPORT
NATIONAL WEATHER SERVICE AUSTIN/SAN ANTONIO, TX
242 AM CST SAT FEB 6 2016


...................................

...THE SAN ANTONIO CLIMATE SUMMARY FOR FEBRUARY 5 2016...

CLIMATE NORMAL PERIOD 1981 TO 2010
CLIMATE RECORD PERIOD 1886 TO 2016


WEATHER ITEM   OBSERVED TIME   RECORD YEAR NORMAL DEPARTURE LAST
                VALUE   (LST)  VALUE       VALUE  FROM      YEAR
                                                  NORMAL
..................................................................
TEMPERATURE (F)
 YESTERDAY
  MAXIMUM         62    352 PM  85    2008  65     -3       53
  MINIMUM         31    612 AM  20    1912  42    -11       42
  AVERAGE         47                        54     -7       48

PRECIPITATION (IN)
  YESTERDAY        0.00          1.57 1961   0.06  -0.06      T
  MONTH TO DATE    0.00                      0.31  -0.31     0.30
  SINCE DEC 1      2.86                      3.98  -1.12     5.21
  SINCE JAN 1      1.38                      2.07  -0.69     3.97

SNOWFALL (IN)
  YESTERDAY        0.0
  MONTH TO DATE    0.0
  SINCE DEC 1      0.0
  SINCE JUL 1      0.0
  SNOW DEPTH       0

DEGREE DAYS
 HEATING
  YESTERDAY       18                        12      6       17
  MONTH TO DATE   56                        60     -4       77
  SINCE DEC 1    689                       867   -178      808
  SINCE JUL 1    818                      1078   -260     1055

 COOLING
  YESTERDAY        0                         1     -1        0
  MONTH TO DATE    0                         1     -1        0
  SINCE DEC 1     28                        22      6        7
  SINCE JAN 1      3                         8     -5        0
..................................................................


WIND (MPH)
  HIGHEST WIND SPEED    18   HIGHEST WIND DIRECTION    SE (150)
  HIGHEST GUST SPEED    23   HIGHEST GUST DIRECTION    SE (150)
  AVERAGE WIND SPEED     6.9


SKY COVER
  AVERAGE SKY COVER 0.3


WEATHER CONDITIONS
 THE FOLLOWING WEATHER WAS RECORDED YESTERDAY.
  NO SIGNIFICANT WEATHER WAS OBSERVED.


RELATIVE HUMIDITY (PERCENT)
 HIGHEST    75           300 AM
 LOWEST     31           200 PM
 AVERAGE    53

..........................................................


THE SAN ANTONIO CLIMATE NORMALS FOR TODAY
                         NORMAL    RECORD    YEAR
 MAXIMUM TEMPERATURE (F)   65        83      1925
 MINIMUM TEMPERATURE (F)   43        21      1989
                                             1982


SUNRISE AND SUNSET
FEBRUARY  6 2016......SUNRISE   720 AM CST   SUNSET   616 PM CST
FEBRUARY  7 2016......SUNRISE   720 AM CST   SUNSET   616 PM CST


-  INDICATES NEGATIVE NUMBERS.
R  INDICATES RECORD WAS SET OR TIED.
MM INDICATES DATA IS MISSING.
T  INDICATES TRACE AMOUNT.




$$
