000
CDUS44 KEWX 242345
CLISAT


CLIMATE REPORT
NATIONAL WEATHER SERVICE AUSTIN/SAN ANTONIO, TX
545 PM CST SAT FEB 24 2018


...................................

...THE SAN ANTONIO CLIMATE SUMMARY FOR FEBRUARY 24 2018...
VALID TODAY AS OF 0500 PM LOCAL TIME.

CLIMATE NORMAL PERIOD 1981 TO 2010
CLIMATE RECORD PERIOD 1886 TO 2018


WEATHER ITEM   OBSERVED TIME   RECORD YEAR NORMAL DEPARTURE LAST
                VALUE   (LST)  VALUE       VALUE  FROM      YEAR
                                                  NORMAL
..................................................................
TEMPERATURE (F)
 TODAY
  MAXIMUM         75    304 PM  90    1904  69      6       82
  MINIMUM         67   1212 AM  25    1968  46     21       50
                                      1965
                                      1914
  AVERAGE         71                        58     13       66

PRECIPITATION (IN)
  TODAY            0.07          1.06 1992   0.06   0.01     0.00
  MONTH TO DATE    1.89                      1.52   0.37     3.61
  SINCE DEC 1      6.21                      5.19   1.02    12.55
  SINCE JAN 1      2.17                      3.28  -1.11     6.33

SNOWFALL (IN)
  TODAY            0.0
  MONTH TO DATE    0.0
  SINCE DEC 1      1.9
  SINCE JUL 1      1.9
  SNOW DEPTH       0

DEGREE DAYS
 HEATING
  TODAY            0                         8     -8        0
  MONTH TO DATE  218                       251    -33       81
  SINCE DEC 1   1079                      1058     21      646
  SINCE JUL 1   1211                      1269    -58      704

 COOLING
  TODAY            6                         1      5        1
  MONTH TO DATE   32                        20     12       62
  SINCE DEC 1     50                        41      9      125
  SINCE JAN 1     32                        27      5       83
..................................................................


WIND (MPH)
  HIGHEST WIND SPEED    24   HIGHEST WIND DIRECTION    SE (130)
  HIGHEST GUST SPEED    29   HIGHEST GUST DIRECTION    SE (130)
  AVERAGE WIND SPEED    11.0


SKY COVER
  AVERAGE SKY COVER 1.0


WEATHER CONDITIONS
 THE FOLLOWING WEATHER WAS RECORDED TODAY.
  LIGHT RAIN
  FOG


RELATIVE HUMIDITY (PERCENT)
 HIGHEST    93          1200 AM
 LOWEST     73           400 PM
 AVERAGE    83

..........................................................


THE SAN ANTONIO CLIMATE NORMALS FOR TOMORROW
                         NORMAL    RECORD    YEAR
 MAXIMUM TEMPERATURE (F)   69        92      2008
 MINIMUM TEMPERATURE (F)   47        21      1960


SUNRISE AND SUNSET
FEBRUARY 24 2018......SUNRISE   705 AM CST   SUNSET   630 PM CST
FEBRUARY 25 2018......SUNRISE   704 AM CST   SUNSET   631 PM CST


-  INDICATES NEGATIVE NUMBERS.
R  INDICATES RECORD WAS SET OR TIED.
MM INDICATES DATA IS MISSING.
T  INDICATES TRACE AMOUNT.




$$
