000
CDUS44 KEWX 300803
CLISAT


CLIMATE REPORT
NATIONAL WEATHER SERVICE AUSTIN/SAN ANTONIO, TX
302 AM CDT MON MAY 30 2016


...................................

...THE SAN ANTONIO CLIMATE SUMMARY FOR MAY 29 2016...

CLIMATE NORMAL PERIOD 1981 TO 2010
CLIMATE RECORD PERIOD 1886 TO 2016


WEATHER ITEM   OBSERVED TIME   RECORD YEAR NORMAL DEPARTURE LAST
                VALUE   (LST)  VALUE       VALUE  FROM      YEAR
                                                  NORMAL
..................................................................
TEMPERATURE (F)
 YESTERDAY
  MAXIMUM         88    338 PM 102    1927  90     -2       88
  MINIMUM         68    645 AM  57    1888  70     -2       65
  AVERAGE         78                        80     -2       77

PRECIPITATION (IN)
  YESTERDAY        1.52          3.54 1987   0.15   1.37     0.41
  MONTH TO DATE    6.41                      3.70   2.71     7.83
  SINCE MAR 1     16.16                      8.11   8.05    18.34
  SINCE JAN 1     19.09                     11.66   7.43    22.54

SNOWFALL (IN)
  YESTERDAY        0.0
  MONTH TO DATE    0.0
  SINCE MAR 1      T
  SINCE JUL 1      T
  SNOW DEPTH       0

DEGREE DAYS
 HEATING
  YESTERDAY        0                         0      0        0
  MONTH TO DATE    1                         0      1        0
  SINCE MAR 1     89                       193   -104      179
  SINCE JUL 1   1038                      1494   -456     1494

 COOLING
  YESTERDAY       13                        15     -2       12
  MONTH TO DATE  300                       340    -40      336
  SINCE MAR 1    574                       573      1      607
  SINCE JAN 1    603                       599      4      620
..................................................................


WIND (MPH)
  HIGHEST WIND SPEED    28   HIGHEST WIND DIRECTION     E (90)
  HIGHEST GUST SPEED    33   HIGHEST GUST DIRECTION     E (90)
  AVERAGE WIND SPEED    11.7


SKY COVER
  AVERAGE SKY COVER 0.7


WEATHER CONDITIONS
 THE FOLLOWING WEATHER WAS RECORDED YESTERDAY.
  THUNDERSTORM
  HEAVY RAIN
  LIGHT RAIN
  FOG
  HAZE


RELATIVE HUMIDITY (PERCENT)
 HIGHEST    94           100 AM
 LOWEST     55           300 PM
 AVERAGE    75

..........................................................


THE SAN ANTONIO CLIMATE NORMALS FOR TODAY
                         NORMAL    RECORD    YEAR
 MAXIMUM TEMPERATURE (F)   90        98      2011
                                             2003
                                             1949
 MINIMUM TEMPERATURE (F)   70        55      1992
                                             1984


SUNRISE AND SUNSET
MAY 30 2016...........SUNRISE   635 AM CDT   SUNSET   829 PM CDT
MAY 31 2016...........SUNRISE   634 AM CDT   SUNSET   829 PM CDT


-  INDICATES NEGATIVE NUMBERS.
R  INDICATES RECORD WAS SET OR TIED.
MM INDICATES DATA IS MISSING.
T  INDICATES TRACE AMOUNT.




$$
