163
CDUS44 KEWX 202230
CLISAT


CLIMATE REPORT
NATIONAL WEATHER SERVICE AUSTIN/SAN ANTONIO, TX
430 PM CST MON NOV 20 2017


...................................

...THE SAN ANTONIO CLIMATE SUMMARY FOR NOVEMBER 20 2017...
VALID TODAY AS OF 0400 PM LOCAL TIME.

CLIMATE NORMAL PERIOD 1981 TO 2010
CLIMATE RECORD PERIOD 1886 TO 2017


WEATHER ITEM   OBSERVED TIME   RECORD YEAR NORMAL DEPARTURE LAST
                VALUE   (LST)  VALUE       VALUE  FROM      YEAR
                                                  NORMAL
..................................................................
TEMPERATURE (F)
 TODAY
  MAXIMUM         69    359 PM  85    2011  71     -2       65
  MINIMUM         42    708 AM  26    1969  48     -6       34
  AVERAGE         56                        59     -3       50

PRECIPITATION (IN)
  TODAY            0.00          1.15 2009   0.07  -0.07     0.00
  MONTH TO DATE    0.53                      1.66  -1.13     1.79
  SINCE SEP 1      3.79                      8.80  -5.01     8.25
  SINCE JAN 1     23.29                     29.74  -6.45    37.70

SNOWFALL (IN)
  TODAY            0.0
  MONTH TO DATE    0.0
  SINCE SEP 1      0.0
  SINCE JUL 1      0.0
  SNOW DEPTH       0

DEGREE DAYS
 HEATING
  TODAY            9                         7      2       15
  MONTH TO DATE   48                        93    -45       32
  SINCE SEP 1     94                       126    -32       35
  SINCE JUL 1     94                       126    -32       35

 COOLING
  TODAY            0                         1     -1        0
  MONTH TO DATE  138                        52     86       95
  SINCE SEP 1    799                       716     83      909
  SINCE JAN 1   3448                      3107    341     3335
..................................................................


WIND (MPH)
  HIGHEST WIND SPEED    MM   HIGHEST WIND DIRECTION    MM
  HIGHEST GUST SPEED    MM   HIGHEST GUST DIRECTION    MM
  AVERAGE WIND SPEED     5.7


SKY COVER
  AVERAGE SKY COVER 0.5


WEATHER CONDITIONS
 THE FOLLOWING WEATHER WAS RECORDED TODAY.
  NO SIGNIFICANT WEATHER WAS OBSERVED.


RELATIVE HUMIDITY (PERCENT)
 HIGHEST    82           500 AM
 LOWEST     24           200 PM
 AVERAGE    53

..........................................................


THE SAN ANTONIO CLIMATE NORMALS FOR TOMORROW
                         NORMAL    RECORD    YEAR
 MAXIMUM TEMPERATURE (F)   70        88      2007
 MINIMUM TEMPERATURE (F)   48        26      1906


SUNRISE AND SUNSET
NOVEMBER 20 2017......SUNRISE   702 AM CST   SUNSET   536 PM CST
NOVEMBER 21 2017......SUNRISE   703 AM CST   SUNSET   536 PM CST


-  INDICATES NEGATIVE NUMBERS.
R  INDICATES RECORD WAS SET OR TIED.
MM INDICATES DATA IS MISSING.
T  INDICATES TRACE AMOUNT.




$$
