000
CDUS44 KEWX 022253
CLISAT


CLIMATE REPORT
NATIONAL WEATHER SERVICE AUSTIN/SAN ANTONIO, TX
552 PM CDT MON MAY 2 2016


...................................

...THE SAN ANTONIO CLIMATE SUMMARY FOR MAY 2 2016...
VALID TODAY AS OF 552 PM LOCAL TIME.

CLIMATE NORMAL PERIOD 1981 TO 2010
CLIMATE RECORD PERIOD 1886 TO 2016


WEATHER ITEM   OBSERVED TIME   RECORD YEAR NORMAL DEPARTURE LAST
                VALUE   (LST)  VALUE       VALUE  FROM      YEAR
                                                  NORMAL
..................................................................
TEMPERATURE (F)
 TODAY
  MAXIMUM         70    118 AM  99    1964  84    -14       82
  MINIMUM         62    350 PM  47    1976  63     -1       57
                                      1909
  AVERAGE         66                        73     -7       70

PRECIPITATION (IN)
  TODAY            0.00          2.36 1886   0.10  -0.10     0.00
  MONTH TO DATE    0.01                      0.21  -0.20     0.00
  SINCE MAR 1      9.76                      4.62   5.14    10.51
  SINCE JAN 1     12.69                      8.17   4.52    14.71

SNOWFALL (IN)
  TODAY            0.0
  MONTH TO DATE    0.0
  SINCE MAR 1      0.0
  SINCE JUL 1      0.0
  SNOW DEPTH       0

DEGREE DAYS
 HEATING
  TODAY            0                         0      0        0
  MONTH TO DATE    0                         0      0        0
  SINCE MAR 1     88                       193   -105      179
  SINCE JUL 1   1037                      1494   -457     1494

 COOLING
  TODAY            1                         9     -8        5
  MONTH TO DATE   10                        17     -7        8
  SINCE MAR 1    282                       250     32      279
  SINCE JAN 1    311                       276     35      292
..................................................................


WIND (MPH)
  HIGHEST WIND SPEED    25   HIGHEST WIND DIRECTION     N (20)
  HIGHEST GUST SPEED    31   HIGHEST GUST DIRECTION     N (10)
  AVERAGE WIND SPEED    17.1


SKY COVER
  AVERAGE SKY COVER 1.0


WEATHER CONDITIONS
 THE FOLLOWING WEATHER WAS RECORDED TODAY.
  NO SIGNIFICANT WEATHER WAS OBSERVED.


RELATIVE HUMIDITY (PERCENT)
 HIGHEST    67           100 PM
 LOWEST     53           100 AM
 AVERAGE    60

..........................................................


THE SAN ANTONIO CLIMATE NORMALS FOR TOMORROW
                         NORMAL    RECORD    YEAR
 MAXIMUM TEMPERATURE (F)   84        98      1984
 MINIMUM TEMPERATURE (F)   63        45      2013


SUNRISE AND SUNSET
MAY  2 2016...........SUNRISE   650 AM CDT   SUNSET   812 PM CDT
MAY  3 2016...........SUNRISE   650 AM CDT   SUNSET   812 PM CDT


-  INDICATES NEGATIVE NUMBERS.
R  INDICATES RECORD WAS SET OR TIED.
MM INDICATES DATA IS MISSING.
T  INDICATES TRACE AMOUNT.




$$
