000
CDUS44 KEWX 262224
CLISAT


CLIMATE REPORT
NATIONAL WEATHER SERVICE AUSTIN/SAN ANTONIO, TX
523 PM CDT TUE JUL 26 2016


...................................

...THE SAN ANTONIO CLIMATE SUMMARY FOR JULY 26 2016...
VALID TODAY AS OF 520 PM LOCAL TIME.

CLIMATE NORMAL PERIOD 1981 TO 2010
CLIMATE RECORD PERIOD 1886 TO 2016


WEATHER ITEM   OBSERVED TIME   RECORD YEAR NORMAL DEPARTURE LAST
                VALUE   (LST)  VALUE       VALUE  FROM      YEAR
                                                  NORMAL
..................................................................
TEMPERATURE (F)
 TODAY
  MAXIMUM         89   1144 AM 106    1954  96     -7       97
  MINIMUM         73    215 AM  67    1904  75     -2       77
  AVERAGE         81                        85     -4       87

PRECIPITATION (IN)
  TODAY            T             2.23 2010   0.06  -0.06     0.00
  MONTH TO DATE    0.15                      2.45  -2.30     0.07
  SINCE JUN 1      2.54                      6.59  -4.05     6.49
  SINCE JAN 1     24.36                     18.56   5.80    29.77

SNOWFALL (IN)
  TODAY            0.0
  MONTH TO DATE    0.0
  SINCE JUN 1      0.0
  SINCE JUL 1      0.0
  SNOW DEPTH       0

DEGREE DAYS
 HEATING
  TODAY            0                         0      0        0
  MONTH TO DATE    0                         0      0        0
  SINCE JUN 1      0                         0      0        0
  SINCE JUL 1      0                         0      0        0

 COOLING
  TODAY           16                        20     -4       22
  MONTH TO DATE  590                       506     84      529
  SINCE JUN 1   1109                      1029     80     1035
  SINCE JAN 1   1734                      1658     76     1680
..................................................................


WIND (MPH)
  HIGHEST WIND SPEED    24   HIGHEST WIND DIRECTION     E (110)
  HIGHEST GUST SPEED    27   HIGHEST GUST DIRECTION     E (110)
  AVERAGE WIND SPEED     6.2


SKY COVER
  AVERAGE SKY COVER 0.6


WEATHER CONDITIONS
 THE FOLLOWING WEATHER WAS RECORDED TODAY.
  THUNDERSTORM
  LIGHT RAIN


RELATIVE HUMIDITY (PERCENT)
 HIGHEST    93           100 AM
 LOWEST     59          1200 PM
 AVERAGE    76

..........................................................


THE SAN ANTONIO CLIMATE NORMALS FOR TOMORROW
                         NORMAL    RECORD    YEAR
 MAXIMUM TEMPERATURE (F)   96       106      1954
 MINIMUM TEMPERATURE (F)   75        66      1903


SUNRISE AND SUNSET
JULY 26 2016..........SUNRISE   651 AM CDT   SUNSET   830 PM CDT
JULY 27 2016..........SUNRISE   651 AM CDT   SUNSET   829 PM CDT


-  INDICATES NEGATIVE NUMBERS.
R  INDICATES RECORD WAS SET OR TIED.
MM INDICATES DATA IS MISSING.
T  INDICATES TRACE AMOUNT.




$$
