000
CDUS46 KLOX 260905
CLISBA


CLIMATE REPORT
NATIONAL WEATHER SERVICE LOS ANGELES/OXNARD CA
205 AM PDT TUE JUL 26 2016


...................................

...THE SANTA BARBARA AIRPORT CA CLIMATE SUMMARY FOR JULY 25 2016...

CLIMATE NORMAL PERIOD 1981 TO 2010
CLIMATE RECORD PERIOD 1940 TO 2016


WEATHER ITEM   OBSERVED TIME   RECORD YEAR NORMAL DEPARTURE LAST
                VALUE   (LST)  VALUE       VALUE  FROM      YEAR
                                                  NORMAL
..................................................................
TEMPERATURE (F)
 YESTERDAY
  MAXIMUM         78    142 PM  89    1977  74      4       81
  MINIMUM         61   1053 PM  52    1986  58      3       61
  AVERAGE         70                        66      4       71

PRECIPITATION (IN)
  YESTERDAY        0.00          T    2001   0.00   0.00     0.00
  MONTH TO DATE    0.00                      0.03  -0.03     0.01
  SINCE OCT 1     10.21                     17.38  -7.17     9.63
  SINCE JAN 1      9.33                     12.08  -2.75     3.34

SNOWFALL (IN)
  YESTERDAY        0.0
  MONTH TO DATE    0.0
  SINCE JUN 1      0.0
  SINCE JUL 1      0.0

DEGREE DAYS
 HEATING
  YESTERDAY        0                         1     -1        0
  MONTH TO DATE   15                        25    -10        0
  SINCE JUN 1     87                       115    -28       30
  SINCE JUL 1     15                        25    -10        0

 COOLING
  YESTERDAY        5                         2      3        6
  MONTH TO DATE   44                        38      6       95
  SINCE JUN 1     65                        52     13      119
  SINCE JAN 1     75                        66      9      157
..................................................................


WIND (MPH)
  HIGHEST WIND SPEED    18   HIGHEST WIND DIRECTION     W (260)
  HIGHEST GUST SPEED    22   HIGHEST GUST DIRECTION     W (250)
  AVERAGE WIND SPEED     5.4


SKY COVER
  POSSIBLE SUNSHINE  MM
  AVERAGE SKY COVER 0.5


WEATHER CONDITIONS
 THE FOLLOWING WEATHER WAS RECORDED YESTERDAY.
  FOG


RELATIVE HUMIDITY (PERCENT)
 HIGHEST   100          1200 AM
 LOWEST     64          1200 PM
 AVERAGE    82

..........................................................


THE SANTA BARBARA AIRPORT CA CLIMATE NORMALS FOR TODAY
                         NORMAL    RECORD    YEAR
 MAXIMUM TEMPERATURE (F)   74        96      1977
 MINIMUM TEMPERATURE (F)   58        50      1965


SUNRISE AND SUNSET
JULY 26 2016..........SUNRISE   606 AM PDT   SUNSET   805 PM PDT
JULY 27 2016..........SUNRISE   607 AM PDT   SUNSET   805 PM PDT


-  INDICATES NEGATIVE NUMBERS.
R  INDICATES RECORD WAS SET OR TIED.
MM INDICATES DATA IS MISSING.
T  INDICATES TRACE AMOUNT.




$$
