000
CDUS46 KLOX 010904
CLISBA


CLIMATE REPORT
NATIONAL WEATHER SERVICE LOS ANGELES/OXNARD CA
204 AM PDT MON SEP 1 2014


...................................

...THE SANTA BARBARA AIRPORT CA CLIMATE SUMMARY FOR AUGUST 31 2014...

CLIMATE NORMAL PERIOD 1981 TO 2010
CLIMATE RECORD PERIOD 1940 TO 2014


WEATHER ITEM   OBSERVED TIME   RECORD YEAR NORMAL DEPARTURE LAST
                VALUE   (LST)  VALUE       VALUE  FROM      YEAR
                                                  NORMAL
..................................................................
TEMPERATURE (F)
 YESTERDAY
  MAXIMUM         78   1106 AM  94    1955  75      3       86
  MINIMUM         60    549 AM  48    1941  57      3       66
  AVERAGE         69                        66      3       76

PRECIPITATION (IN)
  YESTERDAY        0.00          T    1994   0.00   0.00     0.00
  MONTH TO DATE    0.01                      0.12  -0.11     0.00
  SINCE JUL 1      0.02                      0.15  -0.13     0.07
  SINCE JAN 1      5.22                     12.20  -6.98     3.42

SNOWFALL (IN)
  YESTERDAY        0.0
  MONTH TO DATE    0.0
  SINCE JUN 1      0.0
  SINCE JUL 1      0.0

DEGREE DAYS
 HEATING
  YESTERDAY        0                         1     -1        0
  MONTH TO DATE    0                        31    -31       21
  SINCE JUN 1     52                       141    -89       73
  SINCE JUL 1      0                        51    -51       30

 COOLING
  YESTERDAY        4                         2      2       11
  MONTH TO DATE   92                        55     37       49
  SINCE JUN 1    263                       113    150      141
  SINCE JAN 1    331                       127    204      198
..................................................................


WIND (MPH)
  HIGHEST WIND SPEED    16   HIGHEST WIND DIRECTION    SE (140)
  HIGHEST GUST SPEED    22   HIGHEST GUST DIRECTION    SE (130)
  AVERAGE WIND SPEED     5.8


SKY COVER
  POSSIBLE SUNSHINE  MM
  AVERAGE SKY COVER 0.0


WEATHER CONDITIONS
 THE FOLLOWING WEATHER WAS RECORDED YESTERDAY.
  FOG


RELATIVE HUMIDITY (PERCENT)
 HIGHEST    90           300 AM
 LOWEST     60           900 AM
 AVERAGE    75

..........................................................


THE SANTA BARBARA AIRPORT CA CLIMATE NORMALS FOR TODAY
                         NORMAL    RECORD    YEAR
 MAXIMUM TEMPERATURE (F)   75        90      1955
 MINIMUM TEMPERATURE (F)   57        48      1941


SUNRISE AND SUNSET
SEPTEMBER  1 2014.....SUNRISE   633 AM PDT   SUNSET   725 PM PDT
SEPTEMBER  2 2014.....SUNRISE   633 AM PDT   SUNSET   724 PM PDT


-  INDICATES NEGATIVE NUMBERS.
R  INDICATES RECORD WAS SET OR TIED.
MM INDICATES DATA IS MISSING.
T  INDICATES TRACE AMOUNT.




$$
