000
CDUS46 KLOX 260902
CLISBA


CLIMATE REPORT
NATIONAL WEATHER SERVICE LOS ANGELES/OXNARD CA
201 AM PDT TUE SEP 26 2017


...................................

...THE SANTA BARBARA AIRPORT CA CLIMATE SUMMARY FOR SEPTEMBER 25 2017...

CLIMATE NORMAL PERIOD 1981 TO 2010
CLIMATE RECORD PERIOD 1940 TO 2017


WEATHER ITEM   OBSERVED TIME   RECORD YEAR NORMAL DEPARTURE LAST
                VALUE   (LST)  VALUE       VALUE  FROM      YEAR
                                                  NORMAL
..................................................................
TEMPERATURE (F)
 YESTERDAY
  MAXIMUM         81    316 PM  98    1978  74      7       96
  MINIMUM         49    527 AM  47    1941  55     -6       53
  AVERAGE         65                        64      1       75

PRECIPITATION (IN)
  YESTERDAY        0.00          0.51 1982   0.02  -0.02     0.00
  MONTH TO DATE    0.22                      0.19   0.03     0.01
  SINCE OCT 1     24.50                     17.69   6.81    10.22
  SINCE JAN 1     19.69                     12.39   7.30     9.34

SNOWFALL (IN)
  YESTERDAY        0.0
  MONTH TO DATE    0.0
  SINCE SEP 1      0.0
  SINCE JUL 1      0.0

DEGREE DAYS
 HEATING
  YESTERDAY        0                         2     -2        0
  MONTH TO DATE   16                        31    -15       36
  SINCE SEP 1     16                        31    -15       36
  SINCE JUL 1     27                        82    -55       58

 COOLING
  YESTERDAY        0                         1     -1       10
  MONTH TO DATE   91                        40     51       40
  SINCE SEP 1     91                        40     51       40
  SINCE JAN 1    316                       167    149      188
..................................................................


WIND (MPH)
  HIGHEST WIND SPEED     9   HIGHEST WIND DIRECTION    SW (240)
  HIGHEST GUST SPEED    18   HIGHEST GUST DIRECTION    SW (240)
  AVERAGE WIND SPEED     2.9


SKY COVER
  POSSIBLE SUNSHINE  MM
  AVERAGE SKY COVER 0.0


WEATHER CONDITIONS
 THE FOLLOWING WEATHER WAS RECORDED YESTERDAY.
  NO SIGNIFICANT WEATHER WAS OBSERVED.


RELATIVE HUMIDITY (PERCENT)
 HIGHEST    93           800 PM
 LOWEST     23          1200 PM
 AVERAGE    58

..........................................................


THE SANTA BARBARA AIRPORT CA CLIMATE NORMALS FOR TODAY
                         NORMAL    RECORD    YEAR
 MAXIMUM TEMPERATURE (F)   74       103      1963
 MINIMUM TEMPERATURE (F)   55        43      1948


SUNRISE AND SUNSET
SEPTEMBER 26 2017.....SUNRISE   650 AM PDT   SUNSET   650 PM PDT
SEPTEMBER 27 2017.....SUNRISE   651 AM PDT   SUNSET   649 PM PDT


-  INDICATES NEGATIVE NUMBERS.
R  INDICATES RECORD WAS SET OR TIED.
MM INDICATES DATA IS MISSING.
T  INDICATES TRACE AMOUNT.




$$
