000
CDUS46 KLOX 210117
CLISBA


CLIMATE REPORT
NATIONAL WEATHER SERVICE LOS ANGELES/OXNARD CA
616 PM PDT THU JUL 20 2017


...................................

...THE SANTA BARBARA AIRPORT CA CLIMATE SUMMARY FOR JULY 20 2017...
VALID TODAY AS OF 0600 PM LOCAL TIME.

CLIMATE NORMAL PERIOD 1981 TO 2010
CLIMATE RECORD PERIOD 1940 TO 2017


WEATHER ITEM   OBSERVED TIME   RECORD YEAR NORMAL DEPARTURE LAST
                VALUE   (LST)  VALUE       VALUE  FROM      YEAR
                                                  NORMAL
..................................................................
TEMPERATURE (F)
 TODAY
  MAXIMUM         76    342 PM  98    1992  74      2       80
  MINIMUM         56    459 AM  49    1987  58     -2       55
  AVERAGE         66                        66      0       68

PRECIPITATION (IN)
  TODAY            0.00          T    2005   0.01  -0.01     0.00
                                      2005
                                      2015
  MONTH TO DATE    0.04                      0.03   0.01     0.00
  SINCE OCT 1     24.27                     17.38   6.89    10.21
  SINCE JAN 1     19.46                     12.08   7.38     9.33

SNOWFALL (IN)
  TODAY            0.0
  MONTH TO DATE    0.0
  SINCE JUN 1      0.0
  SINCE JUL 1      0.0

DEGREE DAYS
 HEATING
  TODAY            0                         1     -1        0
  MONTH TO DATE   11                        20     -9       15
  SINCE JUN 1     50                       110    -60       87
  SINCE JUL 1     11                        20     -9       15

 COOLING
  TODAY            1                         2     -1        3
  MONTH TO DATE   48                        28     20       10
  SINCE JUN 1     66                        42     24       31
  SINCE JAN 1     93                        56     37       41
..................................................................


WIND (MPH)
  HIGHEST WIND SPEED    13   HIGHEST WIND DIRECTION     W (250)
  HIGHEST GUST SPEED    23   HIGHEST GUST DIRECTION     W (270)
  AVERAGE WIND SPEED     5.4


SKY COVER
  POSSIBLE SUNSHINE  MM
  AVERAGE SKY COVER 0.0


WEATHER CONDITIONS
 THE FOLLOWING WEATHER WAS RECORDED TODAY.
  FOG


RELATIVE HUMIDITY (PERCENT)
 HIGHEST   100           400 AM
 LOWEST     54           400 PM
 AVERAGE    77

..........................................................


THE SANTA BARBARA AIRPORT CA CLIMATE NORMALS FOR TOMORROW
                         NORMAL    RECORD    YEAR
 MAXIMUM TEMPERATURE (F)   74        87      1960
 MINIMUM TEMPERATURE (F)   58        47      1943


SUNRISE AND SUNSET
JULY 20 2017..........SUNRISE   602 AM PDT   SUNSET   809 PM PDT
JULY 21 2017..........SUNRISE   602 AM PDT   SUNSET   809 PM PDT


-  INDICATES NEGATIVE NUMBERS.
R  INDICATES RECORD WAS SET OR TIED.
MM INDICATES DATA IS MISSING.
T  INDICATES TRACE AMOUNT.




$$
