000
CDUS46 KLOX 270912
CLISBA


CLIMATE REPORT
NATIONAL WEATHER SERVICE LOS ANGELES/OXNARD CA
212 AM PDT FRI MAR 27 2015


...................................

...THE SANTA BARBARA AIRPORT CA CLIMATE SUMMARY FOR MARCH 26 2015...

CLIMATE NORMAL PERIOD 1981 TO 2010
CLIMATE RECORD PERIOD 1940 TO 2015


WEATHER ITEM   OBSERVED TIME   RECORD YEAR NORMAL DEPARTURE LAST
                VALUE   (LST)  VALUE       VALUE  FROM      YEAR
                                                  NORMAL
..................................................................
TEMPERATURE (F)
 YESTERDAY
  MAXIMUM         88    122 PM  90    1988  66     22       65
  MINIMUM         51    353 AM  36    1961  46      5       53
  AVERAGE         70                        56     14       59

PRECIPITATION (IN)
  YESTERDAY        0.00          0.78 1979   0.07  -0.07      T
  MONTH TO DATE    0.30                      2.81  -2.51     0.83
  SINCE OCT 1      8.82                     15.57  -6.75     5.96
  SINCE JAN 1      2.53                     10.27  -7.74     4.67

SNOWFALL (IN)
  YESTERDAY        0.0
  MONTH TO DATE    0.0
  SINCE MAR 1      0.0
  SINCE JUL 1      0.0

DEGREE DAYS
 HEATING
  YESTERDAY        0                         9     -9        6
  MONTH TO DATE  108                       250   -142      132
  SINCE MAR 1    108                       250   -142      132
  SINCE JUL 1    933                      1851   -918     1367

 COOLING
  YESTERDAY        5                         0      5        0
  MONTH TO DATE   33                         0     33        5
  SINCE MAR 1     33                         0     33        5
  SINCE JAN 1     33                         0     33        5
..................................................................


WIND (MPH)
  HIGHEST WIND SPEED    15   HIGHEST WIND DIRECTION    SW (240)
  HIGHEST GUST SPEED    20   HIGHEST GUST DIRECTION    SW (240)
  AVERAGE WIND SPEED     3.3


SKY COVER
  POSSIBLE SUNSHINE  MM
  AVERAGE SKY COVER 0.0


WEATHER CONDITIONS
 THE FOLLOWING WEATHER WAS RECORDED YESTERDAY.
  NO SIGNIFICANT WEATHER WAS OBSERVED.


RELATIVE HUMIDITY (PERCENT)
 HIGHEST    93           100 AM
 LOWEST     16           100 PM
 AVERAGE    55

..........................................................


THE SANTA BARBARA AIRPORT CA CLIMATE NORMALS FOR TODAY
                         NORMAL    RECORD    YEAR
 MAXIMUM TEMPERATURE (F)   66        85      1988
 MINIMUM TEMPERATURE (F)   46        33      1942


SUNRISE AND SUNSET
MARCH 27 2015.........SUNRISE   654 AM PDT   SUNSET   716 PM PDT
MARCH 28 2015.........SUNRISE   652 AM PDT   SUNSET   717 PM PDT


-  INDICATES NEGATIVE NUMBERS.
R  INDICATES RECORD WAS SET OR TIED.
MM INDICATES DATA IS MISSING.
T  INDICATES TRACE AMOUNT.




$$
