000
CDUS43 KIWX 270526
CLISBN


CLIMATE REPORT
NATIONAL WEATHER SERVICE NORTHERN INDIANA
125 AM EDT WED AUG 27 2014


...................................

...THE SOUTH BEND CLIMATE SUMMARY FOR AUGUST 26 2014...

CLIMATE NORMAL PERIOD 1981 TO 2010
CLIMATE RECORD PERIOD 1893 TO 2014


WEATHER ITEM   OBSERVED TIME   RECORD YEAR NORMAL DEPARTURE LAST
                VALUE   (LST)  VALUE       VALUE  FROM      YEAR
                                                  NORMAL
..................................................................
TEMPERATURE (F)
 YESTERDAY
  MAXIMUM         79   1237 PM  97    1948  80     -1       88
  MINIMUM         66   1153 PM  43    1945  61      5       66
  AVERAGE         73                        70      3       77

PRECIPITATION (IN)
  YESTERDAY        0.06          1.59 1987   0.12  -0.06     0.00
  MONTH TO DATE    1.68                      3.16  -1.48     2.99
  SINCE JUN 1     12.61                     10.95   1.66     9.58
  SINCE JAN 1     27.69                     24.67   3.02    26.88

DEGREE DAYS
 HEATING
  YESTERDAY        0                         1     -1        0
  MONTH TO DATE   10                         3      7       15
  SINCE JUN 1     45                        52     -7       66
  SINCE JUL 1     28                         8     20       29

 COOLING
  YESTERDAY        8                         6      2       12
  MONTH TO DATE  207                       178     29      126
  SINCE JUN 1    563                       596    -33      520
  SINCE JAN 1    648                       652     -4      616
..................................................................


WIND (MPH)
  HIGHEST WIND SPEED    26   HIGHEST WIND DIRECTION    NW (330)
  HIGHEST GUST SPEED    36   HIGHEST GUST DIRECTION    NW (320)
  AVERAGE WIND SPEED     4.4


SKY COVER
  AVERAGE SKY COVER 0.4


WEATHER CONDITIONS
 THE FOLLOWING WEATHER WAS RECORDED YESTERDAY.
  THUNDERSTORM
  LIGHT RAIN
  FOG


RELATIVE HUMIDITY (PERCENT)
 HIGHEST    93           300 PM
 LOWEST     79           900 AM
 AVERAGE    86

..........................................................


THE SOUTH BEND CLIMATE NORMALS FOR TODAY
                         NORMAL    RECORD    YEAR
 MAXIMUM TEMPERATURE (F)   80        96      1948
 MINIMUM TEMPERATURE (F)   60        45      1968


SUNRISE AND SUNSET
AUGUST 27 2014........SUNRISE   706 AM EDT   SUNSET   827 PM EDT
AUGUST 28 2014........SUNRISE   707 AM EDT   SUNSET   825 PM EDT


-  INDICATES NEGATIVE NUMBERS.
R  INDICATES RECORD WAS SET OR TIED.
MM INDICATES DATA IS MISSING.
T  INDICATES TRACE AMOUNT.




$$
