000
CDUS43 KIWX 290521
CLISBN


CLIMATE REPORT
NATIONAL WEATHER SERVICE NORTHERN INDIANA
121 AM EDT SAT JUL 29 2017


...................................

...THE SOUTH BEND CLIMATE SUMMARY FOR JULY 28 2017...

CLIMATE NORMAL PERIOD 1981 TO 2010
CLIMATE RECORD PERIOD 1893 TO 2017


WEATHER ITEM   OBSERVED TIME   RECORD YEAR NORMAL DEPARTURE LAST
                VALUE   (LST)  VALUE       VALUE  FROM      YEAR
                                                  NORMAL
..................................................................
TEMPERATURE (F)
 YESTERDAY
  MAXIMUM         80    425 PM 100    1983  82     -2       86
  MINIMUM         62   1159 PM  47    1925  63     -1       68
  AVERAGE         71                        73     -2       77

PRECIPITATION (IN)
  YESTERDAY        0.53          1.78 1971   0.13   0.40     0.16
  MONTH TO DATE    3.75                      3.61   0.14     3.10
  SINCE JUN 1      6.17                      7.40  -1.23     6.35
  SINCE JAN 1     25.40                     21.12   4.28    21.46

DEGREE DAYS
 HEATING
  YESTERDAY        0                         0      0        0
  MONTH TO DATE    1                         0      1        8
  SINCE JUN 1     26                        44    -18       43
  SINCE JUL 1      1                         0      1        8

 COOLING
  YESTERDAY        6                         8     -2       12
  MONTH TO DATE  210                       224    -14      245
  SINCE JUN 1    383                       389     -6      421
  SINCE JAN 1    423                       445    -22      490
..................................................................


WIND (MPH)
  HIGHEST WIND SPEED    20   HIGHEST WIND DIRECTION    NE (30)
  HIGHEST GUST SPEED    26   HIGHEST GUST DIRECTION    NE (30)
  AVERAGE WIND SPEED     9.1


SKY COVER
  AVERAGE SKY COVER 0.3


WEATHER CONDITIONS
 THE FOLLOWING WEATHER WAS RECORDED YESTERDAY.
  HEAVY RAIN
  RAIN
  LIGHT RAIN
  FOG


RELATIVE HUMIDITY (PERCENT)
 HIGHEST    93           500 AM
 LOWEST     45           300 PM
 AVERAGE    69

..........................................................


THE SOUTH BEND CLIMATE NORMALS FOR TODAY
                         NORMAL    RECORD    YEAR
 MAXIMUM TEMPERATURE (F)   82       102      1916
 MINIMUM TEMPERATURE (F)   63        46      1928


SUNRISE AND SUNSET
JULY 29 2017..........SUNRISE   637 AM EDT   SUNSET   906 PM EDT
JULY 30 2017..........SUNRISE   638 AM EDT   SUNSET   905 PM EDT


-  INDICATES NEGATIVE NUMBERS.
R  INDICATES RECORD WAS SET OR TIED.
MM INDICATES DATA IS MISSING.
T  INDICATES TRACE AMOUNT.




$$
