107
CDUS41 KAKQ 182245
CLISBY


CLIMATE REPORT
NATIONAL WEATHER SERVICE WAKEFIELD, VA
545 PM EST SAT NOV 18 2017


...................................

...THE SALISBURY MD CLIMATE SUMMARY FOR NOVEMBER 18 2017...
VALID TODAY AS OF 0500 PM LOCAL TIME.

CLIMATE NORMAL PERIOD 1981 TO 2010
CLIMATE RECORD PERIOD 1900 TO 2017


WEATHER ITEM   OBSERVED TIME   RECORD YEAR NORMAL DEPARTURE LAST
                VALUE   (LST)  VALUE       VALUE  FROM      YEAR
                                                  NORMAL
..................................................................
TEMPERATURE (F)
 TODAY
  MAXIMUM         63    225 PM  78    1928  58      5       68
                                      1921
  MINIMUM         29    532 AM  19    1914  37     -8       33
  AVERAGE         46

PRECIPITATION (IN)
  TODAY            0.00          1.02 1962   0.11  -0.11     0.00
  MONTH TO DATE    1.27                      2.01  -0.74     0.36
  SINCE SEP 1      7.26                      9.48  -2.22    17.26
  SINCE JAN 1     49.32                     40.55   8.77    51.32

SNOWFALL (IN)
  TODAY            0.0
  MONTH TO DATE    0.0
  SINCE NOV 1      0.0
  SINCE JUL 1      0.0
  SNOW DEPTH       0

DEGREE DAYS
 HEATING
  TODAY           19
  MONTH TO DATE  264
  SINCE SEP 1    432
  SINCE JUL 1    432

 COOLING
  TODAY            0
  MONTH TO DATE    1
  SINCE SEP 1    248
  SINCE JAN 1   1415
..................................................................


WIND (MPH)
  RESULTANT WIND SPEED   7   RESULTANT WIND DIRECTION   S (190)
  HIGHEST WIND SPEED    24   HIGHEST WIND DIRECTION     S (200)
  HIGHEST GUST SPEED    32   HIGHEST GUST DIRECTION     S (190)


SKY COVER
  POSSIBLE SUNSHINE  MM
  AVERAGE SKY COVER 0.0


WEATHER CONDITIONS
 THE FOLLOWING WEATHER WAS RECORDED TODAY.
  NO SIGNIFICANT WEATHER WAS OBSERVED.


RELATIVE HUMIDITY (PERCENT)
 HIGHEST   100
 LOWEST     30
 AVERAGE    65

..........................................................


THE SALISBURY MD CLIMATE NORMALS FOR TOMORROW
                         NORMAL    RECORD    YEAR
 MAXIMUM TEMPERATURE (F)   58        80      1921
 MINIMUM TEMPERATURE (F)   37        17      1936


SUNRISE AND SUNSET
NOVEMBER 18 2017......SUNRISE   647 AM EST   SUNSET   447 PM EST
NOVEMBER 19 2017......SUNRISE   648 AM EST   SUNSET   447 PM EST


-  INDICATES NEGATIVE NUMBERS.
R  INDICATES RECORD WAS SET OR TIED.
MM INDICATES DATA IS MISSING.
T  INDICATES TRACE AMOUNT.




$$
