000
CDUS41 KAKQ 300529
CLISBY


CLIMATE REPORT
NATIONAL WEATHER SERVICE WAKEFIELD, VA
129 AM EDT SAT APR 30 2016


...................................

...THE SALISBURY MD CLIMATE SUMMARY FOR APRIL 29 2016...

CLIMATE NORMAL PERIOD 1981 TO 2010
CLIMATE RECORD PERIOD 1900 TO 2016


WEATHER ITEM   OBSERVED TIME   RECORD YEAR NORMAL DEPARTURE LAST
                VALUE   (LST)  VALUE       VALUE  FROM      YEAR
                                                  NORMAL
..................................................................
TEMPERATURE (F)
 YESTERDAY
  MAXIMUM         54    205 PM  89    1974  69    -15       74
  MINIMUM         49    513 AM  31    2006  47      2       43
                                      1948
  AVERAGE         52                        58     -6       59

PRECIPITATION (IN)
  YESTERDAY        0.02          1.16 2013   0.11  -0.09     0.00
  MONTH TO DATE    3.67                      3.46   0.21     3.62
  SINCE MAR 1      5.45                      7.88  -2.43     7.69
  SINCE JAN 1     12.30                     14.84  -2.54    15.41

SNOWFALL (IN)
  YESTERDAY       MM             0.0  2002   0.0   MM
                                      2001
  MONTH TO DATE    1.0                       0.2    0.8
  SINCE NOV 1     19.8                       9.3   10.5
  SINCE JUL 1     19.8                       9.3   10.5
  SNOW DEPTH       0

DEGREE DAYS
 HEATING
  YESTERDAY       13                         8      5        6
  MONTH TO DATE  351                       338     13      310
  SINCE MAR 1    795                       968   -173      979
  SINCE JUL 1   3466                      4273   -807     4192

 COOLING
  YESTERDAY        0                         1     -1        0
  MONTH TO DATE   21                        16      5        7
  SINCE MAR 1     24                        18      6        7
  SINCE JAN 1     24                        18      6        7
..................................................................


WIND (MPH)
  HIGHEST WIND SPEED    15   HIGHEST WIND DIRECTION    NE (50)
  HIGHEST GUST SPEED    18   HIGHEST GUST DIRECTION    NE (50)
  AVERAGE WIND SPEED     9.7


SKY COVER
  POSSIBLE SUNSHINE  MM
  AVERAGE SKY COVER 1.0


WEATHER CONDITIONS
 THE FOLLOWING WEATHER WAS RECORDED YESTERDAY.
  LIGHT RAIN
  FOG


RELATIVE HUMIDITY (PERCENT)
 HIGHEST   100          1200 AM
 LOWEST     83           200 PM
 AVERAGE    92

..........................................................


THE SALISBURY MD CLIMATE NORMALS FOR TODAY
                         NORMAL    RECORD    YEAR
 MAXIMUM TEMPERATURE (F)   69        86      1974
 MINIMUM TEMPERATURE (F)   47        31      1909


SUNRISE AND SUNSET
APRIL 30 2016.........SUNRISE   606 AM EDT   SUNSET   753 PM EDT
MAY  1 2016...........SUNRISE   605 AM EDT   SUNSET   754 PM EDT


-  INDICATES NEGATIVE NUMBERS.
R  INDICATES RECORD WAS SET OR TIED.
MM INDICATES DATA IS MISSING.
T  INDICATES TRACE AMOUNT.




$$
