000
CDUS41 KAKQ 240545
CLISBY


CLIMATE REPORT
NATIONAL WEATHER SERVICE WAKEFIELD, VA
145 AM EDT WED MAY 24 2017


...................................

...THE SALISBURY MD CLIMATE SUMMARY FOR MAY 23 2017...

CLIMATE NORMAL PERIOD 1981 TO 2010
CLIMATE RECORD PERIOD 1900 TO 2017


WEATHER ITEM   OBSERVED TIME   RECORD YEAR NORMAL DEPARTURE LAST
                VALUE   (LST)  VALUE       VALUE  FROM      YEAR
                                                  NORMAL
..................................................................
TEMPERATURE (F)
 YESTERDAY
  MAXIMUM         66   1223 AM  96    1925  75     -9       69
                                      1911
  MINIMUM         56   1047 PM  33    2002  54      2       55
  AVERAGE         61                        64     -3       62

PRECIPITATION (IN)
  YESTERDAY        0.24          1.80 1951   0.13   0.11     0.01
  MONTH TO DATE    4.03                      2.60   1.43     4.50
  SINCE MAR 1     10.68                     10.57   0.11     9.95
  SINCE JAN 1     15.48                     17.53  -2.05    16.80

SNOWFALL (IN)
  YESTERDAY        0.0           0.0  2002   0.0    0.0
                                      2001
  MONTH TO DATE    0.0                       0.0    0.0
  SINCE NOV 1      9.6                       9.3    0.3
  SINCE JUL 1      9.6                       9.3    0.3
  SNOW DEPTH       0

DEGREE DAYS
 HEATING
  YESTERDAY        4                         3      1        3
  MONTH TO DATE  125                       121      4      159
  SINCE MAR 1    929                      1096   -167      965
  SINCE JUL 1   3680                      4401   -721     3636

 COOLING
  YESTERDAY        0                         3     -3        0
  MONTH TO DATE   49                        38     11        2
  SINCE MAR 1    119                        55     64       26
  SINCE JAN 1    119                        55     64       26
..................................................................


WIND (MPH)
  HIGHEST WIND SPEED    16   HIGHEST WIND DIRECTION     E (70)
  HIGHEST GUST SPEED    20   HIGHEST GUST DIRECTION     E (70)
  AVERAGE WIND SPEED     8.9


SKY COVER
  POSSIBLE SUNSHINE  MM
  AVERAGE SKY COVER 0.9


WEATHER CONDITIONS
 THE FOLLOWING WEATHER WAS RECORDED YESTERDAY.
  RAIN
  LIGHT RAIN
  FOG


RELATIVE HUMIDITY (PERCENT)
 HIGHEST   100          1200 AM
 LOWEST     78          1200 PM
 AVERAGE    89

..........................................................


THE SALISBURY MD CLIMATE NORMALS FOR TODAY
                         NORMAL    RECORD    YEAR
 MAXIMUM TEMPERATURE (F)   76        91      1992
                                             1964
                                             1936
 MINIMUM TEMPERATURE (F)   54        38      1926


SUNRISE AND SUNSET
MAY 24 2017...........SUNRISE   544 AM EDT   SUNSET   814 PM EDT
MAY 25 2017...........SUNRISE   543 AM EDT   SUNSET   815 PM EDT


-  INDICATES NEGATIVE NUMBERS.
R  INDICATES RECORD WAS SET OR TIED.
MM INDICATES DATA IS MISSING.
T  INDICATES TRACE AMOUNT.




$$
