000
CDUS41 KAKQ 232321
CLISBY


CLIMATE REPORT
NATIONAL WEATHER SERVICE WAKEFIELD, VA
721 PM EDT TUE SEP 23 2014


...................................

...THE SALISBURY MD CLIMATE SUMMARY FOR SEPTEMBER 23 2014...
VALID TODAY AS OF 0500 PM LOCAL TIME.

CLIMATE NORMAL PERIOD 1981 TO 2010
CLIMATE RECORD PERIOD 1900 TO 2014


WEATHER ITEM   OBSERVED TIME   RECORD YEAR NORMAL DEPARTURE LAST
                VALUE   (LST)  VALUE       VALUE  FROM      YEAR
                                                  NORMAL
..................................................................
TEMPERATURE (F)
 TODAY
  MAXIMUM         68    121 PM  98    1914  76     -8       70
  MINIMUM         49    611 AM  39    1918  55     -6       49
  AVERAGE         59

PRECIPITATION (IN)
  TODAY            0.00          1.52 1924   0.14  -0.14     0.00
  MONTH TO DATE    3.03                      3.04  -0.01     0.77
  SINCE SEP 1      3.03                      3.04  -0.01     0.77
  SINCE JAN 1     23.31                     34.11 -10.80    40.45

SNOWFALL (IN)
  TODAY            0.0
  MONTH TO DATE    0.0
  SINCE NOV 1     22.5
  SINCE JUL 1      0.0
  SNOW DEPTH       0

DEGREE DAYS
 HEATING
  TODAY            6
  MONTH TO DATE    6
  SINCE SEP 1      6
  SINCE JUL 1      6

 COOLING
  TODAY            0
  MONTH TO DATE  192
  SINCE SEP 1    192
  SINCE JAN 1   1314
..................................................................


WIND (MPH)
  RESULTANT WIND SPEED   5   RESULTANT WIND DIRECTION   N (10)
  HIGHEST WIND SPEED    10   HIGHEST WIND DIRECTION     N (10)
  HIGHEST GUST SPEED    15   HIGHEST GUST DIRECTION    NE (60)


SKY COVER
  POSSIBLE SUNSHINE  MM
  AVERAGE SKY COVER 0.0


WEATHER CONDITIONS
 THE FOLLOWING WEATHER WAS RECORDED TODAY.
  NO SIGNIFICANT WEATHER WAS OBSERVED.


RELATIVE HUMIDITY (PERCENT)
 HIGHEST    80
 LOWEST     48
 AVERAGE    64

..........................................................


THE SALISBURY MD CLIMATE NORMALS FOR TOMORROW
                         NORMAL    RECORD    YEAR
 MAXIMUM TEMPERATURE (F)   76        95      2010
 MINIMUM TEMPERATURE (F)   55        39      1974


SUNRISE AND SUNSET
SEPTEMBER 23 2014.....SUNRISE   651 AM EDT   SUNSET   657 PM EDT
SEPTEMBER 24 2014.....SUNRISE   651 AM EDT   SUNSET   656 PM EDT


-  INDICATES NEGATIVE NUMBERS.
R  INDICATES RECORD WAS SET OR TIED.
MM INDICATES DATA IS MISSING.
T  INDICATES TRACE AMOUNT.




$$
