000
CDUS41 KAKQ 200628
CLISBY


CLIMATE REPORT
NATIONAL WEATHER SERVICE WAKEFIELD, VA
127 AM EST SAT JAN 20 2018


...................................

...THE SALISBURY MD CLIMATE SUMMARY FOR JANUARY 19 2018...

CLIMATE NORMAL PERIOD 1981 TO 2010
CLIMATE RECORD PERIOD 1900 TO 2018


WEATHER ITEM   OBSERVED TIME   RECORD YEAR NORMAL DEPARTURE LAST
                VALUE   (LST)  VALUE       VALUE  FROM      YEAR
                                                  NORMAL
..................................................................
TEMPERATURE (F)
 YESTERDAY
  MAXIMUM         52    341 PM  68    1973  44      8       51
                                      1929
  MINIMUM         19    703 AM  -3    1957  27     -8       32
  AVERAGE         36                        35      1       42

PRECIPITATION (IN)
  YESTERDAY        0.00          2.23 1987   0.11  -0.11     0.00
  MONTH TO DATE    1.15                      2.16  -1.01     2.06
  SINCE DEC 1      2.29                      5.87  -3.58     4.99
  SINCE JAN 1      1.15                      2.16  -1.01     2.06

SNOWFALL (IN)
  YESTERDAY        0.0           8.0  1967   0.1   -0.1
  MONTH TO DATE    9.4                       1.6    7.8
  SINCE NOV 1     16.4                       3.4   13.0
  SINCE JUL 1     16.4                       3.4   13.0
  SNOW DEPTH      MM

DEGREE DAYS
 HEATING
  YESTERDAY       29                        30     -1       23
  MONTH TO DATE  685                       565    120      488
  SINCE DEC 1   1561                      1371    190     1268
  SINCE JUL 1   2232                      2189     43     1928

 COOLING
  YESTERDAY        0                         0      0        0
  MONTH TO DATE    0                         0      0        0
  SINCE DEC 1      0                         0      0        0
  SINCE JAN 1      0                         0      0        0
..................................................................


WIND (MPH)
  HIGHEST WIND SPEED    12   HIGHEST WIND DIRECTION     W (250)
  HIGHEST GUST SPEED    13   HIGHEST GUST DIRECTION    SW (240)
  AVERAGE WIND SPEED     3.3


SKY COVER
  POSSIBLE SUNSHINE  MM
  AVERAGE SKY COVER 0.0


WEATHER CONDITIONS
 THE FOLLOWING WEATHER WAS RECORDED YESTERDAY.
  HAZE


RELATIVE HUMIDITY (PERCENT)
 HIGHEST    84           600 AM
 LOWEST     24           200 PM
 AVERAGE    54

..........................................................


THE SALISBURY MD CLIMATE NORMALS FOR TODAY
                         NORMAL    RECORD    YEAR
 MAXIMUM TEMPERATURE (F)   44        69      1951
 MINIMUM TEMPERATURE (F)   27        -1      1940


SUNRISE AND SUNSET
JANUARY 20 2018.......SUNRISE   715 AM EST   SUNSET   511 PM EST
JANUARY 21 2018.......SUNRISE   715 AM EST   SUNSET   512 PM EST


-  INDICATES NEGATIVE NUMBERS.
R  INDICATES RECORD WAS SET OR TIED.
MM INDICATES DATA IS MISSING.
T  INDICATES TRACE AMOUNT.




$$
