000
CDUS41 KAKQ 192128
CLISBY


CLIMATE REPORT
NATIONAL WEATHER SERVICE WAKEFIELD, VA
528 PM EDT SAT AUG 19 2017


...................................

...THE SALISBURY MD CLIMATE SUMMARY FOR AUGUST 19 2017...
VALID TODAY AS OF 0500 PM LOCAL TIME.

CLIMATE NORMAL PERIOD 1981 TO 2010
CLIMATE RECORD PERIOD 1900 TO 2017


WEATHER ITEM   OBSERVED TIME   RECORD YEAR NORMAL DEPARTURE LAST
                VALUE   (LST)  VALUE       VALUE  FROM      YEAR
                                                  NORMAL
..................................................................
TEMPERATURE (F)
 TODAY
  MAXIMUM         88    354 PM 101    1914  84      4       89
  MINIMUM         73    300 AM  49    2007  65      8       71
  AVERAGE         81

PRECIPITATION (IN)
  TODAY            T             4.20 1985   0.15  -0.15     0.00
  MONTH TO DATE   10.39                      2.89   7.50     1.64
  SINCE JUN 1     23.69                     10.98  12.71    14.27
  SINCE JAN 1     40.22                     29.53  10.69    33.00

SNOWFALL (IN)
  TODAY            0.0
  MONTH TO DATE    0.0
  SINCE NOV 1      9.6
  SINCE JUL 1      0.0
  SNOW DEPTH       0

DEGREE DAYS
 HEATING
  TODAY            0
  MONTH TO DATE    0
  SINCE JUN 1     15
  SINCE JUL 1      0

 COOLING
  TODAY           16
  MONTH TO DATE  209
  SINCE JUN 1    934
  SINCE JAN 1   1072
..................................................................


WIND (MPH)
  RESULTANT WIND SPEED   4   RESULTANT WIND DIRECTION  NW (300)
  HIGHEST WIND SPEED    10   HIGHEST WIND DIRECTION    NW (310)
  HIGHEST GUST SPEED    14   HIGHEST GUST DIRECTION     N (340)


SKY COVER
  POSSIBLE SUNSHINE  MM
  AVERAGE SKY COVER 0.7


WEATHER CONDITIONS
 THE FOLLOWING WEATHER WAS RECORDED TODAY.
  NO SIGNIFICANT WEATHER WAS OBSERVED.


RELATIVE HUMIDITY (PERCENT)
 HIGHEST   100
 LOWEST     55
 AVERAGE    78

..........................................................


THE SALISBURY MD CLIMATE NORMALS FOR TOMORROW
                         NORMAL    RECORD    YEAR
 MAXIMUM TEMPERATURE (F)   84        99      1914
 MINIMUM TEMPERATURE (F)   65        48      1918


SUNRISE AND SUNSET
AUGUST 19 2017........SUNRISE   620 AM EDT   SUNSET   750 PM EDT
AUGUST 20 2017........SUNRISE   621 AM EDT   SUNSET   749 PM EDT


-  INDICATES NEGATIVE NUMBERS.
R  INDICATES RECORD WAS SET OR TIED.
MM INDICATES DATA IS MISSING.
T  INDICATES TRACE AMOUNT.




$$
