000
CDUS41 KAKQ 190835
CLISBY


CLIMATE REPORT
NATIONAL WEATHER SERVICE WAKEFIELD, VA
435 AM EDT SAT APR 19 2014


...................................

...THE SALISBURY MD CLIMATE SUMMARY FOR APRIL 18 2014...

CLIMATE NORMAL PERIOD 1981 TO 2010
CLIMATE RECORD PERIOD 1900 TO 2014


WEATHER ITEM   OBSERVED TIME   RECORD YEAR NORMAL DEPARTURE LAST
                VALUE   (LST)  VALUE       VALUE  FROM      YEAR
                                                  NORMAL
..................................................................
TEMPERATURE (F)
 YESTERDAY
  MAXIMUM         56   1235 PM  90    1976  66    -10       78
  MINIMUM         38    534 AM  26    1928  44     -6       57
  AVERAGE         47                        55     -8       68

PRECIPITATION (IN)
  YESTERDAY        0.00          0.84 1945   0.11  -0.11     0.00
  MONTH TO DATE    1.93                      2.28  -0.35     1.54
  SINCE MAR 1      4.50                      6.70  -2.20     6.39
  SINCE JAN 1      8.48                     13.66  -5.18    13.09

SNOWFALL (IN)
  YESTERDAY        0.0           T    1926   0.0    0.0
  MONTH TO DATE    0.0                       0.2   -0.2
  SINCE NOV 1     22.5                       9.3   13.2
  SINCE JUL 1     22.5                       9.3   13.2
  SNOW DEPTH       0

DEGREE DAYS
 HEATING
  YESTERDAY       18                        11      7        0
  MONTH TO DATE  183                       236    -53      155
  SINCE MAR 1    872                       866      6      852
  SINCE JUL 1   4012                      4171   -159     3630

 COOLING
  YESTERDAY        0                         1     -1        3
  MONTH TO DATE   14                         5      9       38
  SINCE MAR 1     14                         7      7       38
  SINCE JAN 1     14                         7      7       38
..................................................................


WIND (MPH)
  HIGHEST WIND SPEED    14   HIGHEST WIND DIRECTION     E (80)
  HIGHEST GUST SPEED    20   HIGHEST GUST DIRECTION    NE (50)
  AVERAGE WIND SPEED     6.4


SKY COVER
  POSSIBLE SUNSHINE  MM
  AVERAGE SKY COVER 0.3


WEATHER CONDITIONS
 THE FOLLOWING WEATHER WAS RECORDED YESTERDAY.
  NO SIGNIFICANT WEATHER WAS OBSERVED.


RELATIVE HUMIDITY (PERCENT)
 HIGHEST    83           800 PM
 LOWEST     47           100 PM
 AVERAGE    65

..........................................................


THE SALISBURY MD CLIMATE NORMALS FOR TODAY
                         NORMAL    RECORD    YEAR
 MAXIMUM TEMPERATURE (F)   66        90      1985
 MINIMUM TEMPERATURE (F)   44        29      2001


SUNRISE AND SUNSET
APRIL 19 2014.........SUNRISE   621 AM EDT   SUNSET   742 PM EDT
APRIL 20 2014.........SUNRISE   619 AM EDT   SUNSET   743 PM EDT


-  INDICATES NEGATIVE NUMBERS.
R  INDICATES RECORD WAS SET OR TIED.
MM INDICATES DATA IS MISSING.
T  INDICATES TRACE AMOUNT.




$$
