000
CDUS41 KAKQ 160645
CLISBY


CLIMATE REPORT
NATIONAL WEATHER SERVICE WAKEFIELD, VA
145 AM EST MON JAN 16 2017


...................................

...THE SALISBURY MD CLIMATE SUMMARY FOR JANUARY 15 2017...

CLIMATE NORMAL PERIOD 1981 TO 2010
CLIMATE RECORD PERIOD 1900 TO 2017


WEATHER ITEM   OBSERVED TIME   RECORD YEAR NORMAL DEPARTURE LAST
                VALUE   (LST)  VALUE       VALUE  FROM      YEAR
                                                  NORMAL
..................................................................
TEMPERATURE (F)
 YESTERDAY
  MAXIMUM         45    328 PM  75    1932  44      1       57
  MINIMUM         35    919 AM   4    1982  26      9       32
  AVERAGE         40                        35      5       45

PRECIPITATION (IN)
  YESTERDAY        T             1.45 1999   0.12  -0.12     0.99
  MONTH TO DATE    2.03                      1.70   0.33     1.27
  SINCE DEC 1      4.96                      5.41  -0.45     5.76
  SINCE JAN 1      2.03                      1.70   0.33     1.27

SNOWFALL (IN)
  YESTERDAY       MM             5.0  1912   0.2   MM
  MONTH TO DATE    9.1                       1.2    7.9
  SINCE NOV 1      9.1                       3.0    6.1
  SINCE JUL 1      9.1                       3.0    6.1
  SNOW DEPTH       0

DEGREE DAYS
 HEATING
  YESTERDAY       25                        30     -5       20
  MONTH TO DATE  407                       445    -38      413
  SINCE DEC 1   1187                      1251    -64      824
  SINCE JUL 1   1847                      2069   -222     1471

 COOLING
  YESTERDAY        0                         0      0        0
  MONTH TO DATE    0                         0      0        0
  SINCE DEC 1      0                         0      0        9
  SINCE JAN 1      0                         0      0        0
..................................................................


WIND (MPH)
  HIGHEST WIND SPEED    13   HIGHEST WIND DIRECTION    NW (320)
  HIGHEST GUST SPEED    17   HIGHEST GUST DIRECTION     N (340)
  AVERAGE WIND SPEED     5.2


SKY COVER
  POSSIBLE SUNSHINE  MM
  AVERAGE SKY COVER 0.5


WEATHER CONDITIONS
 THE FOLLOWING WEATHER WAS RECORDED YESTERDAY.
  FOG


RELATIVE HUMIDITY (PERCENT)
 HIGHEST   100           100 AM
 LOWEST     49           200 PM
 AVERAGE    75

..........................................................


THE SALISBURY MD CLIMATE NORMALS FOR TODAY
                         NORMAL    RECORD    YEAR
 MAXIMUM TEMPERATURE (F)   44        69      1953
 MINIMUM TEMPERATURE (F)   26         2      1982


SUNRISE AND SUNSET
JANUARY 16 2017.......SUNRISE   717 AM EST   SUNSET   507 PM EST
JANUARY 17 2017.......SUNRISE   717 AM EST   SUNSET   508 PM EST


-  INDICATES NEGATIVE NUMBERS.
R  INDICATES RECORD WAS SET OR TIED.
MM INDICATES DATA IS MISSING.
T  INDICATES TRACE AMOUNT.




$$
