000
CDUS46 KLOX 240908
CLISDB


CLIMATE REPORT
NATIONAL WEATHER SERVICE LOS ANGELES/OXNARD CA
208 AM PDT SAT SEP 24 2016


...................................

...THE SANDBERG CA CLIMATE SUMMARY FOR SEPTEMBER 23 2016...

CLIMATE NORMAL PERIOD 1981 TO 2010
CLIMATE RECORD PERIOD 1934 TO 2016


WEATHER ITEM   OBSERVED TIME   RECORD YEAR NORMAL DEPARTURE LAST
                VALUE   (LST)  VALUE       VALUE  FROM      YEAR
                                                  NORMAL
..................................................................
TEMPERATURE (F)
 YESTERDAY
  MAXIMUM         67    159 PM  93    1949  76     -9       83
  MINIMUM         47    557 AM  38    1986  58    -11       64
  AVERAGE         57                        67    -10       74

PRECIPITATION (IN)
  YESTERDAY        0.00          0.60 1958   0.00   0.00     0.00
  MONTH TO DATE    0.00                      0.11  -0.11     0.82
  SINCE OCT 1      6.93                     12.27  -5.34     9.47
  SINCE JAN 1      5.23                      8.64  -3.41     4.57

DEGREE DAYS
 HEATING
  YESTERDAY        8                         3      5        0
  MONTH TO DATE   33                        37     -4       18
  SINCE SEP 1     33                        37     -4       18
  SINCE JUL 1     33                        54    -21       28

 COOLING
  YESTERDAY        0                         5     -5        9
  MONTH TO DATE  169                       157     12      183
  SINCE SEP 1    169                       157     12      183
  SINCE JAN 1   1513                       914    599     1304
..................................................................


WIND (MPH)
  HIGHEST WIND SPEED    36   HIGHEST WIND DIRECTION    NW (330)
  HIGHEST GUST SPEED    43   HIGHEST GUST DIRECTION    NW (320)
  AVERAGE WIND SPEED    18.9


SKY COVER
  POSSIBLE SUNSHINE  MM
  AVERAGE SKY COVER 0.0


WEATHER CONDITIONS
 THE FOLLOWING WEATHER WAS RECORDED YESTERDAY.
  NO SIGNIFICANT WEATHER WAS OBSERVED.


RELATIVE HUMIDITY (PERCENT)
 HIGHEST    71           600 AM
 LOWEST     26           300 PM
 AVERAGE    49

..........................................................


THE SANDBERG CA CLIMATE NORMALS FOR TODAY
                         NORMAL    RECORD    YEAR
 MAXIMUM TEMPERATURE (F)   76        93      2015
 MINIMUM TEMPERATURE (F)   58        38      1934


SUNRISE AND SUNSET
SEPTEMBER 24 2016.....SUNRISE   645 AM PDT   SUNSET   648 PM PDT
SEPTEMBER 25 2016.....SUNRISE   646 AM PDT   SUNSET   647 PM PDT


-  INDICATES NEGATIVE NUMBERS.
R  INDICATES RECORD WAS SET OR TIED.
MM INDICATES DATA IS MISSING.
T  INDICATES TRACE AMOUNT.




$$
