000
CDUS46 KLOX 210915
CLISDB


CLIMATE REPORT
NATIONAL WEATHER SERVICE LOS ANGELES/OXNARD CA
215 AM PDT THU AUG 21 2014


...................................

...THE SANDBERG CA CLIMATE SUMMARY FOR AUGUST 20 2014...

CLIMATE NORMAL PERIOD 1981 TO 2010
CLIMATE RECORD PERIOD 1948 TO 2014


WEATHER ITEM   OBSERVED TIME   RECORD YEAR NORMAL DEPARTURE LAST
                VALUE   (LST)  VALUE       VALUE  FROM      YEAR
                                                  NORMAL
..................................................................
TEMPERATURE (F)
 YESTERDAY
  MAXIMUM         83    158 PM  96    1950  84     -1       91
  MINIMUM         54    518 AM  43    1959  64    -10       70
  AVERAGE         69                        74     -5       81

PRECIPITATION (IN)
  YESTERDAY        0.00          0.00   MM   0.00   0.00     0.00
  MONTH TO DATE    0.16                      0.02   0.14     0.00
  SINCE JUL 1      0.17                      0.04   0.13     0.06
  SINCE JAN 1      3.75                      8.52  -4.77     2.97

DEGREE DAYS
 HEATING
  YESTERDAY        0                         0      0        0
  MONTH TO DATE    0                         0      0        0
  SINCE JUN 1      7                        92    -85       16
  SINCE JUL 1      0                         8     -8        0

 COOLING
  YESTERDAY        4                         9     -5       16
  MONTH TO DATE  246                       196     50      232
  SINCE JUN 1    916                       614    302      941
  SINCE JAN 1   1066                       659    407     1071
..................................................................


WIND (MPH)
  HIGHEST WIND SPEED    21   HIGHEST WIND DIRECTION    SW (210)
  HIGHEST GUST SPEED    29   HIGHEST GUST DIRECTION    SW (210)
  AVERAGE WIND SPEED    10.3


SKY COVER
  POSSIBLE SUNSHINE  MM
  AVERAGE SKY COVER 0.0


WEATHER CONDITIONS
 THE FOLLOWING WEATHER WAS RECORDED YESTERDAY.
  NO SIGNIFICANT WEATHER WAS OBSERVED.


RELATIVE HUMIDITY (PERCENT)
 HIGHEST    86          1200 AM
 LOWEST     17          1200 PM
 AVERAGE    52

..........................................................


THE SANDBERG CA CLIMATE NORMALS FOR TODAY
                         NORMAL    RECORD    YEAR
 MAXIMUM TEMPERATURE (F)   84        93      1961
 MINIMUM TEMPERATURE (F)   64        41      1968


SUNRISE AND SUNSET
AUGUST 21 2014........SUNRISE   620 AM PDT   SUNSET   736 PM PDT
AUGUST 22 2014........SUNRISE   621 AM PDT   SUNSET   734 PM PDT


-  INDICATES NEGATIVE NUMBERS.
R  INDICATES RECORD WAS SET OR TIED.
MM INDICATES DATA IS MISSING.
T  INDICATES TRACE AMOUNT.




$$
