000
CDUS46 KLOX 200915
CLISDB


CLIMATE REPORT
NATIONAL WEATHER SERVICE LOS ANGELES/OXNARD CA
215 AM PDT SUN AUG 20 2017


...................................

...THE SANDBERG CA CLIMATE SUMMARY FOR AUGUST 19 2017...

CLIMATE NORMAL PERIOD 1981 TO 2010
CLIMATE RECORD PERIOD 1934 TO 2017


WEATHER ITEM   OBSERVED TIME   RECORD YEAR NORMAL DEPARTURE LAST
                VALUE   (LST)  VALUE       VALUE  FROM      YEAR
                                                  NORMAL
..................................................................
TEMPERATURE (F)
 YESTERDAY
  MAXIMUM         86    202 PM  98    1950  85      1       89
  MINIMUM         65   1159 PM  46    1972  64      1       65
  AVERAGE         76                        74      2       77

PRECIPITATION (IN)
  YESTERDAY        0.00          0.20 1983   0.01  -0.01     0.00
  MONTH TO DATE    0.29                      0.02   0.27     0.00
  SINCE OCT 1     13.08                     12.15   0.93     6.93
  SINCE JAN 1      9.24                      8.52   0.72     5.23

DEGREE DAYS
 HEATING
  YESTERDAY        0                         0      0        0
  MONTH TO DATE    1                         0      1        0
  SINCE JUN 1     41                        92    -51       21
  SINCE JUL 1      1                         8     -7        0

 COOLING
  YESTERDAY       11                         9      2       12
  MONTH TO DATE  240                       187     53      290
  SINCE JUN 1   1105                       605    500     1092
  SINCE JAN 1   1250                       650    600     1173
..................................................................


WIND (MPH)
  HIGHEST WIND SPEED    23   HIGHEST WIND DIRECTION     S (180)
  HIGHEST GUST SPEED    28   HIGHEST GUST DIRECTION     S (180)
  AVERAGE WIND SPEED    11.4


SKY COVER
  POSSIBLE SUNSHINE  MM
  AVERAGE SKY COVER 0.0


WEATHER CONDITIONS
 THE FOLLOWING WEATHER WAS RECORDED YESTERDAY.
  NO SIGNIFICANT WEATHER WAS OBSERVED.


RELATIVE HUMIDITY (PERCENT)
 HIGHEST    63          1100 PM
 LOWEST     27           300 PM
 AVERAGE    45

..........................................................


THE SANDBERG CA CLIMATE NORMALS FOR TODAY
                         NORMAL    RECORD    YEAR
 MAXIMUM TEMPERATURE (F)   84        96      1950
 MINIMUM TEMPERATURE (F)   64        43      1959


SUNRISE AND SUNSET
AUGUST 20 2017........SUNRISE   619 AM PDT   SUNSET   736 PM PDT
AUGUST 21 2017........SUNRISE   620 AM PDT   SUNSET   735 PM PDT


-  INDICATES NEGATIVE NUMBERS.
R  INDICATES RECORD WAS SET OR TIED.
MM INDICATES DATA IS MISSING.
T  INDICATES TRACE AMOUNT.




$$
