000
CDUS46 KLOX 040900
CLISDB


CLIMATE REPORT
NATIONAL WEATHER SERVICE LOS ANGELES/OXNARD CA
200 AM PDT SAT JUL 4 2015


...................................

...THE SANDBERG CA CLIMATE SUMMARY FOR JULY 3 2015...

CLIMATE NORMAL PERIOD 1981 TO 2010
CLIMATE RECORD PERIOD 1934 TO 2015


WEATHER ITEM   OBSERVED TIME   RECORD YEAR NORMAL DEPARTURE LAST
                VALUE   (LST)  VALUE       VALUE  FROM      YEAR
                                                  NORMAL
..................................................................
TEMPERATURE (F)
 YESTERDAY
  MAXIMUM         91    102 PM 100    2013  82      9       94
  MINIMUM         65    312 AM  43    1935  62      3       77
  AVERAGE         78                        72      6       86

PRECIPITATION (IN)
  YESTERDAY        0.00          T    2001   0.00   0.00     0.00
  MONTH TO DATE    T                         0.00   0.00     0.00
  SINCE OCT 1      7.39                     12.11  -4.72     4.28
  SINCE JAN 1      2.49                      8.48  -5.99     3.58

DEGREE DAYS
 HEATING
  YESTERDAY        0                         1     -1        0
  MONTH TO DATE    0                         3     -3        0
  SINCE JUN 1     19                        87    -68        7
  SINCE JUL 1      0                         3     -3        0

 COOLING
  YESTERDAY       13                         7      6       21
  MONTH TO DATE   37                        21     16       53
  SINCE JUN 1    377                       152    225      293
  SINCE JAN 1    490                       197    293      443
..................................................................


WIND (MPH)
  HIGHEST WIND SPEED    20   HIGHEST WIND DIRECTION    NW (330)
  HIGHEST GUST SPEED    27   HIGHEST GUST DIRECTION     N (340)
  AVERAGE WIND SPEED    10.8


SKY COVER
  POSSIBLE SUNSHINE  MM
  AVERAGE SKY COVER 0.0


WEATHER CONDITIONS
 THE FOLLOWING WEATHER WAS RECORDED YESTERDAY.
  NO SIGNIFICANT WEATHER WAS OBSERVED.


RELATIVE HUMIDITY (PERCENT)
 HIGHEST    49           300 AM
 LOWEST     21           100 PM
 AVERAGE    35

..........................................................


THE SANDBERG CA CLIMATE NORMALS FOR TODAY
                         NORMAL    RECORD    YEAR
 MAXIMUM TEMPERATURE (F)   82       102      2007
 MINIMUM TEMPERATURE (F)   62        47      1955


SUNRISE AND SUNSET
JULY  4 2015..........SUNRISE   547 AM PDT   SUNSET   812 PM PDT
JULY  5 2015..........SUNRISE   547 AM PDT   SUNSET   812 PM PDT


-  INDICATES NEGATIVE NUMBERS.
R  INDICATES RECORD WAS SET OR TIED.
MM INDICATES DATA IS MISSING.
T  INDICATES TRACE AMOUNT.




$$
