000
CDUS46 KLOX 010904
CLISDB


CLIMATE REPORT
NATIONAL WEATHER SERVICE LOS ANGELES/OXNARD CA
203 AM PDT WED OCT 1 2014


...................................

...THE SANDBERG CA CLIMATE SUMMARY FOR SEPTEMBER 30 2014...

CLIMATE NORMAL PERIOD 1981 TO 2010
CLIMATE RECORD PERIOD 1934 TO 2014


WEATHER ITEM   OBSERVED TIME   RECORD YEAR NORMAL DEPARTURE LAST
                VALUE   (LST)  VALUE       VALUE  FROM      YEAR
                                                  NORMAL
..................................................................
TEMPERATURE (F)
 YESTERDAY
  MAXIMUM         80   1148 AM  91    1980  74      6       74
  MINIMUM         57   1239 AM  37    2009  56      1       54
                                      1971
  AVERAGE         69                        65      4       64

PRECIPITATION (IN)
  YESTERDAY        0.00          0.11 1981   0.01  -0.01     0.00
  MONTH TO DATE    T                         0.17  -0.17     0.02
  SINCE JUL 1      0.17                      0.22  -0.05     0.08
  SINCE JAN 1      3.75                      8.70  -4.95     2.99

DEGREE DAYS
 HEATING
  YESTERDAY        0                         4     -4        1
  MONTH TO DATE   21                        62    -41       47
  SINCE SEP 1     21                        61    -40       47
  SINCE JUL 1     21                        78    -57       47

 COOLING
  YESTERDAY        4                         4      0        0
  MONTH TO DATE  331                       189    142      278
  SINCE SEP 1    331                       189    142      278
  SINCE JAN 1   1511                       946    565     1510
..................................................................


WIND (MPH)
  HIGHEST WIND SPEED    22   HIGHEST WIND DIRECTION    NW (330)
  HIGHEST GUST SPEED    27   HIGHEST GUST DIRECTION     N (350)
  AVERAGE WIND SPEED    11.0


SKY COVER
  POSSIBLE SUNSHINE  MM
  AVERAGE SKY COVER 0.0


WEATHER CONDITIONS
 THE FOLLOWING WEATHER WAS RECORDED YESTERDAY.
  NO SIGNIFICANT WEATHER WAS OBSERVED.


RELATIVE HUMIDITY (PERCENT)
 HIGHEST    55          1000 PM
 LOWEST     16          1200 PM
 AVERAGE    36

..........................................................


THE SANDBERG CA CLIMATE NORMALS FOR TODAY
                         NORMAL    RECORD    YEAR
 MAXIMUM TEMPERATURE (F)   73        92      2012
                                             1980
 MINIMUM TEMPERATURE (F)   56        34      1971


SUNRISE AND SUNSET
OCTOBER  1 2014.......SUNRISE   650 AM PDT   SUNSET   639 PM PDT
OCTOBER  2 2014.......SUNRISE   650 AM PDT   SUNSET   637 PM PDT


-  INDICATES NEGATIVE NUMBERS.
R  INDICATES RECORD WAS SET OR TIED.
MM INDICATES DATA IS MISSING.
T  INDICATES TRACE AMOUNT.




$$
