863
CDUS46 KLOX 300905
CLISDB


CLIMATE REPORT
NATIONAL WEATHER SERVICE LOS ANGELES/OXNARD CA
205 AM PDT TUE AUG 30 2016


...................................

...THE SANDBERG CA CLIMATE SUMMARY FOR AUGUST 29 2016...

CLIMATE NORMAL PERIOD 1981 TO 2010
CLIMATE RECORD PERIOD 1934 TO 2016


WEATHER ITEM   OBSERVED TIME   RECORD YEAR NORMAL DEPARTURE LAST
                VALUE   (LST)  VALUE       VALUE  FROM      YEAR
                                                  NORMAL
..................................................................
TEMPERATURE (F)
 YESTERDAY
  MAXIMUM         95   1256 PM  97    2007  83     12       87
  MINIMUM         73    531 AM  42    1942  63     10       68
  AVERAGE         84                        73     11       78

PRECIPITATION (IN)
  YESTERDAY        0.00          0.05 2000   0.00   0.00     0.00
  MONTH TO DATE    0.00                      0.03  -0.03     0.00
  SINCE OCT 1      6.93                     12.16  -5.23     8.65
  SINCE JAN 1      5.23                      8.53  -3.30     3.75

DEGREE DAYS
 HEATING
  YESTERDAY        0                         1     -1        0
  MONTH TO DATE    0                         3     -3        0
  SINCE JUN 1     21                        95    -74       29
  SINCE JUL 1      0                        11    -11       10

 COOLING
  YESTERDAY       19                         9     10       13
  MONTH TO DATE  424                       277    147      409
  SINCE JUN 1   1226                       695    531      995
  SINCE JAN 1   1307                       740    567     1108
..................................................................


WIND (MPH)
  HIGHEST WIND SPEED    30   HIGHEST WIND DIRECTION     N (340)
  HIGHEST GUST SPEED    37   HIGHEST GUST DIRECTION     N (350)
  AVERAGE WIND SPEED    15.9


SKY COVER
  POSSIBLE SUNSHINE  MM
  AVERAGE SKY COVER 0.0


WEATHER CONDITIONS
 THE FOLLOWING WEATHER WAS RECORDED YESTERDAY.
  NO SIGNIFICANT WEATHER WAS OBSERVED.


RELATIVE HUMIDITY (PERCENT)
 HIGHEST    31           600 AM
 LOWEST      7          1100 AM
 AVERAGE    19

..........................................................


THE SANDBERG CA CLIMATE NORMALS FOR TODAY
                         NORMAL    RECORD    YEAR
 MAXIMUM TEMPERATURE (F)   83        96      1998
 MINIMUM TEMPERATURE (F)   63        42      1957


SUNRISE AND SUNSET
AUGUST 30 2016........SUNRISE   627 AM PDT   SUNSET   723 PM PDT
AUGUST 31 2016........SUNRISE   628 AM PDT   SUNSET   722 PM PDT


-  INDICATES NEGATIVE NUMBERS.
R  INDICATES RECORD WAS SET OR TIED.
MM INDICATES DATA IS MISSING.
T  INDICATES TRACE AMOUNT.




$$
