669
CDUS46 KLOX 220857
CLISDB


CLIMATE REPORT
NATIONAL WEATHER SERVICE LOS ANGELES/OXNARD CA
157 AM PDT FRI MAY 22 2015


...................................

...THE SANDBERG CA CLIMATE SUMMARY FOR MAY 21 2015...

CLIMATE NORMAL PERIOD 1981 TO 2010
CLIMATE RECORD PERIOD 1934 TO 2015


WEATHER ITEM   OBSERVED TIME   RECORD YEAR NORMAL DEPARTURE LAST
                VALUE   (LST)  VALUE       VALUE  FROM      YEAR
                                                  NORMAL
..................................................................
TEMPERATURE (F)
 YESTERDAY
  MAXIMUM         58   1159 AM  88    2001  69    -11       66
  MINIMUM         44   1156 PM  31    1971  50     -6       45
  AVERAGE         51                        59     -8       56

PRECIPITATION (IN)
  YESTERDAY        T             0.08 2006   0.00   0.00      T
  MONTH TO DATE    0.16                      0.33  -0.17      T
  SINCE OCT 1      7.18                     11.97  -4.79     4.28
  SINCE JAN 1      2.28                      8.34  -6.06     3.58

DEGREE DAYS
 HEATING
  YESTERDAY       14                         7      7        9
  MONTH TO DATE  212                       192     20      116
  SINCE MAR 1    718                      1208   -490      724
  SINCE JUL 1   2349                      3967  -1618     2509

 COOLING
  YESTERDAY        0                         1     -1        0
  MONTH TO DATE   10                        19     -9       62
  SINCE MAR 1     65                        27     38       86
  SINCE JAN 1     68                        27     41       93
..................................................................


WIND (MPH)
  HIGHEST WIND SPEED    21   HIGHEST WIND DIRECTION     S (160)
  HIGHEST GUST SPEED    27   HIGHEST GUST DIRECTION     S (180)
  AVERAGE WIND SPEED    11.1


SKY COVER
  POSSIBLE SUNSHINE  MM
  AVERAGE SKY COVER 0.9


WEATHER CONDITIONS
 THE FOLLOWING WEATHER WAS RECORDED YESTERDAY.
  LIGHT RAIN
  FOG
  FOG W/VISIBILITY <= 1/4 MILE
  HAZE


RELATIVE HUMIDITY (PERCENT)
 HIGHEST    93           100 AM
 LOWEST     59          1200 PM
 AVERAGE    76

..........................................................


THE SANDBERG CA CLIMATE NORMALS FOR TODAY
                         NORMAL    RECORD    YEAR
 MAXIMUM TEMPERATURE (F)   69        89      2001
 MINIMUM TEMPERATURE (F)   50        31      1965


SUNRISE AND SUNSET
MAY 22 2015...........SUNRISE   547 AM PDT   SUNSET   756 PM PDT
MAY 23 2015...........SUNRISE   547 AM PDT   SUNSET   757 PM PDT


-  INDICATES NEGATIVE NUMBERS.
R  INDICATES RECORD WAS SET OR TIED.
MM INDICATES DATA IS MISSING.
T  INDICATES TRACE AMOUNT.




$$
