000
CDUS46 KLOX 300905
CLISDB


CLIMATE REPORT
NATIONAL WEATHER SERVICE LOS ANGELES/OXNARD CA
205 AM PDT SAT APR 30 2016


...................................

...THE SANDBERG CA CLIMATE SUMMARY FOR APRIL 29 2016...

CLIMATE NORMAL PERIOD 1981 TO 2010
CLIMATE RECORD PERIOD 1934 TO 2016


WEATHER ITEM   OBSERVED TIME   RECORD YEAR NORMAL DEPARTURE LAST
                VALUE   (LST)  VALUE       VALUE  FROM      YEAR
                                                  NORMAL
..................................................................
TEMPERATURE (F)
 YESTERDAY
  MAXIMUM         67    225 PM  85    2015  62      5       85
  MINIMUM         49    814 PM  25    1967  45      4       60
  AVERAGE         58                        53      5       73

PRECIPITATION (IN)
  YESTERDAY        0.00          0.34 1938   0.02  -0.02     0.00
  MONTH TO DATE    0.45                      0.62  -0.17     0.21
  SINCE OCT 1      6.62                     11.63  -5.01     7.02
  SINCE JAN 1      4.92                      8.00  -3.08     2.12

DEGREE DAYS
 HEATING
  YESTERDAY        7                        12     -5        0
  MONTH TO DATE  211                       434   -223      283
  SINCE MAR 1    596                      1004   -408      506
  SINCE JUL 1   2856                      3763   -907     2137

 COOLING
  YESTERDAY        0                         0      0        8
  MONTH TO DATE   18                         0     18       17
  SINCE MAR 1     19                         1     18       49
  SINCE JAN 1     19                         1     18       52
..................................................................


WIND (MPH)
  HIGHEST WIND SPEED    26   HIGHEST WIND DIRECTION    NW (330)
  HIGHEST GUST SPEED    36   HIGHEST GUST DIRECTION     N (340)
  AVERAGE WIND SPEED    14.9


SKY COVER
  POSSIBLE SUNSHINE  MM
  AVERAGE SKY COVER 0.0


WEATHER CONDITIONS
 THE FOLLOWING WEATHER WAS RECORDED YESTERDAY.
  NO SIGNIFICANT WEATHER WAS OBSERVED.


RELATIVE HUMIDITY (PERCENT)
 HIGHEST    74           800 PM
 LOWEST     22           400 PM
 AVERAGE    48

..........................................................


THE SANDBERG CA CLIMATE NORMALS FOR TODAY
                         NORMAL    RECORD    YEAR
 MAXIMUM TEMPERATURE (F)   62        81      2015
 MINIMUM TEMPERATURE (F)   45        26      1967


SUNRISE AND SUNSET
APRIL 30 2016.........SUNRISE   605 AM PDT   SUNSET   740 PM PDT
MAY  1 2016...........SUNRISE   604 AM PDT   SUNSET   740 PM PDT


-  INDICATES NEGATIVE NUMBERS.
R  INDICATES RECORD WAS SET OR TIED.
MM INDICATES DATA IS MISSING.
T  INDICATES TRACE AMOUNT.




$$
