000
CDUS46 KLOX 200921
CLISDB


CLIMATE REPORT
NATIONAL WEATHER SERVICE LOS ANGELES/OXNARD CA
220 AM PDT SUN APR 20 2014


...................................

...THE SANDBERG CA CLIMATE SUMMARY FOR APRIL 19 2014...

CLIMATE NORMAL PERIOD 1981 TO 2010
CLIMATE RECORD PERIOD 1948 TO 2014


WEATHER ITEM   OBSERVED TIME   RECORD YEAR NORMAL DEPARTURE LAST
                VALUE   (LST)  VALUE       VALUE  FROM      YEAR
                                                  NORMAL
..................................................................
TEMPERATURE (F)
 YESTERDAY
  MAXIMUM         70    313 PM  81    1950  59     11       75
  MINIMUM         52    539 AM  22    1967  42     10       49
  AVERAGE         61                        51     10       62

PRECIPITATION (IN)
  YESTERDAY        0.00          0.61 1988   0.02  -0.02     0.00
  MONTH TO DATE    0.11                      0.46  -0.35     0.01
  SINCE JUL 1      4.11                     11.69  -7.58     3.90
  SINCE JAN 1      3.33                      7.84  -4.51     2.53

DEGREE DAYS
 HEATING
  YESTERDAY        4                        14    -10        3
  MONTH TO DATE  146                       303   -157      208
  SINCE MAR 1    488                       873   -385      514
  SINCE JUL 1   2273                      3632  -1359     2878

 COOLING
  YESTERDAY        0                         0      0        0
  MONTH TO DATE   19                         0     19        1
  SINCE MAR 1     22                         1     21       12
  SINCE JAN 1     29                         1     28       12
..................................................................


WIND (MPH)
  HIGHEST WIND SPEED    35   HIGHEST WIND DIRECTION     N (340)
  HIGHEST GUST SPEED    46   HIGHEST GUST DIRECTION    NW (330)
  AVERAGE WIND SPEED    17.4


SKY COVER
  POSSIBLE SUNSHINE  MM
  AVERAGE SKY COVER 0.0


WEATHER CONDITIONS
 THE FOLLOWING WEATHER WAS RECORDED YESTERDAY.
  NO SIGNIFICANT WEATHER WAS OBSERVED.


RELATIVE HUMIDITY (PERCENT)
 HIGHEST    66          1200 AM
 LOWEST     39           100 PM
 AVERAGE    53

..........................................................


THE SANDBERG CA CLIMATE NORMALS FOR TODAY
                         NORMAL    RECORD    YEAR
 MAXIMUM TEMPERATURE (F)   59        82      1994
 MINIMUM TEMPERATURE (F)   43        23      1967


SUNRISE AND SUNSET
APRIL 20 2014.........SUNRISE   617 AM PDT   SUNSET   731 PM PDT
APRIL 21 2014.........SUNRISE   616 AM PDT   SUNSET   732 PM PDT


-  INDICATES NEGATIVE NUMBERS.
R  INDICATES RECORD WAS SET OR TIED.
MM INDICATES DATA IS MISSING.
T  INDICATES TRACE AMOUNT.




$$
