204
CDUS46 KLOX 280909
CLISDB


CLIMATE REPORT
NATIONAL WEATHER SERVICE LOS ANGELES/OXNARD CA
209 AM PDT FRI APR 28 2017


...................................

...THE SANDBERG CA CLIMATE SUMMARY FOR APRIL 27 2017...

CLIMATE NORMAL PERIOD 1981 TO 2010
CLIMATE RECORD PERIOD 1934 TO 2017


WEATHER ITEM   OBSERVED TIME   RECORD YEAR NORMAL DEPARTURE LAST
                VALUE   (LST)  VALUE       VALUE  FROM      YEAR
                                                  NORMAL
..................................................................
TEMPERATURE (F)
 YESTERDAY
  MAXIMUM         61    248 PM  84    2013  61      0       62
  MINIMUM         47   1058 AM  27    1970  44      3       36
  AVERAGE         54                        53      1       49

PRECIPITATION (IN)
  YESTERDAY        0.03          0.40 1953   0.02   0.01     0.01
  MONTH TO DATE    0.16                      0.59  -0.43     0.45
  SINCE OCT 1     12.76                     11.60   1.16     6.62
  SINCE JAN 1      8.92                      7.97   0.95     4.92

DEGREE DAYS
 HEATING
  YESTERDAY       11                        12     -1       16
  MONTH TO DATE  254                       410   -156      185
  SINCE MAR 1    585                       980   -395      570
  SINCE JUL 1   2842                      3739   -897     2830

 COOLING
  YESTERDAY        0                         0      0        0
  MONTH TO DATE    4                         0      4       18
  SINCE MAR 1     20                         1     19       19
  SINCE JAN 1     20                         1     19       19
..................................................................


WIND (MPH)
  HIGHEST WIND SPEED    36   HIGHEST WIND DIRECTION    NW (330)
  HIGHEST GUST SPEED    48   HIGHEST GUST DIRECTION     N (350)
  AVERAGE WIND SPEED    14.7


SKY COVER
  POSSIBLE SUNSHINE  MM
  AVERAGE SKY COVER 0.8


WEATHER CONDITIONS
 THE FOLLOWING WEATHER WAS RECORDED YESTERDAY.
  LIGHT RAIN
  FOG
  FOG W/VISIBILITY <= 1/4 MILE


RELATIVE HUMIDITY (PERCENT)
 HIGHEST   100          1200 AM
 LOWEST     48          1000 PM
 AVERAGE    74

..........................................................


THE SANDBERG CA CLIMATE NORMALS FOR TODAY
                         NORMAL    RECORD    YEAR
 MAXIMUM TEMPERATURE (F)   62        86      2007
 MINIMUM TEMPERATURE (F)   45        24      1970


SUNRISE AND SUNSET
APRIL 28 2017.........SUNRISE   607 AM PDT   SUNSET   738 PM PDT
APRIL 29 2017.........SUNRISE   606 AM PDT   SUNSET   739 PM PDT


-  INDICATES NEGATIVE NUMBERS.
R  INDICATES RECORD WAS SET OR TIED.
MM INDICATES DATA IS MISSING.
T  INDICATES TRACE AMOUNT.




$$
