000
CDUS46 KLOX 100126
CLISDB


CLIMATE REPORT
NATIONAL WEATHER SERVICE LOS ANGELES/OXNARD CA
525 PM PST TUE FEB 9 2016


...................................

...THE SANDBERG CA CLIMATE SUMMARY FOR FEBRUARY 9 2016...
VALID TODAY AS OF 0500 PM LOCAL TIME.

CLIMATE NORMAL PERIOD 1981 TO 2010
CLIMATE RECORD PERIOD 1934 TO 2016


WEATHER ITEM   OBSERVED TIME   RECORD YEAR NORMAL DEPARTURE LAST
                VALUE   (LST)  VALUE       VALUE  FROM      YEAR
                                                  NORMAL
..................................................................
TEMPERATURE (F)
 TODAY
  MAXIMUM         68R   217 PM  67    1951  49     19       58
  MINIMUM         54    715 AM  19    1939  38     16       46
  AVERAGE         61                        43     18       52

PRECIPITATION (IN)
  TODAY            0.00          3.41 1978   0.10  -0.10     0.00
  MONTH TO DATE    0.01                      0.73  -0.72     0.01
  SINCE OCT 1      4.72                      6.77  -2.05     6.41
  SINCE JAN 1      3.02                      3.14  -0.12     1.51

DEGREE DAYS
 HEATING
  TODAY            4                        22    -18       13
  MONTH TO DATE  178                       198    -20       56
  SINCE DEC 1   1494                      1584    -90     1046
  SINCE JUL 1   2110                      2363   -253     1436

 COOLING
  TODAY            0                         0      0        0
  MONTH TO DATE    0                         0      0        1
  SINCE DEC 1      0                         0      0        1
  SINCE JAN 1      0                         0      0        1
..................................................................


WIND (MPH)
  HIGHEST WIND SPEED    32   HIGHEST WIND DIRECTION     E (90)
  HIGHEST GUST SPEED    42   HIGHEST GUST DIRECTION     E (80)
  AVERAGE WIND SPEED    23.8


SKY COVER
  POSSIBLE SUNSHINE  MM
  AVERAGE SKY COVER 0.0


WEATHER CONDITIONS
 THE FOLLOWING WEATHER WAS RECORDED TODAY.
  NO SIGNIFICANT WEATHER WAS OBSERVED.


RELATIVE HUMIDITY (PERCENT)
 HIGHEST    28           700 AM
 LOWEST     18          1200 PM
 AVERAGE    23

..........................................................


THE SANDBERG CA CLIMATE NORMALS FOR TOMORROW
                         NORMAL    RECORD    YEAR
 MAXIMUM TEMPERATURE (F)   49        68      2006
 MINIMUM TEMPERATURE (F)   38        22      1999
                                             1965


SUNRISE AND SUNSET
FEBRUARY  9 2016......SUNRISE   647 AM PST   SUNSET   532 PM PST
FEBRUARY 10 2016......SUNRISE   646 AM PST   SUNSET   533 PM PST


-  INDICATES NEGATIVE NUMBERS.
R  INDICATES RECORD WAS SET OR TIED.
MM INDICATES DATA IS MISSING.
T  INDICATES TRACE AMOUNT.




$$
