000
CDUS46 KLOX 210907
CLISDB


CLIMATE REPORT
NATIONAL WEATHER SERVICE LOS ANGELES/OXNARD CA
207 AM PDT SUN SEP 21 2014


...................................

...THE SANDBERG CA CLIMATE SUMMARY FOR SEPTEMBER 20 2014...

CLIMATE NORMAL PERIOD 1981 TO 2010
CLIMATE RECORD PERIOD 1934 TO 2014


WEATHER ITEM   OBSERVED TIME   RECORD YEAR NORMAL DEPARTURE LAST
                VALUE   (LST)  VALUE       VALUE  FROM      YEAR
                                                  NORMAL
..................................................................
TEMPERATURE (F)
 YESTERDAY
  MAXIMUM         83   1148 AM  91    2000  78      5       83
  MINIMUM         59    833 PM  37    1968  59      0       60
  AVERAGE         71                        68      3       72

PRECIPITATION (IN)
  YESTERDAY        0.00          0.28 2005   0.01  -0.01     0.00
  MONTH TO DATE    T                         0.09  -0.09     0.00
  SINCE JUL 1      0.17                      0.14   0.03     0.06
  SINCE JAN 1      3.75                      8.62  -4.87     2.97

DEGREE DAYS
 HEATING
  YESTERDAY        0                         2     -2        0
  MONTH TO DATE    0                        28    -28        0
  SINCE SEP 1      0                        28    -28        0
  SINCE JUL 1      0                        45    -45        0

 COOLING
  YESTERDAY        6                         6      0        7
  MONTH TO DATE  281                       142    139      262
  SINCE SEP 1    281                       142    139      262
  SINCE JAN 1   1461                       899    562     1494
..................................................................


WIND (MPH)
  HIGHEST WIND SPEED    20   HIGHEST WIND DIRECTION    SE (150)
  HIGHEST GUST SPEED    28   HIGHEST GUST DIRECTION    SE (150)
  AVERAGE WIND SPEED    10.6


SKY COVER
  POSSIBLE SUNSHINE  MM
  AVERAGE SKY COVER 0.0


WEATHER CONDITIONS
 THE FOLLOWING WEATHER WAS RECORDED YESTERDAY.
  NO SIGNIFICANT WEATHER WAS OBSERVED.


RELATIVE HUMIDITY (PERCENT)
 HIGHEST    84           900 PM
 LOWEST     30           300 PM
 AVERAGE    57

..........................................................


THE SANDBERG CA CLIMATE NORMALS FOR TODAY
                         NORMAL    RECORD    YEAR
 MAXIMUM TEMPERATURE (F)   77        90      2011
                                             2002
 MINIMUM TEMPERATURE (F)   59        40      1968


SUNRISE AND SUNSET
SEPTEMBER 21 2014.....SUNRISE   642 AM PDT   SUNSET   653 PM PDT
SEPTEMBER 22 2014.....SUNRISE   643 AM PDT   SUNSET   652 PM PDT


-  INDICATES NEGATIVE NUMBERS.
R  INDICATES RECORD WAS SET OR TIED.
MM INDICATES DATA IS MISSING.
T  INDICATES TRACE AMOUNT.




$$
