000
CDUS43 KLMK 280645
CLISDF


CLIMATE REPORT
NATIONAL WEATHER SERVICE LOUISVILLE KY
245 AM EDT THU JUL 28 2016


...................................

...THE LOUISVILLE KY CLIMATE SUMMARY FOR JULY 27 2016...

CLIMATE NORMAL PERIOD 1981 TO 2010
CLIMATE RECORD PERIOD 1871 TO 2016


WEATHER ITEM   OBSERVED TIME   RECORD YEAR NORMAL DEPARTURE LAST
                VALUE   (LST)  VALUE       VALUE  FROM      YEAR
                                                  NORMAL
..................................................................
TEMPERATURE (F)
 YESTERDAY
  MAXIMUM         92    504 PM 104    1952  89      3       91
                                      1930
  MINIMUM         76    617 AM  50    1962  70      6       75
  AVERAGE         84                        79      5       83

PRECIPITATION (IN)
  YESTERDAY        0.10          2.00 1992   0.15  -0.05     0.02
  MONTH TO DATE    3.34                      3.68  -0.34     8.53
  SINCE JUN 1      7.59                      7.47   0.12    15.35
  SINCE JAN 1     26.65                     27.34  -0.69    39.47

SNOWFALL (IN)
  YESTERDAY        0.0          MM      MM   0.0    0.0      0.0
  MONTH TO DATE    0.0                       0.0    0.0      0.0
  SINCE JUN 1      0.0                       0.0    0.0      0.0
  SINCE JUL 1      0.0                       0.0    0.0      0.0
  SNOW DEPTH       0

DEGREE DAYS
 HEATING
  YESTERDAY        0                         0      0        0
  MONTH TO DATE    0                         0      0        0
  SINCE JUN 1      0                         5     -5        6
  SINCE JUL 1      0                         0      0        0

 COOLING
  YESTERDAY       19                        14      5       18
  MONTH TO DATE  435                       378     57      382
  SINCE JUN 1    840                       702    138      768
  SINCE JAN 1   1033                       876    157     1019
..................................................................


WIND (MPH)
  HIGHEST WIND SPEED    20   HIGHEST WIND DIRECTION    NE (50)
  HIGHEST GUST SPEED    31   HIGHEST GUST DIRECTION    NE (50)
  AVERAGE WIND SPEED     3.6


SKY COVER
  POSSIBLE SUNSHINE  MM
  AVERAGE SKY COVER 0.8


WEATHER CONDITIONS
 THE FOLLOWING WEATHER WAS RECORDED YESTERDAY.
  THUNDERSTORM
  LIGHT RAIN
  FOG
  HAZE


RELATIVE HUMIDITY (PERCENT)
 HIGHEST    87           500 AM
 LOWEST     49           400 PM
 AVERAGE    68

..........................................................


THE LOUISVILLE KY CLIMATE NORMALS FOR TODAY
                         NORMAL    RECORD    YEAR
 MAXIMUM TEMPERATURE (F)   89       107      1930
 MINIMUM TEMPERATURE (F)   70        55      1971


SUNRISE AND SUNSET
JULY 28 2016..........SUNRISE   643 AM EDT   SUNSET   856 PM EDT
JULY 29 2016..........SUNRISE   643 AM EDT   SUNSET   855 PM EDT


-  INDICATES NEGATIVE NUMBERS.
R  INDICATES RECORD WAS SET OR TIED.
MM INDICATES DATA IS MISSING.
T  INDICATES TRACE AMOUNT.




$$
