000
CDUS43 KLMK 230628
CLISDF


CLIMATE REPORT
NATIONAL WEATHER SERVICE LOUISVILLE KY
227 AM EDT WED APR 23 2014


...................................

...THE LOUISVILLE KY CLIMATE SUMMARY FOR APRIL 22 2014...

CLIMATE NORMAL PERIOD 1981 TO 2010
CLIMATE RECORD PERIOD 1871 TO 2014


WEATHER ITEM   OBSERVED TIME   RECORD YEAR NORMAL DEPARTURE LAST
                VALUE   (LST)  VALUE       VALUE  FROM      YEAR
                                                  NORMAL
..................................................................
TEMPERATURE (F)
 YESTERDAY
  MAXIMUM         75    256 PM  88    1960  71      4       73
  MINIMUM         52   1159 PM  32    1936  49      3       41
  AVERAGE         64                        60      4       57

PRECIPITATION (IN)
  YESTERDAY        T             3.08 1887   0.14  -0.14     0.00
  MONTH TO DATE    4.62                      2.81   1.81     2.84
  SINCE MAR 1      6.92                      6.98  -0.06     7.09
  SINCE JAN 1     13.08                     13.40  -0.32    14.11

SNOWFALL (IN)
  YESTERDAY        0.0           0.0    MM   0.0    0.0      0.0
  MONTH TO DATE    0.1                       0.1    0.0      0.0
  SINCE MAR 1      4.2                       1.5    2.7      1.7
  SINCE JUL 1     26.0                      12.5   13.5      9.8
  SNOW DEPTH       0

DEGREE DAYS
 HEATING
  YESTERDAY        1                         6     -5        8
  MONTH TO DATE  160                       203    -43      185
  SINCE MAR 1    808                       741     67      920
  SINCE JUL 1   4462                      3982    480     4002

 COOLING
  YESTERDAY        0                         2     -2        0
  MONTH TO DATE   24                        25     -1       47
  SINCE MAR 1     24                        31     -7       47
  SINCE JAN 1     24                        31     -7       47
..................................................................


WIND (MPH)
  HIGHEST WIND SPEED    22   HIGHEST WIND DIRECTION     N (340)
  HIGHEST GUST SPEED    30   HIGHEST GUST DIRECTION     N (340)
  AVERAGE WIND SPEED    10.7


SKY COVER
  POSSIBLE SUNSHINE  MM
  AVERAGE SKY COVER 0.6


WEATHER CONDITIONS
 THE FOLLOWING WEATHER WAS RECORDED YESTERDAY.
  LIGHT RAIN
  HAZE


RELATIVE HUMIDITY (PERCENT)
 HIGHEST    84           500 AM
 LOWEST     23           400 PM
 AVERAGE    54

..........................................................


THE LOUISVILLE KY CLIMATE NORMALS FOR TODAY
                         NORMAL    RECORD    YEAR
 MAXIMUM TEMPERATURE (F)   71        91      1960
 MINIMUM TEMPERATURE (F)   50        28      1986


SUNRISE AND SUNSET
APRIL 23 2014.........SUNRISE   656 AM EDT   SUNSET   827 PM EDT
APRIL 24 2014.........SUNRISE   655 AM EDT   SUNSET   828 PM EDT


-  INDICATES NEGATIVE NUMBERS.
R  INDICATES RECORD WAS SET OR TIED.
MM INDICATES DATA IS MISSING.
T  INDICATES TRACE AMOUNT.




$$
