000
CDUS43 KLMK 230627
CLISDF


CLIMATE REPORT
NATIONAL WEATHER SERVICE LOUISVILLE KY
227 AM EDT SUN APR 23 2017


...................................

...THE LOUISVILLE KY CLIMATE SUMMARY FOR APRIL 22 2017...

CLIMATE NORMAL PERIOD 1981 TO 2010
CLIMATE RECORD PERIOD 1871 TO 2017


WEATHER ITEM   OBSERVED TIME   RECORD YEAR NORMAL DEPARTURE LAST
                VALUE   (LST)  VALUE       VALUE  FROM      YEAR
                                                  NORMAL
..................................................................
TEMPERATURE (F)
 YESTERDAY
  MAXIMUM         57    415 PM  88    1960  71    -14       70
  MINIMUM         49   1159 PM  32    1936  49      0       56
  AVERAGE         53                        60     -7       63

PRECIPITATION (IN)
  YESTERDAY        0.24          3.08 1887   0.14   0.10     0.30
  MONTH TO DATE    2.90                      2.81   0.09     1.54
  SINCE MAR 1      6.58                      6.98  -0.40     7.04
  SINCE JAN 1     12.85                     13.40  -0.55    12.86

SNOWFALL (IN)
  YESTERDAY        0.0           0.0    MM   0.0    0.0      0.0
  MONTH TO DATE    0.0                       0.1   -0.1      0.0
  SINCE MAR 1      T                         1.5   -1.5      0.5
  SINCE JUL 1      2.7                      12.5   -9.8     14.9
  SNOW DEPTH       0

DEGREE DAYS
 HEATING
  YESTERDAY       12                         6      6        2
  MONTH TO DATE   80                       203   -123      199
  SINCE MAR 1    538                       741   -203      535
  SINCE JUL 1   3003                      3982   -979     3157

 COOLING
  YESTERDAY        0                         2     -2        0
  MONTH TO DATE   73                        25     48       31
  SINCE MAR 1     84                        31     53       38
  SINCE JAN 1     89                        31     58       38
..................................................................


WIND (MPH)
  HIGHEST WIND SPEED    18   HIGHEST WIND DIRECTION    NE (50)
  HIGHEST GUST SPEED    25   HIGHEST GUST DIRECTION    NE (40)
  AVERAGE WIND SPEED    10.7


SKY COVER
  POSSIBLE SUNSHINE  MM
  AVERAGE SKY COVER 0.8


WEATHER CONDITIONS
 THE FOLLOWING WEATHER WAS RECORDED YESTERDAY.
  HEAVY RAIN
  RAIN
  LIGHT RAIN
  FOG


RELATIVE HUMIDITY (PERCENT)
 HIGHEST    93          1200 AM
 LOWEST     61           500 PM
 AVERAGE    77

..........................................................


THE LOUISVILLE KY CLIMATE NORMALS FOR TODAY
                         NORMAL    RECORD    YEAR
 MAXIMUM TEMPERATURE (F)   71        91      1960
 MINIMUM TEMPERATURE (F)   50        28      1986


SUNRISE AND SUNSET
APRIL 23 2017.........SUNRISE   656 AM EDT   SUNSET   827 PM EDT
APRIL 24 2017.........SUNRISE   655 AM EDT   SUNSET   828 PM EDT


-  INDICATES NEGATIVE NUMBERS.
R  INDICATES RECORD WAS SET OR TIED.
MM INDICATES DATA IS MISSING.
T  INDICATES TRACE AMOUNT.




$$
