000
CDUS46 KSEW 230829
CLISEW


CLIMATE REPORT
NATIONAL WEATHER SERVICE SEATTLE WA
128 AM PDT WED APR 23 2014


...................................

...THE SEATTLE WA WFO CLIMATE SUMMARY FOR APRIL 22 2014...

CLIMATE NORMAL PERIOD 1981 TO 2010
CLIMATE RECORD PERIOD 1986 TO 2014


WEATHER ITEM   OBSERVED TIME   RECORD YEAR     LAST
                VALUE   (LST)  VALUE           YEAR
....................................................
TEMPERATURE (F)
 YESTERDAY
  MAXIMUM         58        MM  70    2012    58
  MINIMUM         41        MM  37    2008    38
                                      2006
                                      1999
  AVERAGE         50                          48

PRECIPITATION (IN)
  YESTERDAY        0.42          0.78 1996     0.00
  MONTH TO DATE    2.92                        4.28
  SINCE OCT 1     26.34                       36.27
  SINCE JAN 1     20.49                       14.30

SNOWFALL (IN)
  YESTERDAY        0.0                         0.0
  MONTH TO DATE    0.0                         0.0
  SINCE OCT 1      2.9                         0.0
  SINCE JUL 1      2.9                         0.0
  SNOW DEPTH       0

DEGREE DAYS
 HEATING
  YESTERDAY       15                          17
  MONTH TO DATE  283                         337
  SINCE MAR 1    807                         875
  SINCE JUL 1   4071                        3922

 COOLING
  YESTERDAY        0                           0
  MONTH TO DATE    0                           0
  SINCE MAR 1      0                           0
  SINCE JAN 1      0                           0
....................................................


WIND (MPH)
  HIGHEST WIND SPEED    MM   HIGHEST WIND DIRECTION    MM
  HIGHEST GUST SPEED    MM   HIGHEST GUST DIRECTION    MM
  AVERAGE WIND SPEED    MM



WEATHER CONDITIONS
 THE FOLLOWING WEATHER WAS RECORDED YESTERDAY.
  LIGHT RAIN






-  INDICATES NEGATIVE NUMBERS.
R  INDICATES RECORD WAS SET OR TIED.
MM INDICATES DATA IS MISSING.
T  INDICATES TRACE AMOUNT.




$$
