000
CDUS46 KMTR 290036
CLISFD


CLIMATE REPORT
NATIONAL WEATHER SERVICE SAN FRANCISCO BAY AREA
436 PM PST FRI NOV 28 2014


...................................

...THE SAN FRANCISCO DWTN CA CLIMATE SUMMARY FOR NOVEMBER 28 2014...
VALID TODAY AS OF 0400 PM LOCAL TIME.

CLIMATE NORMAL PERIOD 1981 TO 2010
CLIMATE RECORD PERIOD 1850 TO 2014


WEATHER ITEM   OBSERVED TIME   RECORD YEAR NORMAL DEPARTURE LAST
                VALUE   (LST)  VALUE       VALUE  FROM      YEAR
                                                  NORMAL
..................................................................
TEMPERATURE (F)
 TODAY
  MAXIMUM         63    243 PM  72    1890  60      3       67
  MINIMUM         49    543 AM  40    1896  48      1       52
  AVERAGE         56                        54      2       60

PRECIPITATION (IN)
  TODAY            0.00          1.43 1926   0.12  -0.12     0.00
  MONTH TO DATE    1.36                      2.89  -1.53     1.26
  SINCE JUL 1      2.46                      4.28  -1.82     1.69
  SINCE JAN 1     12.92                     18.82  -5.90     5.20

DEGREE DAYS
 HEATING
  TODAY            9                        MM     MM        5
  MONTH TO DATE  139                        MM     MM      195
  SINCE SEP 1    226                        MM     MM      428
  SINCE JUL 1    356                        MM     MM      698

 COOLING
  TODAY            0                        MM     MM        0
  MONTH TO DATE    2                         0      2        0
  SINCE SEP 1     96                         0     96       43
  SINCE JAN 1    163                         0    163       71
..................................................................







THE SAN FRANCISCO DWTN CA CLIMATE NORMALS FOR TOMORROW
                         NORMAL    RECORD    YEAR
 MAXIMUM TEMPERATURE (F)   60        74      1995
 MINIMUM TEMPERATURE (F)   48        40      1906


SUNRISE AND SUNSET
NOVEMBER 28 2014......SUNRISE   703 AM PST   SUNSET   452 PM PST
NOVEMBER 29 2014......SUNRISE   704 AM PST   SUNSET   452 PM PST


-  INDICATES NEGATIVE NUMBERS.
R  INDICATES RECORD WAS SET OR TIED.
MM INDICATES DATA IS MISSING.
T  INDICATES TRACE AMOUNT.




$$
