000
CDUS46 KMTR 230826
CLISFD


CLIMATE REPORT
NATIONAL WEATHER SERVICE SAN FRANCISCO BAY AREA
126 AM PDT TUE SEP 23 2014


...................................

...THE SAN FRANCISCO DWTN CA CLIMATE SUMMARY FOR SEPTEMBER 22 2014...

CLIMATE NORMAL PERIOD 1981 TO 2010
CLIMATE RECORD PERIOD 1850 TO 2014


WEATHER ITEM   OBSERVED TIME   RECORD YEAR NORMAL DEPARTURE LAST
                VALUE   (LST)  VALUE       VALUE  FROM      YEAR
                                                  NORMAL
..................................................................
TEMPERATURE (F)
 YESTERDAY
  MAXIMUM         71    143 PM  97    1939  70      1       66
  MINIMUM         62    743 AM  48    1910  55      7       54
  AVERAGE         67                        63      4       60

PRECIPITATION (IN)
  YESTERDAY        0.00          0.63 1891   0.01  -0.01     0.00
  MONTH TO DATE    0.09                      0.12  -0.03     0.39
  SINCE JUL 1      0.18                      0.18   0.00     0.43
  SINCE JAN 1     10.64                     14.72  -4.08     3.94

DEGREE DAYS
 HEATING
  YESTERDAY        0                        MM     MM        5
  MONTH TO DATE   25                        MM     MM       39
  SINCE SEP 1     25                        MM     MM       39
  SINCE JUL 1    155                        MM     MM      309

 COOLING
  YESTERDAY        2                        MM     MM        0
  MONTH TO DATE   21                         0     21       14
  SINCE SEP 1     21                         0     21       14
  SINCE JAN 1     88                         0     88       42
..................................................................







THE SAN FRANCISCO DWTN CA CLIMATE NORMALS FOR TODAY
                         NORMAL    RECORD    YEAR
 MAXIMUM TEMPERATURE (F)   70        97      1997
 MINIMUM TEMPERATURE (F)   55        48      1899


SUNRISE AND SUNSET
SEPTEMBER 23 2014.....SUNRISE   658 AM PDT   SUNSET   705 PM PDT
SEPTEMBER 24 2014.....SUNRISE   659 AM PDT   SUNSET   703 PM PDT


-  INDICATES NEGATIVE NUMBERS.
R  INDICATES RECORD WAS SET OR TIED.
MM INDICATES DATA IS MISSING.
T  INDICATES TRACE AMOUNT.




$$
