000
CDUS46 KMTR 200832
CLISFD


CLIMATE REPORT
NATIONAL WEATHER SERVICE SAN FRANCISCO BAY AREA
131 AM PDT SUN APR 20 2014


...................................

...THE SAN FRANCISCO DWTN CA CLIMATE SUMMARY FOR APRIL 19 2014...

CLIMATE NORMAL PERIOD 1981 TO 2010
CLIMATE RECORD PERIOD 1850 TO 2014


WEATHER ITEM   OBSERVED TIME   RECORD YEAR NORMAL DEPARTURE LAST
                VALUE   (LST)  VALUE       VALUE  FROM      YEAR
                                                  NORMAL
..................................................................
TEMPERATURE (F)
 YESTERDAY
  MAXIMUM         60    243 PM  83    1992  63     -3       69
  MINIMUM         50    643 AM  41    1896  49      1       49
  AVERAGE         55                        56     -1       59

PRECIPITATION (IN)
  YESTERDAY        0.00          1.11 1988   0.04  -0.04     0.00
  MONTH TO DATE    1.27                      1.05   0.22     1.01
  SINCE JUL 1     12.18                     22.38 -10.20    16.42
  SINCE JAN 1     10.10                     13.27  -3.17     3.32

DEGREE DAYS
 HEATING
  YESTERDAY       10                        MM     MM        6
  MONTH TO DATE  145                        MM     MM      153
  SINCE MAR 1    344                        MM     MM      458
  SINCE JUL 1   2007                        MM     MM     2489

 COOLING
  YESTERDAY        0                        MM     MM        0
  MONTH TO DATE    3                         0      3        0
  SINCE MAR 1      4                         0      4        0
  SINCE JAN 1      4                         0      4        0
..................................................................







THE SAN FRANCISCO DWTN CA CLIMATE NORMALS FOR TODAY
                         NORMAL    RECORD    YEAR
 MAXIMUM TEMPERATURE (F)   63        93      2009
 MINIMUM TEMPERATURE (F)   49        42      1963


SUNRISE AND SUNSET
APRIL 20 2014.........SUNRISE   628 AM PDT   SUNSET   750 PM PDT
APRIL 21 2014.........SUNRISE   626 AM PDT   SUNSET   751 PM PDT


-  INDICATES NEGATIVE NUMBERS.
R  INDICATES RECORD WAS SET OR TIED.
MM INDICATES DATA IS MISSING.
T  INDICATES TRACE AMOUNT.




$$
