000
CDUS46 KOTX 290828
CLISFF


CLIMATE REPORT
NATIONAL WEATHER SERVICE SPOKANE, WA
126 AM PDT FRI MAY 29 2015


...................................

...THE SPOKANE WA FELTS AIRPORT CLIMATE SUMMARY FOR MAY 28 2015...

CLIMATE NORMAL PERIOD 1981 TO 2010
CLIMATE RECORD PERIOD 9999 TO 9999


WEATHER ITEM   OBSERVED TIME   RECORD YEAR NORMAL DEPARTURE LAST
                VALUE   (LST)  VALUE       VALUE  FROM      YEAR
                                                  NORMAL
..................................................................
TEMPERATURE (F)
 YESTERDAY
  MAXIMUM         82    201 PM  MM      MM  70     12       61
  MINIMUM         54    431 AM  MM      MM  46      8       47
  AVERAGE         68                        58     10       54

PRECIPITATION (IN)
  YESTERDAY        0.35         MM      MM   0.07   0.28     0.06
  MONTH TO DATE    1.23                      1.53  -0.30     0.92
  SINCE OCT 1     12.38                     13.87  -1.49     9.84
  SINCE JAN 1      7.65                      7.67  -0.02     7.56

SNOWFALL (IN)
  YESTERDAY       MM

DEGREE DAYS
 HEATING
  YESTERDAY        0                         7     -7       11
  MONTH TO DATE  144                       299   -155      194
  SINCE MAR 1   1215                      1583   -368     1436
  SINCE JUL 1   5033                      6154  -1121     6115

 COOLING
  YESTERDAY        3                         0      3        0
  MONTH TO DATE   19                         0     19        5
  SINCE MAR 1     19                         0     19        5
  SINCE JAN 1     19                         0     19        5
..................................................................


WIND (MPH)
  HIGHEST WIND SPEED    21   HIGHEST WIND DIRECTION     E (80)
  HIGHEST GUST SPEED    26   HIGHEST GUST DIRECTION     E (70)
  AVERAGE WIND SPEED     4.0


SKY COVER
  POSSIBLE SUNSHINE  MM
  AVERAGE SKY COVER 0.5


WEATHER CONDITIONS
 THE FOLLOWING WEATHER WAS RECORDED YESTERDAY.
  THUNDERSTORM
  HEAVY RAIN
  RAIN
  LIGHT RAIN


RELATIVE HUMIDITY (PERCENT)
 HIGHEST    86           500 AM
 LOWEST     33           300 PM
 AVERAGE    60

..........................................................


THE SPOKANE WA FELTS AIRPORT CLIMATE NORMALS FOR TODAY
                         NORMAL    RECORD    YEAR
 MAXIMUM TEMPERATURE (F)   70        MM        MM
 MINIMUM TEMPERATURE (F)   46        MM        MM


SUNRISE AND SUNSET
MAY 29 2015...........SUNRISE   458 AM PDT   SUNSET   836 PM PDT
MAY 30 2015...........SUNRISE   457 AM PDT   SUNSET   837 PM PDT


-  INDICATES NEGATIVE NUMBERS.
R  INDICATES RECORD WAS SET OR TIED.
MM INDICATES DATA IS MISSING.
T  INDICATES TRACE AMOUNT.




$$
