000
CDUS46 KOTX 270848
CLISFF


CLIMATE REPORT
NATIONAL WEATHER SERVICE SPOKANE, WA
147 AM PDT SAT AUG 27 2016


...................................

...THE SPOKANE WA FELTS AIRPORT CLIMATE SUMMARY FOR AUGUST 26 2016...

CLIMATE NORMAL PERIOD 1981 TO 2010
CLIMATE RECORD PERIOD 9999 TO 9999


WEATHER ITEM   OBSERVED TIME   RECORD YEAR NORMAL DEPARTURE LAST
                VALUE   (LST)  VALUE       VALUE  FROM      YEAR
                                                  NORMAL
..................................................................
TEMPERATURE (F)
 YESTERDAY
  MAXIMUM         87    408 PM  MM      MM  82      5       95
  MINIMUM         53    517 AM  MM      MM  53      0       55
  AVERAGE         70                        67      3       75

PRECIPITATION (IN)
  YESTERDAY        0.00         MM      MM   0.03  -0.03     0.00
  MONTH TO DATE    0.07                      0.56  -0.49     0.02
  SINCE OCT 1     16.35                     16.80  -0.45    13.20
  SINCE JAN 1     10.81                     10.60   0.21     8.47

SNOWFALL (IN)
  YESTERDAY       MM

DEGREE DAYS
 HEATING
  YESTERDAY        0                         1     -1        0
  MONTH TO DATE    5                        12     -7        2
  SINCE JUN 1    101                       151    -50       17
  SINCE JUL 1     16                        33    -17        2

 COOLING
  YESTERDAY        5                         4      1       10
  MONTH TO DATE  160                       142     18      224
  SINCE JUN 1    424                       353     71      762
  SINCE JAN 1    439                       360     79      800
..................................................................


WIND (MPH)
  HIGHEST WIND SPEED    12   HIGHEST WIND DIRECTION     W (280)
  HIGHEST GUST SPEED    17   HIGHEST GUST DIRECTION     W (280)
  AVERAGE WIND SPEED     2.6


SKY COVER
  POSSIBLE SUNSHINE  MM
  AVERAGE SKY COVER 0.0


WEATHER CONDITIONS
 THE FOLLOWING WEATHER WAS RECORDED YESTERDAY.
  NO SIGNIFICANT WEATHER WAS OBSERVED.


RELATIVE HUMIDITY (PERCENT)
 HIGHEST    71           500 AM
 LOWEST     17           600 PM
 AVERAGE    44

..........................................................


THE SPOKANE WA FELTS AIRPORT CLIMATE NORMALS FOR TODAY
                         NORMAL    RECORD    YEAR
 MAXIMUM TEMPERATURE (F)   81        MM        MM
 MINIMUM TEMPERATURE (F)   53        MM        MM


SUNRISE AND SUNSET
AUGUST 27 2016........SUNRISE   602 AM PDT   SUNSET   738 PM PDT
AUGUST 28 2016........SUNRISE   603 AM PDT   SUNSET   737 PM PDT


-  INDICATES NEGATIVE NUMBERS.
R  INDICATES RECORD WAS SET OR TIED.
MM INDICATES DATA IS MISSING.
T  INDICATES TRACE AMOUNT.




$$
