000
CDUS46 KOTX 300823
CLISFF


CLIMATE REPORT
NATIONAL WEATHER SERVICE SPOKANE, WA
123 AM PDT TUE SEP 30 2014


...................................

...THE SPOKANE WA FELTS AIRPORT CLIMATE SUMMARY FOR SEPTEMBER 29 2014...

CLIMATE NORMAL PERIOD 1981 TO 2010
CLIMATE RECORD PERIOD 9999 TO 9999


WEATHER ITEM   OBSERVED TIME   RECORD YEAR NORMAL DEPARTURE LAST
                VALUE   (LST)  VALUE       VALUE  FROM      YEAR
                                                  NORMAL
..................................................................
TEMPERATURE (F)
 YESTERDAY
  MAXIMUM         73    435 PM  MM      MM  69      4       57
  MINIMUM         50    547 AM  MM      MM  42      8       47
  AVERAGE         62                        55      7       52

PRECIPITATION (IN)
  YESTERDAY        0.00         MM      MM   0.04  -0.04     0.20
  MONTH TO DATE    0.20                      0.81  -0.61     1.95
  SINCE OCT 1     13.60                     17.75  -4.15    18.27
  SINCE JAN 1     11.32                     11.55  -0.23    11.63

SNOWFALL (IN)
  YESTERDAY       MM            MM      MM  MM     MM       MM
  MONTH TO DATE   MM                        MM     MM       MM
  SINCE SEP 1     MM                        MM     MM       MM
  SINCE JUL 1     MM                        MM     MM       MM
  SNOW DEPTH      MM

DEGREE DAYS
 HEATING
  YESTERDAY        3                        10     -7       13
  MONTH TO DATE   76                       156    -80      118
  SINCE SEP 1     76                       156    -80      118
  SINCE JUL 1     82                       202   -120      123

 COOLING
  YESTERDAY        0                         0      0        0
  MONTH TO DATE   33                        29      4      101
  SINCE SEP 1     33                        29      4      101
  SINCE JAN 1    638                       405    233      704
..................................................................


WIND (MPH)
  HIGHEST WIND SPEED    16   HIGHEST WIND DIRECTION    SW (230)
  HIGHEST GUST SPEED    22   HIGHEST GUST DIRECTION     S (180)
  AVERAGE WIND SPEED     4.6


SKY COVER
  POSSIBLE SUNSHINE  MM
  AVERAGE SKY COVER 0.7


WEATHER CONDITIONS
 THE FOLLOWING WEATHER WAS RECORDED YESTERDAY.
  HAZE


RELATIVE HUMIDITY (PERCENT)
 HIGHEST    77           500 AM
 LOWEST     33           600 PM
 AVERAGE    55

..........................................................


THE SPOKANE WA FELTS AIRPORT CLIMATE NORMALS FOR TODAY
                         NORMAL    RECORD    YEAR
 MAXIMUM TEMPERATURE (F)   68        MM        MM
 MINIMUM TEMPERATURE (F)   41        MM        MM


SUNRISE AND SUNSET
SEPTEMBER 30 2014.....SUNRISE   647 AM PDT   SUNSET   631 PM PDT
OCTOBER  1 2014.......SUNRISE   648 AM PDT   SUNSET   629 PM PDT


-  INDICATES NEGATIVE NUMBERS.
R  INDICATES RECORD WAS SET OR TIED.
MM INDICATES DATA IS MISSING.
T  INDICATES TRACE AMOUNT.




$$
