000
CDUS46 KOTX 290827
CLISFF


CLIMATE REPORT
NATIONAL WEATHER SERVICE SPOKANE, WA
127 AM PDT FRI APR 29 2016


...................................

...THE SPOKANE WA FELTS AIRPORT CLIMATE SUMMARY FOR APRIL 28 2016...

CLIMATE NORMAL PERIOD 1981 TO 2010
CLIMATE RECORD PERIOD 9999 TO 9999


WEATHER ITEM   OBSERVED TIME   RECORD YEAR NORMAL DEPARTURE LAST
                VALUE   (LST)  VALUE       VALUE  FROM      YEAR
                                                  NORMAL
..................................................................
TEMPERATURE (F)
 YESTERDAY
  MAXIMUM         68    344 PM  MM      MM  63      5       82
  MINIMUM         45    521 AM  MM      MM  37      8       42
  AVERAGE         57                        50      7       62

PRECIPITATION (IN)
  YESTERDAY        0.00         MM      MM   0.04  -0.04     0.00
  MONTH TO DATE    0.44                      1.17  -0.73     0.92
  SINCE OCT 1     12.32                     12.27   0.05    11.12
  SINCE JAN 1      6.78                      6.07   0.71     6.39

SNOWFALL (IN)
  YESTERDAY       MM

DEGREE DAYS
 HEATING
  YESTERDAY        8                        15     -7        3
  MONTH TO DATE  266                       503   -237      470
  SINCE MAR 1    909                      1253   -344     1043
  SINCE JUL 1   4814                      5824  -1010     4861

 COOLING
  YESTERDAY        0                         0      0        0
  MONTH TO DATE    5                         0      5        0
  SINCE MAR 1      5                         0      5        0
  SINCE JAN 1      5                         0      5        0
..................................................................


WIND (MPH)
  HIGHEST WIND SPEED    18   HIGHEST WIND DIRECTION     E (80)
  HIGHEST GUST SPEED    22   HIGHEST GUST DIRECTION     E (80)
  AVERAGE WIND SPEED     5.8


SKY COVER
  POSSIBLE SUNSHINE  MM
  AVERAGE SKY COVER 0.7


WEATHER CONDITIONS
 THE FOLLOWING WEATHER WAS RECORDED YESTERDAY.
  NO SIGNIFICANT WEATHER WAS OBSERVED.


RELATIVE HUMIDITY (PERCENT)
 HIGHEST    89           500 AM
 LOWEST     29           400 PM
 AVERAGE    59

..........................................................


THE SPOKANE WA FELTS AIRPORT CLIMATE NORMALS FOR TODAY
                         NORMAL    RECORD    YEAR
 MAXIMUM TEMPERATURE (F)   63        MM        MM
 MINIMUM TEMPERATURE (F)   37        MM        MM


SUNRISE AND SUNSET
APRIL 29 2016.........SUNRISE   534 AM PDT   SUNSET   800 PM PDT
APRIL 30 2016.........SUNRISE   533 AM PDT   SUNSET   801 PM PDT


-  INDICATES NEGATIVE NUMBERS.
R  INDICATES RECORD WAS SET OR TIED.
MM INDICATES DATA IS MISSING.
T  INDICATES TRACE AMOUNT.




$$
