000
CDUS46 KMTR 060845
CLISFO


CLIMATE REPORT
NATIONAL WEATHER SERVICE SAN FRANCISCO BAY AREA
1245 AM PST TUE DEC 6 2016


...................................

...THE SAN FRANCISCO AIRPORT CLIMATE SUMMARY FOR DECEMBER 5 2016...

CLIMATE NORMAL PERIOD 1981 TO 2010
CLIMATE RECORD PERIOD 1927 TO 2016


WEATHER ITEM   OBSERVED TIME   RECORD YEAR NORMAL DEPARTURE LAST
                VALUE   (LST)  VALUE       VALUE  FROM      YEAR
                                                  NORMAL
..................................................................
TEMPERATURE (F)
 YESTERDAY
  MAXIMUM         55    319 PM  69    1979  58     -3       56
  MINIMUM         50   1159 PM  31    1972  46      4       44
  AVERAGE         53                        52      1       50

PRECIPITATION (IN)
  YESTERDAY        0.00          1.39 1952   0.11  -0.11     0.00
  MONTH TO DATE    0.00                      0.54  -0.54     0.20
  SINCE OCT 1      4.32                      3.87   0.45     1.62
  SINCE JAN 1     16.76                     17.16  -0.40     5.27

SNOWFALL (IN)
  YESTERDAY        0.0           0.0
  MONTH TO DATE    0.0
  SINCE DEC 1      0.0
  SINCE JUL 1      0.0

DEGREE DAYS
 HEATING
  YESTERDAY       12                        13     -1       15
  MONTH TO DATE   59                        65     -6       69
  SINCE DEC 1     59                        65     -6       69
  SINCE JUL 1    473                       629   -156      426

 COOLING
  YESTERDAY        0                         0      0        0
  MONTH TO DATE    0                         0      0        0
  SINCE DEC 1      0                         0      0        0
  SINCE JAN 1    142                       164    -22      327
..................................................................


WIND (MPH)
  RESULTANT WIND SPEED   6   RESULTANT WIND DIRECTION   W (290)
  HIGHEST WIND SPEED    18   HIGHEST WIND DIRECTION     W (280)
  HIGHEST GUST SPEED    21   HIGHEST GUST DIRECTION     W (270)
  AVERAGE WIND SPEED     7.4


SKY COVER
  POSSIBLE SUNSHINE  MM
  AVERAGE SKY COVER 0.8


WEATHER CONDITIONS
 THE FOLLOWING WEATHER WAS RECORDED YESTERDAY.
  NO SIGNIFICANT WEATHER WAS OBSERVED.


RELATIVE HUMIDITY (PERCENT)
 HIGHEST    93           100 AM
 LOWEST     66          1100 PM
 AVERAGE    80

..........................................................


THE SAN FRANCISCO AIRPORT CLIMATE NORMALS FOR TODAY
                         NORMAL    RECORD    YEAR
 MAXIMUM TEMPERATURE (F)   58        67      2014
                                             1979
 MINIMUM TEMPERATURE (F)   46        37      2013
                                             1972
                                             1967


SUNRISE AND SUNSET
DECEMBER  6 2016......SUNRISE   711 AM PST   SUNSET   451 PM PST
DECEMBER  7 2016......SUNRISE   712 AM PST   SUNSET   451 PM PST


-  INDICATES NEGATIVE NUMBERS.
R  INDICATES RECORD WAS SET OR TIED.
MM INDICATES DATA IS MISSING.
T  INDICATES TRACE AMOUNT.




$$
