000
CDUS46 KMTR 070026
CLISFO


CLIMATE REPORT
NATIONAL WEATHER SERVICE SAN FRANCISCO BAY AREA
526 PM PDT MON JUL 6 2015


...................................

...THE SAN FRANCISCO AIRPORT CLIMATE SUMMARY FOR JULY 6 2015...
VALID TODAY AS OF 0500 PM LOCAL TIME.

CLIMATE NORMAL PERIOD 1981 TO 2010
CLIMATE RECORD PERIOD 1927 TO 2015


WEATHER ITEM   OBSERVED TIME   RECORD YEAR NORMAL DEPARTURE LAST
                VALUE   (LST)  VALUE       VALUE  FROM      YEAR
                                                  NORMAL
..................................................................
TEMPERATURE (F)
 TODAY
  MAXIMUM         72    359 PM  86    1957  72      0       69
  MINIMUM         60    648 AM  47    1953  55      5       53
                                      1951
                                      1950
  AVERAGE         66                        64      2       61

PRECIPITATION (IN)
  TODAY            0.00          T    1990   0.00   0.00     0.00
                                      1976
                                      1970
  MONTH TO DATE    T                         0.00   0.00     0.00
  SINCE OCT 1     16.59                     20.44  -3.85     8.57
  SINCE JAN 1      3.63                     13.08  -9.45     7.31

SNOWFALL (IN)
  TODAY            0.0           0.0
  MONTH TO DATE    0.0
  SINCE JUN 1      0.0
  SINCE JUL 1      0.0
  SNOW DEPTH       0

DEGREE DAYS
 HEATING
  TODAY            0                         2     -2        4
  MONTH TO DATE    0                        12    -12       10
  SINCE JUN 1     75                       117    -42       59
  SINCE JUL 1      0                        12    -12       10

 COOLING
  TODAY            1                         1      0        0
  MONTH TO DATE    5                         6     -1        4
  SINCE JUN 1     22                        27     -5       39
  SINCE JAN 1     35                        46    -11      102
..................................................................


WIND (MPH)
  RESULTANT WIND SPEED  10   RESULTANT WIND DIRECTION   W (270)
  HIGHEST WIND SPEED    22   HIGHEST WIND DIRECTION     W (270)
  HIGHEST GUST SPEED    28   HIGHEST GUST DIRECTION     W (290)
  AVERAGE WIND SPEED    11.4


SKY COVER
  POSSIBLE SUNSHINE  MM
  AVERAGE SKY COVER 0.7


WEATHER CONDITIONS
 THE FOLLOWING WEATHER WAS RECORDED TODAY.
  NO SIGNIFICANT WEATHER WAS OBSERVED.


RELATIVE HUMIDITY (PERCENT)
 HIGHEST    84          1200 AM
 LOWEST     53           100 PM
 AVERAGE    69

..........................................................


THE SAN FRANCISCO AIRPORT CLIMATE NORMALS FOR TOMORROW
                         NORMAL    RECORD    YEAR
 MAXIMUM TEMPERATURE (F)   72        85      1985
 MINIMUM TEMPERATURE (F)   55        49      1955


SUNRISE AND SUNSET
JULY  6 2015..........SUNRISE   554 AM PDT   SUNSET   834 PM PDT
JULY  7 2015..........SUNRISE   555 AM PDT   SUNSET   834 PM PDT


-  INDICATES NEGATIVE NUMBERS.
R  INDICATES RECORD WAS SET OR TIED.
MM INDICATES DATA IS MISSING.
T  INDICATES TRACE AMOUNT.




$$
