000
CDUS43 KSGF 230628
CLISGF


CLIMATE REPORT
NATIONAL WEATHER SERVICE SPRINGFIELD MO
1227 AM CST TUE JAN 23 2018


...................................

...THE SPRINGFIELD MO CLIMATE SUMMARY FOR JANUARY 22 2018...

CLIMATE NORMAL PERIOD 1981 TO 2010
CLIMATE RECORD PERIOD 1888 TO 2018


WEATHER ITEM   OBSERVED TIME   RECORD YEAR NORMAL DEPARTURE LAST
                VALUE   (LST)  VALUE       VALUE  FROM      YEAR
                                                  NORMAL
..................................................................
TEMPERATURE (F)
 YESTERDAY
  MAXIMUM         56   1223 AM  74    1967  43     13       52
  MINIMUM         33   1159 PM -11    1930  22     11       36
  AVERAGE         45                        33     12       44

PRECIPITATION (IN)
  YESTERDAY        0.13          0.97 1937   0.08   0.05     0.50
  MONTH TO DATE    1.87                      1.81   0.06     4.07
  SINCE DEC 1      3.39                      4.85  -1.46     4.69
  SINCE JAN 1      1.87                      1.81   0.06     4.07

SNOWFALL (IN)
  YESTERDAY        T
  MONTH TO DATE    2.7
  SINCE DEC 1      4.5
  SINCE JUL 1      4.5
  SNOW DEPTH       0

DEGREE DAYS
 HEATING
  YESTERDAY       20                        32    -12       21
  MONTH TO DATE  806                       719     87      585
  SINCE DEC 1   1676                      1650     26     1482
  SINCE JUL 1   2360                      2529   -169     1998

 COOLING
  YESTERDAY        0                         0      0        0
  MONTH TO DATE    0                         0      0        0
  SINCE DEC 1      0                         0      0        0
  SINCE JAN 1      0                         0      0        0
..................................................................


WIND (MPH)
  HIGHEST WIND SPEED    32   HIGHEST WIND DIRECTION    SW (240)
  HIGHEST GUST SPEED    48   HIGHEST GUST DIRECTION    SW (230)
  AVERAGE WIND SPEED    18.4


SKY COVER
  AVERAGE SKY COVER 0.7


WEATHER CONDITIONS
 THE FOLLOWING WEATHER WAS RECORDED YESTERDAY.
  RAIN
  LIGHT RAIN
  LIGHT SNOW
  SLEET
  FOG


RELATIVE HUMIDITY (PERCENT)
 HIGHEST    93           100 AM
 LOWEST     57           100 PM
 AVERAGE    75

..........................................................


THE SPRINGFIELD MO CLIMATE NORMALS FOR TODAY
                         NORMAL    RECORD    YEAR
 MAXIMUM TEMPERATURE (F)   43        75      1909
 MINIMUM TEMPERATURE (F)   22       -10      1963


SUNRISE AND SUNSET
JANUARY 23 2018.......SUNRISE   723 AM CST   SUNSET   528 PM CST
JANUARY 24 2018.......SUNRISE   722 AM CST   SUNSET   530 PM CST


-  INDICATES NEGATIVE NUMBERS.
R  INDICATES RECORD WAS SET OR TIED.
MM INDICATES DATA IS MISSING.
T  INDICATES TRACE AMOUNT.




$$
