000
CDUS43 KSGF 162226
CLISGF


CLIMATE REPORT
NATIONAL WEATHER SERVICE SPRINGFIELD MO
526 PM CDT TUE SEP 16 2014


...................................

...THE SPRINGFIELD MO CLIMATE SUMMARY FOR SEPTEMBER 16 2014...
VALID TODAY AS OF 0500 PM LOCAL TIME.

CLIMATE NORMAL PERIOD 1981 TO 2010
CLIMATE RECORD PERIOD 1888 TO 2014


WEATHER ITEM   OBSERVED TIME   RECORD YEAR NORMAL DEPARTURE LAST
                VALUE   (LST)  VALUE       VALUE  FROM      YEAR
                                                  NORMAL
..................................................................
TEMPERATURE (F)
 TODAY
  MAXIMUM         77    221 PM  95    1980  80     -3       75
                                      1956
                                      1954
  MINIMUM         63    748 AM  41    1961  58      5       66
  AVERAGE         70                        69      1       71

PRECIPITATION (IN)
  TODAY            0.00          1.73 1911   0.16  -0.16     0.09
  MONTH TO DATE    1.72                      2.48  -0.76     0.13
  SINCE SEP 1      1.72                      2.48  -0.76     0.13
  SINCE JAN 1     23.69                     32.59  -8.90    38.28

SNOWFALL (IN)
  TODAY            0.0
  MONTH TO DATE    0.0
  SINCE SEP 1      0.0
  SINCE JUL 1      0.0
  SNOW DEPTH       0

DEGREE DAYS
 HEATING
  TODAY            0                         2     -2        0
  MONTH TO DATE   25                         9     16        0
  SINCE SEP 1     25                         9     16        0
  SINCE JUL 1     25                        11     14        0

 COOLING
  TODAY            5                         5      0        6
  MONTH TO DATE  122                       121      1      173
  SINCE SEP 1    122                       121      1      173
  SINCE JAN 1   1368                      1307     61     1316
..................................................................


WIND (MPH)
  HIGHEST WIND SPEED    13   HIGHEST WIND DIRECTION    NE (30)
  HIGHEST GUST SPEED    15   HIGHEST GUST DIRECTION    NE (40)


SKY COVER
  AVERAGE SKY COVER 1.0


WEATHER CONDITIONS
 THE FOLLOWING WEATHER WAS RECORDED TODAY.
  NO SIGNIFICANT WEATHER WAS OBSERVED.


RELATIVE HUMIDITY (PERCENT)
 HIGHEST    84           700 AM
 LOWEST     61           100 PM
 AVERAGE    73

..........................................................


THE SPRINGFIELD MO CLIMATE NORMALS FOR TOMORROW
                         NORMAL    RECORD    YEAR
 MAXIMUM TEMPERATURE (F)   80        96      1953
 MINIMUM TEMPERATURE (F)   57        39      1903


SUNRISE AND SUNSET
SEPTEMBER 16 2014.....SUNRISE   656 AM CDT   SUNSET   720 PM CDT
SEPTEMBER 17 2014.....SUNRISE   657 AM CDT   SUNSET   718 PM CDT


-  INDICATES NEGATIVE NUMBERS.
R  INDICATES RECORD WAS SET OR TIED.
MM INDICATES DATA IS MISSING.
T  INDICATES TRACE AMOUNT.




$$
