000
CDUS43 KSGF 270625
CLISGF


CLIMATE REPORT
NATIONAL WEATHER SERVICE SPRINGFIELD MO
125 AM CDT WED AUG 27 2014


...................................

...THE SPRINGFIELD MO CLIMATE SUMMARY FOR AUGUST 26 2014...

CLIMATE NORMAL PERIOD 1981 TO 2010
CLIMATE RECORD PERIOD 1888 TO 2014


WEATHER ITEM   OBSERVED TIME   RECORD YEAR NORMAL DEPARTURE LAST
                VALUE   (LST)  VALUE       VALUE  FROM      YEAR
                                                  NORMAL
..................................................................
TEMPERATURE (F)
 YESTERDAY
  MAXIMUM         99    338 PM 100    1938  88     11       90
  MINIMUM         73   1159 PM  46    1962  65      8       72
  AVERAGE         86                        77      9       81

PRECIPITATION (IN)
  YESTERDAY        0.01          2.04 1941   0.14  -0.13     0.00
  MONTH TO DATE    1.18                      2.89  -1.71     5.84
  SINCE JUN 1      9.71                     11.42  -1.71    14.43
  SINCE JAN 1     21.19                     29.45  -8.26    38.15

SNOWFALL (IN)
  YESTERDAY        0.0
  MONTH TO DATE    0.0
  SINCE JUN 1      0.0
  SINCE JUL 1      0.0
  SNOW DEPTH       0

DEGREE DAYS
 HEATING
  YESTERDAY        0                         0      0        0
  MONTH TO DATE    0                         0      0        0
  SINCE JUN 1      0                         9     -9       14
  SINCE JUL 1      0                         0      0        0

 COOLING
  YESTERDAY       21                        12      9       16
  MONTH TO DATE  382                       346     36      274
  SINCE JUN 1    968                      1019    -51      931
  SINCE JAN 1   1161                      1134     27     1058
..................................................................


WIND (MPH)
  HIGHEST WIND SPEED    25   HIGHEST WIND DIRECTION    NE (50)
  HIGHEST GUST SPEED    32   HIGHEST GUST DIRECTION     E (80)
  AVERAGE WIND SPEED     5.3


SKY COVER
  AVERAGE SKY COVER 0.1


WEATHER CONDITIONS
 THE FOLLOWING WEATHER WAS RECORDED YESTERDAY.
  THUNDERSTORM
  LIGHT RAIN


RELATIVE HUMIDITY (PERCENT)
 HIGHEST    87           600 AM
 LOWEST     29           300 PM
 AVERAGE    58

..........................................................


THE SPRINGFIELD MO CLIMATE NORMALS FOR TODAY
                         NORMAL    RECORD    YEAR
 MAXIMUM TEMPERATURE (F)   88       101      1954
 MINIMUM TEMPERATURE (F)   65        47      1967


SUNRISE AND SUNSET
AUGUST 27 2014........SUNRISE   640 AM CDT   SUNSET   749 PM CDT
AUGUST 28 2014........SUNRISE   641 AM CDT   SUNSET   748 PM CDT


-  INDICATES NEGATIVE NUMBERS.
R  INDICATES RECORD WAS SET OR TIED.
MM INDICATES DATA IS MISSING.
T  INDICATES TRACE AMOUNT.




$$
