000
CDUS43 KSGF 240630
CLISGF


CLIMATE REPORT
NATIONAL WEATHER SERVICE SPRINGFIELD MO
130 AM CDT SAT JUN 24 2017


...................................

...THE SPRINGFIELD MO CLIMATE SUMMARY FOR JUNE 23 2017...

CLIMATE NORMAL PERIOD 1981 TO 2010
CLIMATE RECORD PERIOD 1888 TO 2017


WEATHER ITEM   OBSERVED TIME   RECORD YEAR NORMAL DEPARTURE LAST
                VALUE   (LST)  VALUE       VALUE  FROM      YEAR
                                                  NORMAL
..................................................................
TEMPERATURE (F)
 YESTERDAY
  MAXIMUM         83   1016 AM  98    1934  86     -3       96
                                      1933
  MINIMUM         62   1159 PM  49    2004  65     -3       70
  AVERAGE         73                        76     -3       83

PRECIPITATION (IN)
  YESTERDAY        1.91          4.01 1979   0.17   1.74     1.83
  MONTH TO DATE    3.37                      3.76  -0.39     3.23
  SINCE JUN 1      3.37                      3.76  -0.39     3.23
  SINCE JAN 1     32.07                     21.79  10.28    14.48

SNOWFALL (IN)
  YESTERDAY        0.0
  MONTH TO DATE    0.0
  SINCE JUN 1      0.0
  SINCE JUL 1      1.8
  SNOW DEPTH       0

DEGREE DAYS
 HEATING
  YESTERDAY        0                         0      0        0
  MONTH TO DATE    0                         7     -7        0
  SINCE JUN 1      0                         7     -7        0
  SINCE JUL 1   3355                      4576  -1221     3629

 COOLING
  YESTERDAY        8                        11     -3       18
  MONTH TO DATE  217                       185     32      293
  SINCE JUN 1    217                       185     32      293
  SINCE JAN 1    365                       300     65      413
..................................................................


WIND (MPH)
  HIGHEST WIND SPEED    44   HIGHEST WIND DIRECTION     N (360)
  HIGHEST GUST SPEED    59   HIGHEST GUST DIRECTION     N (350)
  AVERAGE WIND SPEED     7.5


SKY COVER
  AVERAGE SKY COVER 0.4


WEATHER CONDITIONS
 THE FOLLOWING WEATHER WAS RECORDED YESTERDAY.
  THUNDERSTORM
  HEAVY RAIN
  RAIN
  LIGHT RAIN
  FOG
  FOG W/VISIBILITY <= 1/4 MILE


RELATIVE HUMIDITY (PERCENT)
 HIGHEST   100           100 AM
 LOWEST     45           500 PM
 AVERAGE    73

..........................................................


THE SPRINGFIELD MO CLIMATE NORMALS FOR TODAY
                         NORMAL    RECORD    YEAR
 MAXIMUM TEMPERATURE (F)   86        99      1988
 MINIMUM TEMPERATURE (F)   65        45      1961


SUNRISE AND SUNSET
JUNE 24 2017..........SUNRISE   554 AM CDT   SUNSET   838 PM CDT
JUNE 25 2017..........SUNRISE   555 AM CDT   SUNSET   838 PM CDT


-  INDICATES NEGATIVE NUMBERS.
R  INDICATES RECORD WAS SET OR TIED.
MM INDICATES DATA IS MISSING.
T  INDICATES TRACE AMOUNT.




$$
