000
CDUS45 KBYZ 020932
CLISHR


CLIMATE REPORT
NATIONAL WEATHER SERVICE BILLINGS MT
330 AM MDT THU OCT 2 2014


...................................

...THE SHERIDAN WY CLIMATE SUMMARY FOR OCTOBER 1 2014...

CLIMATE NORMAL PERIOD 1981 TO 2010
CLIMATE RECORD PERIOD 1907 TO 2014


WEATHER ITEM   OBSERVED TIME   RECORD YEAR NORMAL DEPARTURE LAST
                VALUE   (LST)  VALUE       VALUE  FROM      YEAR
                                                  NORMAL
..................................................................
TEMPERATURE (F)
 YESTERDAY
  MAXIMUM         58    246 PM  93    2011  66     -8       68
  MINIMUM         34   1025 PM  22    1985  36     -2       35
  AVERAGE         46                        51     -5       52

PRECIPITATION (IN)
  YESTERDAY        0.02          1.20 1989   0.06  -0.04     0.00
  MONTH TO DATE    0.02                      0.06  -0.04     0.00
  SINCE OCT 1      0.02                      0.06  -0.04     0.00
  SINCE JAN 1     12.72                     11.54   1.18    14.25

SNOWFALL (IN)
  YESTERDAY       MM             2.1  1950   0.2   MM       MM
  MONTH TO DATE   MM                         0.2   MM       MM
  SINCE SEP 1     MM                         3.0   MM       MM
  SINCE JUL 1     MM                         3.0   MM       MM
  SNOW DEPTH      MM

DEGREE DAYS
 HEATING
  YESTERDAY       19                        14      5       13
  MONTH TO DATE   19                        14      5       13
  SINCE SEP 1    249                       255     -6      167
  SINCE JUL 1    299                       317    -18      168

 COOLING
  YESTERDAY        0                         0      0        0
  MONTH TO DATE    0                         0      0        0
  SINCE SEP 1     28                        28      0       82
  SINCE JAN 1    346                       418    -72      592
..................................................................


WIND (MPH)
  HIGHEST WIND SPEED    22   HIGHEST WIND DIRECTION    NW (320)
  HIGHEST GUST SPEED    29   HIGHEST GUST DIRECTION    NW (330)
  AVERAGE WIND SPEED    10.9


SKY COVER
  POSSIBLE SUNSHINE  MM
  AVERAGE SKY COVER 0.8


WEATHER CONDITIONS
 THE FOLLOWING WEATHER WAS RECORDED YESTERDAY.
  LIGHT RAIN


RELATIVE HUMIDITY (PERCENT)
 HIGHEST    86           900 AM
 LOWEST     47           200 PM
 AVERAGE    67

..........................................................


THE SHERIDAN WY CLIMATE NORMALS FOR TODAY
                         NORMAL    RECORD    YEAR
 MAXIMUM TEMPERATURE (F)   66        89      1992
 MINIMUM TEMPERATURE (F)   35        25      1964
                                             1921


SUNRISE AND SUNSET
OCTOBER  2 2014.......SUNRISE   707 AM MDT   SUNSET   646 PM MDT
OCTOBER  3 2014.......SUNRISE   708 AM MDT   SUNSET   645 PM MDT


-  INDICATES NEGATIVE NUMBERS.
R  INDICATES RECORD WAS SET OR TIED.
MM INDICATES DATA IS MISSING.
T  INDICATES TRACE AMOUNT.




$$
