000
CDUS45 KBYZ 220723
CLISHR


CLIMATE REPORT
NATIONAL WEATHER SERVICE BILLINGS MT
123 AM MDT FRI SEP 22 2017


...................................

...THE SHERIDAN WY CLIMATE SUMMARY FOR SEPTEMBER 21 2017...

CLIMATE NORMAL PERIOD 1981 TO 2010
CLIMATE RECORD PERIOD 1907 TO 2017


WEATHER ITEM   OBSERVED TIME   RECORD YEAR NORMAL DEPARTURE LAST
                VALUE   (LST)  VALUE       VALUE  FROM      YEAR
                                                  NORMAL
..................................................................
TEMPERATURE (F)
 YESTERDAY
  MAXIMUM         59   1200 AM  92    1938  71    -12       58
  MINIMUM         45   1159 PM  23    1983  39      6       50
  AVERAGE         52                        55     -3       54

PRECIPITATION (IN)
  YESTERDAY        0.00          0.80 1931   0.06  -0.06     0.06
  MONTH TO DATE    1.29                      0.94   0.35     0.91
  SINCE OCT 1     18.91                     13.67   5.24    12.57
  SINCE JAN 1     15.18                     10.99   4.19    10.42

DEGREE DAYS
 HEATING
  YESTERDAY       13                        10      3       11
  MONTH TO DATE  136                       133      3      119
  SINCE SEP 1    136                       133      3      119
  SINCE JUL 1    160                       195    -35      162

 COOLING
  YESTERDAY        0                         0      0        0
  MONTH TO DATE   52                        26     26       30
  SINCE SEP 1     52                        26     26       30
  SINCE JAN 1    481                       416     65      549
..................................................................


WIND (MPH)
  HIGHEST WIND SPEED    18   HIGHEST WIND DIRECTION    NW (300)
  HIGHEST GUST SPEED    23   HIGHEST GUST DIRECTION     W (290)
  AVERAGE WIND SPEED    10.4


SKY COVER
  POSSIBLE SUNSHINE  MM
  AVERAGE SKY COVER 1.0


WEATHER CONDITIONS
 THE FOLLOWING WEATHER WAS RECORDED YESTERDAY.
  NO SIGNIFICANT WEATHER WAS OBSERVED.


RELATIVE HUMIDITY (PERCENT)
 HIGHEST    89           900 PM
 LOWEST     30          1200 AM
 AVERAGE    60

..........................................................


THE SHERIDAN WY CLIMATE NORMALS FOR TODAY
                         NORMAL    RECORD    YEAR
 MAXIMUM TEMPERATURE (F)   71        92      1936
 MINIMUM TEMPERATURE (F)   39        24      1995


SUNRISE AND SUNSET
SEPTEMBER 22 2017.....SUNRISE   655 AM MDT   SUNSET   705 PM MDT
SEPTEMBER 23 2017.....SUNRISE   657 AM MDT   SUNSET   703 PM MDT


-  INDICATES NEGATIVE NUMBERS.
R  INDICATES RECORD WAS SET OR TIED.
MM INDICATES DATA IS MISSING.
T  INDICATES TRACE AMOUNT.




$$
