000
CDUS45 KBYZ 271033
CLISHR


CLIMATE REPORT
NATIONAL WEATHER SERVICE BILLINGS MT
332 AM MST FRI FEB 27 2015


...................................

...THE SHERIDAN WY CLIMATE SUMMARY FOR FEBRUARY 26 2015...

CLIMATE NORMAL PERIOD 1981 TO 2010
CLIMATE RECORD PERIOD 1907 TO 2015


WEATHER ITEM   OBSERVED TIME   RECORD YEAR NORMAL DEPARTURE LAST
                VALUE   (LST)  VALUE       VALUE  FROM      YEAR
                                                  NORMAL
..................................................................
TEMPERATURE (F)
 YESTERDAY
  MAXIMUM         12    301 PM  66    1932  42    -30       36
  MINIMUM         -9   1134 PM -23    1934  17    -26      -16
  AVERAGE          2                        29    -27       10

PRECIPITATION (IN)
  YESTERDAY        0.04          0.96        0.02   0.02     0.00
  MONTH TO DATE    1.28                      0.50   0.78     0.99
  SINCE OCT 1      4.12                      3.74   0.38     5.39
  SINCE JAN 1      1.73                      1.06   0.67     1.63

DEGREE DAYS
 HEATING
  YESTERDAY       63                        36     27       55
  MONTH TO DATE  863                      1003   -140     1256
  SINCE DEC 1   3290                      3585   -295     3851
  SINCE JUL 1   5116                      5463   -347     5656

 COOLING
  YESTERDAY        0                         0      0        0
  MONTH TO DATE    0                         0      0        0
  SINCE DEC 1      0                         0      0        0
  SINCE JAN 1      0                         0      0        0
..................................................................


WIND (MPH)
  HIGHEST WIND SPEED    12   HIGHEST WIND DIRECTION    NE (40)
  HIGHEST GUST SPEED    14   HIGHEST GUST DIRECTION     N (20)
  AVERAGE WIND SPEED     4.5


SKY COVER
  POSSIBLE SUNSHINE  MM
  AVERAGE SKY COVER 0.8


WEATHER CONDITIONS
 THE FOLLOWING WEATHER WAS RECORDED YESTERDAY.
  LIGHT SNOW
  FOG
  HAZE


RELATIVE HUMIDITY (PERCENT)
 HIGHEST    88           400 AM
 LOWEST     63           100 PM
 AVERAGE    76

..........................................................


THE SHERIDAN WY CLIMATE NORMALS FOR TODAY
                         NORMAL    RECORD    YEAR
 MAXIMUM TEMPERATURE (F)   42        70      1992
                                             1932
 MINIMUM TEMPERATURE (F)   17       -19      1947


SUNRISE AND SUNSET
FEBRUARY 27 2015......SUNRISE   649 AM MST   SUNSET   553 PM MST
FEBRUARY 28 2015......SUNRISE   647 AM MST   SUNSET   554 PM MST


-  INDICATES NEGATIVE NUMBERS.
R  INDICATES RECORD WAS SET OR TIED.
MM INDICATES DATA IS MISSING.
T  INDICATES TRACE AMOUNT.




$$
