000
CDUS45 KBYZ 021034
CLISHR


CLIMATE REPORT
NATIONAL WEATHER SERVICE BILLINGS MT
333 AM MST FRI DEC 2 2016


...................................

...THE SHERIDAN WY CLIMATE SUMMARY FOR DECEMBER 1 2016...

CLIMATE NORMAL PERIOD 1981 TO 2010
CLIMATE RECORD PERIOD 1907 TO 2016


WEATHER ITEM   OBSERVED TIME   RECORD YEAR NORMAL DEPARTURE LAST
                VALUE   (LST)  VALUE       VALUE  FROM      YEAR
                                                  NORMAL
..................................................................
TEMPERATURE (F)
 YESTERDAY
  MAXIMUM         41    125 PM  71    1995  38      3       38
  MINIMUM         19   1201 AM -25    1919  13      6       11
  AVERAGE         30                        26      4       25

PRECIPITATION (IN)
  YESTERDAY        0.00          0.28 1978   0.02  -0.02     0.00
  MONTH TO DATE    0.00                      0.02  -0.02     0.00
  SINCE OCT 1      2.73                      2.14   0.59     1.91
  SINCE JAN 1     15.95                     13.62   2.33    15.65

DEGREE DAYS
 HEATING
  YESTERDAY       35                        40     -5       40
  MONTH TO DATE   35                        40     -5       40
  SINCE DEC 1     35                        40     -5       40
  SINCE JUL 1   1512                      1918   -406     1592

 COOLING
  YESTERDAY        0                         0      0        0
  MONTH TO DATE    0                         0      0        0
  SINCE DEC 1      0                         0      0        0
  SINCE JAN 1    549                       419    130      479
..................................................................


WIND (MPH)
  HIGHEST WIND SPEED    13   HIGHEST WIND DIRECTION     W (260)
  HIGHEST GUST SPEED    15   HIGHEST GUST DIRECTION    NW (300)
  AVERAGE WIND SPEED     4.7


SKY COVER
  POSSIBLE SUNSHINE  MM
  AVERAGE SKY COVER 0.9


WEATHER CONDITIONS
 THE FOLLOWING WEATHER WAS RECORDED YESTERDAY.
  NO SIGNIFICANT WEATHER WAS OBSERVED.


RELATIVE HUMIDITY (PERCENT)
 HIGHEST    81           600 AM
 LOWEST     41           100 PM
 AVERAGE    61

..........................................................


THE SHERIDAN WY CLIMATE NORMALS FOR TODAY
                         NORMAL    RECORD    YEAR
 MAXIMUM TEMPERATURE (F)   38        70      1941
 MINIMUM TEMPERATURE (F)   13       -25      1919


SUNRISE AND SUNSET
DECEMBER  2 2016......SUNRISE   727 AM MST   SUNSET   428 PM MST
DECEMBER  3 2016......SUNRISE   728 AM MST   SUNSET   428 PM MST


-  INDICATES NEGATIVE NUMBERS.
R  INDICATES RECORD WAS SET OR TIED.
MM INDICATES DATA IS MISSING.
T  INDICATES TRACE AMOUNT.




$$
