119
CDUS45 KBYZ 250723
CLISHR


CLIMATE REPORT
NATIONAL WEATHER SERVICE BILLINGS MT
123 AM MDT TUE JUL 25 2017


...................................

...THE SHERIDAN WY CLIMATE SUMMARY FOR JULY 24 2017...

CLIMATE NORMAL PERIOD 1981 TO 2010
CLIMATE RECORD PERIOD 1907 TO 2017


WEATHER ITEM   OBSERVED TIME   RECORD YEAR NORMAL DEPARTURE LAST
                VALUE   (LST)  VALUE       VALUE  FROM      YEAR
                                                  NORMAL
..................................................................
TEMPERATURE (F)
 YESTERDAY
  MAXIMUM         97    500 PM 104    2007  89      8       92
                                      1959
  MINIMUM         58    453 AM  36    1911  54      4       54
  AVERAGE         78                        72      6       73

PRECIPITATION (IN)
  YESTERDAY        0.00          0.70 1981   0.03  -0.03     0.00
  MONTH TO DATE    0.34                      0.94  -0.60     0.16
  SINCE OCT 1     17.15                     11.77   5.38    10.16
  SINCE JAN 1     13.42                      9.09   4.33     8.01

DEGREE DAYS
 HEATING
  YESTERDAY        0                         0      0        0
  MONTH TO DATE    0                        24    -24        6
  SINCE JUN 1     78                       173    -95       22
  SINCE JUL 1      0                        24    -24        6

 COOLING
  YESTERDAY       13                         7      6        8
  MONTH TO DATE  238                       135    103      165
  SINCE JUN 1    272                       181     91      288
  SINCE JAN 1    272                       185     87      290
..................................................................


WIND (MPH)
  HIGHEST WIND SPEED    20   HIGHEST WIND DIRECTION    NW (320)
  HIGHEST GUST SPEED    25   HIGHEST GUST DIRECTION     N (340)
  AVERAGE WIND SPEED     6.9


SKY COVER
  POSSIBLE SUNSHINE  MM
  AVERAGE SKY COVER 0.0


WEATHER CONDITIONS
 THE FOLLOWING WEATHER WAS RECORDED YESTERDAY.
  NO SIGNIFICANT WEATHER WAS OBSERVED.


RELATIVE HUMIDITY (PERCENT)
 HIGHEST    67           500 AM
 LOWEST     14           400 PM
 AVERAGE    41

..........................................................


THE SHERIDAN WY CLIMATE NORMALS FOR TODAY
                         NORMAL    RECORD    YEAR
 MAXIMUM TEMPERATURE (F)   89       102      1933
 MINIMUM TEMPERATURE (F)   54        37      1911


SUNRISE AND SUNSET
JULY 25 2017..........SUNRISE   547 AM MDT   SUNSET   842 PM MDT
JULY 26 2017..........SUNRISE   548 AM MDT   SUNSET   840 PM MDT


-  INDICATES NEGATIVE NUMBERS.
R  INDICATES RECORD WAS SET OR TIED.
MM INDICATES DATA IS MISSING.
T  INDICATES TRACE AMOUNT.




$$
