000
CDUS45 KBYZ 061035
CLISHR


CLIMATE REPORT
NATIONAL WEATHER SERVICE BILLINGS MT
334 AM MST SAT FEB 6 2016


...................................

...THE SHERIDAN WY CLIMATE SUMMARY FOR FEBRUARY 5 2016...

CLIMATE NORMAL PERIOD 1981 TO 2010
CLIMATE RECORD PERIOD 1907 TO 2016


WEATHER ITEM   OBSERVED TIME   RECORD YEAR NORMAL DEPARTURE LAST
                VALUE   (LST)  VALUE       VALUE  FROM      YEAR
                                                  NORMAL
..................................................................
TEMPERATURE (F)
 YESTERDAY
  MAXIMUM         41    212 PM  61    1947  37      4       57
  MINIMUM         19    736 AM -25    2014  13      6       15
  AVERAGE         30                        25      5       36

PRECIPITATION (IN)
  YESTERDAY        0.01          0.28 1929   0.02  -0.01     0.00
  MONTH TO DATE    0.29                      0.10   0.19     0.17
  SINCE OCT 1      3.00                      3.34  -0.34     3.01
  SINCE JAN 1      0.85                      0.66   0.19     0.62

DEGREE DAYS
 HEATING
  YESTERDAY       35                        40     -5       29
  MONTH TO DATE  205                       200      5      194
  SINCE DEC 1   2588                      2782   -194     2621
  SINCE JUL 1   4140                      4660   -520     4447

 COOLING
  YESTERDAY        0                         0      0        0
  MONTH TO DATE    0                         0      0        0
  SINCE DEC 1      0                         0      0        0
  SINCE JAN 1      0                         0      0        0
..................................................................


WIND (MPH)
  HIGHEST WIND SPEED    28   HIGHEST WIND DIRECTION    NW (310)
  HIGHEST GUST SPEED    35   HIGHEST GUST DIRECTION    NW (300)
  AVERAGE WIND SPEED     7.3


SKY COVER
  POSSIBLE SUNSHINE  MM
  AVERAGE SKY COVER 0.2


WEATHER CONDITIONS
 THE FOLLOWING WEATHER WAS RECORDED YESTERDAY.
  SNOW
  LIGHT SNOW


RELATIVE HUMIDITY (PERCENT)
 HIGHEST    85           200 AM
 LOWEST     38           400 PM
 AVERAGE    62

..........................................................


THE SHERIDAN WY CLIMATE NORMALS FOR TODAY
                         NORMAL    RECORD    YEAR
 MAXIMUM TEMPERATURE (F)   37        72      2015
 MINIMUM TEMPERATURE (F)   13       -28      2014


SUNRISE AND SUNSET
FEBRUARY  6 2016......SUNRISE   721 AM MST   SUNSET   523 PM MST
FEBRUARY  7 2016......SUNRISE   720 AM MST   SUNSET   524 PM MST


-  INDICATES NEGATIVE NUMBERS.
R  INDICATES RECORD WAS SET OR TIED.
MM INDICATES DATA IS MISSING.
T  INDICATES TRACE AMOUNT.




$$
