000
CDUS45 KBYZ 211036
CLISHR


CLIMATE REPORT
NATIONAL WEATHER SERVICE BILLINGS MT
335 AM MST SUN DEC 21 2014


...................................

...THE SHERIDAN WY CLIMATE SUMMARY FOR DECEMBER 20 2014...

CLIMATE NORMAL PERIOD 1981 TO 2010
CLIMATE RECORD PERIOD 1907 TO 2014


WEATHER ITEM   OBSERVED TIME   RECORD YEAR NORMAL DEPARTURE LAST
                VALUE   (LST)  VALUE       VALUE  FROM      YEAR
                                                  NORMAL
..................................................................
TEMPERATURE (F)
 YESTERDAY
  MAXIMUM         45   1206 PM  58    1957  34     11       22
                                      1956
  MINIMUM         20   1018 PM -25    1990  10     10       -6
  AVERAGE         33                        22     11        8

PRECIPITATION (IN)
  YESTERDAY        0.00          0.37        0.02  -0.02     0.00
  MONTH TO DATE    0.29                      0.38  -0.09     0.68
  SINCE OCT 1      1.94                      2.50  -0.56     3.32
  SINCE JAN 1     14.64                     13.98   0.66    17.57

DEGREE DAYS
 HEATING
  YESTERDAY       32                        43    -11       57
  MONTH TO DATE  708                       837   -129     1002
  SINCE DEC 1    708                       837   -129     1002
  SINCE JUL 1   2534                      2715   -181     2807

 COOLING
  YESTERDAY        0                         0      0        0
  MONTH TO DATE    0                         0      0        0
  SINCE DEC 1      0                         0      0        0
  SINCE JAN 1    346                       419    -73      592
..................................................................


WIND (MPH)
  HIGHEST WIND SPEED     9   HIGHEST WIND DIRECTION     W (250)
  HIGHEST GUST SPEED    11   HIGHEST GUST DIRECTION     N (10)
  AVERAGE WIND SPEED     2.7


SKY COVER
  POSSIBLE SUNSHINE  MM
  AVERAGE SKY COVER 0.3


WEATHER CONDITIONS
 THE FOLLOWING WEATHER WAS RECORDED YESTERDAY.
  NO SIGNIFICANT WEATHER WAS OBSERVED.


RELATIVE HUMIDITY (PERCENT)
 HIGHEST    84           800 AM
 LOWEST     49          1200 PM
 AVERAGE    67

..........................................................


THE SHERIDAN WY CLIMATE NORMALS FOR TODAY
                         NORMAL    RECORD    YEAR
 MAXIMUM TEMPERATURE (F)   34        63      1933
 MINIMUM TEMPERATURE (F)   10       -35      1989


SUNRISE AND SUNSET
DECEMBER 21 2014......SUNRISE   742 AM MST   SUNSET   430 PM MST
DECEMBER 22 2014......SUNRISE   743 AM MST   SUNSET   430 PM MST


-  INDICATES NEGATIVE NUMBERS.
R  INDICATES RECORD WAS SET OR TIED.
MM INDICATES DATA IS MISSING.
T  INDICATES TRACE AMOUNT.




$$
