381
CDUS45 KBYZ 290936
CLISHR


CLIMATE REPORT
NATIONAL WEATHER SERVICE BILLINGS MT
334 AM MDT WED MAR 29 2017


...................................

...THE SHERIDAN WY CLIMATE SUMMARY FOR MARCH 28 2017...

CLIMATE NORMAL PERIOD 1981 TO 2010
CLIMATE RECORD PERIOD 1907 TO 2017


WEATHER ITEM   OBSERVED TIME   RECORD YEAR NORMAL DEPARTURE LAST
                VALUE   (LST)  VALUE       VALUE  FROM      YEAR
                                                  NORMAL
..................................................................
TEMPERATURE (F)
 YESTERDAY
  MAXIMUM         48    414 PM  80    2015  52     -4       50
  MINIMUM         31   1159 PM  -2    1987  25      6       26
  AVERAGE         40                        39      1       38

PRECIPITATION (IN)
  YESTERDAY        0.52R         0.43 2007   0.04   0.48     0.10
                                      1962
  MONTH TO DATE    2.38                      0.86   1.52     0.95
  SINCE OCT 1      7.81                      4.64   3.17     4.55
  SINCE JAN 1      4.08                      1.96   2.12     2.40

DEGREE DAYS
 HEATING
  YESTERDAY       25                        26     -1       27
  MONTH TO DATE  671                       847   -176      690
  SINCE MAR 1    671                       847   -176      690
  SINCE JUL 1   6193                      6382   -189     5436

 COOLING
  YESTERDAY        0                         0      0        0
  MONTH TO DATE    0                         0      0        0
  SINCE MAR 1      0                         0      0        0
  SINCE JAN 1      0                         0      0        0
..................................................................


WIND (MPH)
  HIGHEST WIND SPEED    25   HIGHEST WIND DIRECTION    NW (300)
  HIGHEST GUST SPEED    31   HIGHEST GUST DIRECTION    NW (300)
  AVERAGE WIND SPEED    10.8


SKY COVER
  POSSIBLE SUNSHINE  MM
  AVERAGE SKY COVER 0.7


WEATHER CONDITIONS
 THE FOLLOWING WEATHER WAS RECORDED YESTERDAY.
  RAIN
  LIGHT RAIN
  FOG


RELATIVE HUMIDITY (PERCENT)
 HIGHEST    92           600 AM
 LOWEST     65           500 PM
 AVERAGE    79

..........................................................


THE SHERIDAN WY CLIMATE NORMALS FOR TODAY
                         NORMAL    RECORD    YEAR
 MAXIMUM TEMPERATURE (F)   52        77      1978
 MINIMUM TEMPERATURE (F)   26       -10      1987


SUNRISE AND SUNSET
MARCH 29 2017.........SUNRISE   654 AM MDT   SUNSET   732 PM MDT
MARCH 30 2017.........SUNRISE   652 AM MDT   SUNSET   733 PM MDT


-  INDICATES NEGATIVE NUMBERS.
R  INDICATES RECORD WAS SET OR TIED.
MM INDICATES DATA IS MISSING.
T  INDICATES TRACE AMOUNT.




$$
