373
CDUS44 KSHV 290735
CLISHV


CLIMATE REPORT
NATIONAL WEATHER SERVICE SHREVEPORT, LA
235 AM CDT SAT APR 29 2017


...................................

...THE SHREVEPORT CLIMATE SUMMARY FOR APRIL 28 2017...

CLIMATE NORMAL PERIOD 1981 TO 2010
CLIMATE RECORD PERIOD 1874 TO 2017


WEATHER ITEM   OBSERVED TIME   RECORD YEAR NORMAL DEPARTURE LAST
                VALUE   (LST)  VALUE       VALUE  FROM      YEAR
                                                  NORMAL
..................................................................
TEMPERATURE (F)
 YESTERDAY
  MAXIMUM         89    232 PM  92    1887  80      9       87
  MINIMUM         62    118 AM  43    1973  57      5       57
  AVERAGE         76                        68      8       72

PRECIPITATION (IN)
  YESTERDAY        0.00          5.52 1953   0.14  -0.14     0.00
  MONTH TO DATE    4.03                      3.90   0.13     9.69
  SINCE DEC 1     12.76                     21.76  -9.00    30.43
  SINCE JAN 1      9.62                     16.99  -7.37    27.54

SNOWFALL (IN)
  YESTERDAY        0.0
  MONTH TO DATE    0.0
  SINCE MAR 1      0.0
  SINCE JUL 1      0.0
  SNOW DEPTH       0

DEGREE DAYS
 HEATING
  YESTERDAY        0                         1     -1        0
  MONTH TO DATE   30                        84    -54       33
  SINCE MAR 1    164                       335   -171      146
  SINCE JUL 1   1195                      2217  -1022     1449

 COOLING
  YESTERDAY       11                         5      6        7
  MONTH TO DATE  140                        84     56      106
  SINCE MAR 1    241                       115    126      160
  SINCE JAN 1    311                       125    186      178
..................................................................


WIND (MPH)
  HIGHEST WIND SPEED    31   HIGHEST WIND DIRECTION     S (160)
  HIGHEST GUST SPEED    39   HIGHEST GUST DIRECTION     S (160)
  AVERAGE WIND SPEED    15.0


SKY COVER
  POSSIBLE SUNSHINE  MM
  AVERAGE SKY COVER 0.8


WEATHER CONDITIONS
 THE FOLLOWING WEATHER WAS RECORDED YESTERDAY.
  NO SIGNIFICANT WEATHER WAS OBSERVED.


RELATIVE HUMIDITY (PERCENT)
 HIGHEST    93           800 AM
 LOWEST     61           100 PM
 AVERAGE    77

..........................................................


THE SHREVEPORT CLIMATE NORMALS FOR TODAY
                         NORMAL    RECORD    YEAR
 MAXIMUM TEMPERATURE (F)   80        96      1887
 MINIMUM TEMPERATURE (F)   58        45      1997
                                             1965


SUNRISE AND SUNSET
APRIL 29 2017.........SUNRISE   630 AM CDT   SUNSET   755 PM CDT
APRIL 30 2017.........SUNRISE   629 AM CDT   SUNSET   756 PM CDT


-  INDICATES NEGATIVE NUMBERS.
R  INDICATES RECORD WAS SET OR TIED.
MM INDICATES DATA IS MISSING.
T  INDICATES TRACE AMOUNT.




$$

19
