158
CDUS44 KSHV 162247
CLISHV


CLIMATE REPORT
NATIONAL WEATHER SERVICE SHREVEPORT, LA
447 PM CST SAT DEC 16 2017


...................................

...THE SHREVEPORT CLIMATE SUMMARY FOR DECEMBER 16 2017...
VALID TODAY AS OF 0400 PM LOCAL TIME.

CLIMATE NORMAL PERIOD 1981 TO 2010
CLIMATE RECORD PERIOD 1874 TO 2017


WEATHER ITEM   OBSERVED TIME   RECORD YEAR NORMAL DEPARTURE LAST
                VALUE   (LST)  VALUE       VALUE  FROM      YEAR
                                                  NORMAL
..................................................................
TEMPERATURE (F)
 TODAY
  MAXIMUM         57    140 PM  81    1924  58     -1       73
  MINIMUM         31    748 AM  15    1989  37     -6       35
  AVERAGE         44                        48     -4       54

PRECIPITATION (IN)
  TODAY            T             2.14 1929   0.16  -0.16     0.00
  MONTH TO DATE    0.27                      2.56  -2.29     2.78
  SINCE DEC 1      0.27                      2.56  -2.29     2.78
  SINCE JAN 1     32.93                     49.20 -16.27    58.65

SNOWFALL (IN)
  TODAY           MM
  MONTH TO DATE    0.0
  SINCE DEC 1      0.0
  SINCE JUL 1      0.0
  SNOW DEPTH       0

DEGREE DAYS
 HEATING
  TODAY           21                        17      4       11
  MONTH TO DATE  239                       255    -16      244
  SINCE DEC 1    239                       255    -16      244
  SINCE JUL 1    512                       626   -114      398

 COOLING
  TODAY            0                         0      0        0
  MONTH TO DATE    3                         0      3        0
  SINCE DEC 1      3                         0      3        0
  SINCE JAN 1   2755                      2474    281     3009
..................................................................


WIND (MPH)
  HIGHEST WIND SPEED    14   HIGHEST WIND DIRECTION    SE (150)
  HIGHEST GUST SPEED    18   HIGHEST GUST DIRECTION     S (170)
  AVERAGE WIND SPEED     5.1


SKY COVER
  POSSIBLE SUNSHINE  MM
  AVERAGE SKY COVER 0.6


WEATHER CONDITIONS
 THE FOLLOWING WEATHER WAS RECORDED TODAY.
  NO SIGNIFICANT WEATHER WAS OBSERVED.


RELATIVE HUMIDITY (PERCENT)
 HIGHEST   100           600 AM
 LOWEST     40           100 PM
 AVERAGE    70

..........................................................


THE SHREVEPORT CLIMATE NORMALS FOR TOMORROW
                         NORMAL    RECORD    YEAR
 MAXIMUM TEMPERATURE (F)   58        79      2016
                                             1984
 MINIMUM TEMPERATURE (F)   37        19      1901


SUNRISE AND SUNSET
DECEMBER 16 2017......SUNRISE   710 AM CST   SUNSET   512 PM CST
DECEMBER 17 2017......SUNRISE   711 AM CST   SUNSET   512 PM CST


-  INDICATES NEGATIVE NUMBERS.
R  INDICATES RECORD WAS SET OR TIED.
MM INDICATES DATA IS MISSING.
T  INDICATES TRACE AMOUNT.




$$
