000
CDUS44 KSHV 020748
CLISHV


CLIMATE REPORT
NATIONAL WEATHER SERVICE SHREVEPORT, LA
240 AM CDT TUE JUN 2 2015


...................................

...THE SHREVEPORT CLIMATE SUMMARY FOR JUNE 1 2015...

CLIMATE NORMAL PERIOD 1981 TO 2010
CLIMATE RECORD PERIOD 1874 TO 2015


WEATHER ITEM   OBSERVED TIME   RECORD YEAR NORMAL DEPARTURE LAST
                VALUE   (LST)  VALUE       VALUE  FROM      YEAR
                                                  NORMAL
..................................................................
TEMPERATURE (F)
 YESTERDAY
  MAXIMUM         85    455 PM 102    1998  88     -3       87
  MINIMUM         63    321 AM  53    1903  67     -4       72
  AVERAGE         74                        77     -3       80

PRECIPITATION (IN)
  YESTERDAY        0.00          3.63 1996   0.17  -0.17     0.15
  MONTH TO DATE    0.00                      0.17  -0.17     0.15
  SINCE DEC 1     39.92                     27.15  12.77    23.20
  SINCE JAN 1     36.17                     22.38  13.79    18.22

SNOWFALL (IN)
  YESTERDAY        0.0
  MONTH TO DATE    0.0
  SINCE JUN 1      0.0
  SINCE JUL 1      4.5
  SNOW DEPTH       0

DEGREE DAYS
 HEATING
  YESTERDAY        0                         0      0        0
  MONTH TO DATE    0                         0      0        0
  SINCE JUN 1      0                         0      0        0
  SINCE JUL 1   2291                      2226     65     2567

 COOLING
  YESTERDAY        9                        12     -3       15
  MONTH TO DATE    9                        12     -3       15
  SINCE JUN 1      9                        12     -3       15
  SINCE JAN 1    481                       410     71      385
..................................................................


WIND (MPH)
  HIGHEST WIND SPEED    12   HIGHEST WIND DIRECTION     N (20)
  HIGHEST GUST SPEED    17   HIGHEST GUST DIRECTION     N (20)
  AVERAGE WIND SPEED     4.6


SKY COVER
  POSSIBLE SUNSHINE  MM
  AVERAGE SKY COVER 0.5


WEATHER CONDITIONS
 THE FOLLOWING WEATHER WAS RECORDED YESTERDAY.
  FOG


RELATIVE HUMIDITY (PERCENT)
 HIGHEST    93           500 AM
 LOWEST     48           400 PM
 AVERAGE    71

..........................................................


THE SHREVEPORT CLIMATE NORMALS FOR TODAY
                         NORMAL    RECORD    YEAR
 MAXIMUM TEMPERATURE (F)   88        99      1998
                                             1911
                                             1886
 MINIMUM TEMPERATURE (F)   67        53      1984


SUNRISE AND SUNSET
JUNE  2 2015..........SUNRISE   609 AM CDT   SUNSET   818 PM CDT
JUNE  3 2015..........SUNRISE   608 AM CDT   SUNSET   819 PM CDT


-  INDICATES NEGATIVE NUMBERS.
R  INDICATES RECORD WAS SET OR TIED.
MM INDICATES DATA IS MISSING.
T  INDICATES TRACE AMOUNT.




$$
