000
CDUS46 KMFR 160846
CLISIY


CLIMATE REPORT
NATIONAL WEATHER SERVICE MEDFORD, OR
1246 AM PST SAT DEC 16 2017


...................................

...THE MONTAGUE CA CLIMATE SUMMARY FOR DECEMBER 15 2017...

CLIMATE NORMAL PERIOD 1981 TO 2010
CLIMATE RECORD PERIOD 1948 TO 2017


WEATHER ITEM   OBSERVED TIME   RECORD YEAR NORMAL DEPARTURE LAST
                VALUE   (LST)  VALUE       VALUE  FROM      YEAR
                                                  NORMAL
..................................................................
TEMPERATURE (F)
 YESTERDAY
  MAXIMUM         39   1036 PM  56    1958  44     -5       47
  MINIMUM         20    547 AM   8    1967  26     -6       33
  AVERAGE         30                        35     -5       40

PRECIPITATION (IN)
  YESTERDAY        T             2.39 1995   0.10  -0.10     0.85
  MONTH TO DATE    0.17                      1.23  -1.06     2.06
  SINCE OCT 1      2.18                      5.40  -3.22     8.04
  SINCE JAN 1      9.95                     17.04  -7.09    18.27

SNOWFALL (IN)
  YESTERDAY       MM                        MM     MM       MM
  MONTH TO DATE   MM                        MM     MM       MM
  SINCE JUL 1     MM                        MM     MM       MM
  SNOW DEPTH      MM

DEGREE DAYS
 HEATING
  YESTERDAY       35                        30      5       25
  MONTH TO DATE  507                       448     59      441
  SINCE DEC 1    507                       448     59      441
  SINCE JUL 1   1737                      1754    -17     1571

 COOLING
  YESTERDAY        0                         0      0        0
  MONTH TO DATE    0                         0      0        0
  SINCE DEC 1      0                         0      0        0
  SINCE JAN 1    902                       544    358      689
..................................................................


WIND (MPH)
  HIGHEST WIND SPEED    24   HIGHEST WIND DIRECTION     N (360)
  HIGHEST GUST SPEED    28   HIGHEST GUST DIRECTION     N (360)
  AVERAGE WIND SPEED     4.2


SKY COVER
  POSSIBLE SUNSHINE  MM
  AVERAGE SKY COVER 0.3


WEATHER CONDITIONS
 THE FOLLOWING WEATHER WAS RECORDED YESTERDAY.
  LIGHT RAIN


RELATIVE HUMIDITY (PERCENT)
 HIGHEST    96           500 AM
 LOWEST     70           100 PM

..........................................................


THE MONTAGUE CA CLIMATE NORMALS FOR TODAY
                         NORMAL    RECORD    YEAR
 MAXIMUM TEMPERATURE (F)   44        56      1950
 MINIMUM TEMPERATURE (F)   26        -2      2008


SUNRISE AND SUNSET
DECEMBER 16 2017......SUNRISE   731 AM PST   SUNSET   440 PM PST
DECEMBER 17 2017......SUNRISE   732 AM PST   SUNSET   441 PM PST


-  INDICATES NEGATIVE NUMBERS.
R  INDICATES RECORD WAS SET OR TIED.
MM INDICATES DATA IS MISSING.
T  INDICATES TRACE AMOUNT.




$$
