000
CDUS46 KMFR 180836
CLISIY


CLIMATE REPORT
NATIONAL WEATHER SERVICE MEDFORD, OR
1236 AM PST WED JAN 18 2017


...................................

...THE MONTAGUE CA CLIMATE SUMMARY FOR JANUARY 17 2017...

CLIMATE NORMAL PERIOD 1981 TO 2010
CLIMATE RECORD PERIOD 1948 TO 2017


WEATHER ITEM   OBSERVED TIME   RECORD YEAR NORMAL DEPARTURE LAST
                VALUE   (LST)  VALUE       VALUE  FROM      YEAR
                                                  NORMAL
..................................................................
TEMPERATURE (F)
 YESTERDAY
  MAXIMUM         47    821 PM  57    2011  44      3       47
  MINIMUM         23    640 AM  -2    1952  26     -3       33
  AVERAGE         35                        35      0       40

PRECIPITATION (IN)
  YESTERDAY        T             1.95 1986   0.05  -0.05     1.23
  MONTH TO DATE    1.35                      1.57  -0.22     2.04
  SINCE OCT 1      9.56                      8.40   1.16     7.13
  SINCE JAN 1      1.35                      1.57  -0.22     2.04

SNOWFALL (IN)
  YESTERDAY       MM                        MM     MM       MM
  MONTH TO DATE   MM                        MM     MM       MM
  SINCE JUL 1     MM                        MM     MM       MM
  SNOW DEPTH      MM

DEGREE DAYS
 HEATING
  YESTERDAY       30                        30      0       25
  MONTH TO DATE  640                       510    130      494
  SINCE DEC 1   1654                      1437    217     1354
  SINCE JUL 1   2784                      2743     41     2437

 COOLING
  YESTERDAY        0                         0      0        0
  MONTH TO DATE    0                         0      0        0
  SINCE DEC 1      0                         0      0        0
  SINCE JAN 1      0                         0      0        0
..................................................................


WIND (MPH)
  HIGHEST WIND SPEED    30   HIGHEST WIND DIRECTION     S (180)
  HIGHEST GUST SPEED    37   HIGHEST GUST DIRECTION     S (190)
  AVERAGE WIND SPEED     6.2


SKY COVER
  POSSIBLE SUNSHINE  MM
  AVERAGE SKY COVER 0.4


WEATHER CONDITIONS
 THE FOLLOWING WEATHER WAS RECORDED YESTERDAY.
  LIGHT RAIN
  FOG
  HAZE


RELATIVE HUMIDITY (PERCENT)
 HIGHEST    92          1200 AM
 LOWEST     53           900 PM

..........................................................


THE MONTAGUE CA CLIMATE NORMALS FOR TODAY
                         NORMAL    RECORD    YEAR
 MAXIMUM TEMPERATURE (F)   44        63      1986
 MINIMUM TEMPERATURE (F)   26         0      1952


SUNRISE AND SUNSET
JANUARY 18 2017.......SUNRISE   733 AM PST   SUNSET   508 PM PST
JANUARY 19 2017.......SUNRISE   732 AM PST   SUNSET   509 PM PST


-  INDICATES NEGATIVE NUMBERS.
R  INDICATES RECORD WAS SET OR TIED.
MM INDICATES DATA IS MISSING.
T  INDICATES TRACE AMOUNT.




$$
