000
CDUS46 KMFR 010838
CLISIY


CLIMATE REPORT
NATIONAL WEATHER SERVICE MEDFORD, OR
137 AM PDT WED JUL 1 2015


...................................

...THE MONTAGUE CA CLIMATE SUMMARY FOR JUNE 30 2015...

CLIMATE NORMAL PERIOD 1981 TO 2010
CLIMATE RECORD PERIOD 1948 TO 2015


WEATHER ITEM   OBSERVED TIME   RECORD YEAR NORMAL DEPARTURE LAST
                VALUE   (LST)  VALUE       VALUE  FROM      YEAR
                                                  NORMAL
..................................................................
TEMPERATURE (F)
 YESTERDAY
  MAXIMUM        103R   438 PM 103    2013  86     17       99
  MINIMUM         59    459 AM  35    1955  52      7       48
  AVERAGE         81                        69     12       74

PRECIPITATION (IN)
  YESTERDAY        0.00          0.61 1997   0.02  -0.02     0.00
  MONTH TO DATE    0.36                      0.71  -0.35     0.20
  SINCE OCT 1     12.32                     17.04  -4.72     6.67
  SINCE JAN 1      6.41                     10.21  -3.80     6.03

SNOWFALL (IN)
  YESTERDAY       MM                        MM     MM       MM
  MONTH TO DATE   MM                        MM     MM       MM
  SINCE JUL 1     MM                        MM     MM        0.0
  SNOW DEPTH      MM

DEGREE DAYS
 HEATING
  YESTERDAY        0                         1     -1        0
  MONTH TO DATE   17                        94    -77       46
  SINCE JUN 1     17                        93    -76       46
  SINCE JUL 1   4356                      5482  -1126     5281

 COOLING
  YESTERDAY       16                         5     11        9
  MONTH TO DATE  234                        58    176       83
  SINCE JUN 1    234                        58    176       83
  SINCE JAN 1    249                        71    178       90
..................................................................


WIND (MPH)
  HIGHEST WIND SPEED    18   HIGHEST WIND DIRECTION     N (350)
  HIGHEST GUST SPEED    23   HIGHEST GUST DIRECTION     N (340)
  AVERAGE WIND SPEED     5.3


SKY COVER
  POSSIBLE SUNSHINE  MM
  AVERAGE SKY COVER 0.0


WEATHER CONDITIONS
 THE FOLLOWING WEATHER WAS RECORDED YESTERDAY.
  NO SIGNIFICANT WEATHER WAS OBSERVED.


RELATIVE HUMIDITY (PERCENT)
 HIGHEST    64           500 AM
 LOWEST     10           400 PM

..........................................................


THE MONTAGUE CA CLIMATE NORMALS FOR TODAY
                         NORMAL    RECORD    YEAR
 MAXIMUM TEMPERATURE (F)   87       106      2014
 MINIMUM TEMPERATURE (F)   52        36      1976


SUNRISE AND SUNSET
JULY  1 2015..........SUNRISE   539 AM PDT   SUNSET   848 PM PDT
JULY  2 2015..........SUNRISE   539 AM PDT   SUNSET   848 PM PDT


-  INDICATES NEGATIVE NUMBERS.
R  INDICATES RECORD WAS SET OR TIED.
MM INDICATES DATA IS MISSING.
T  INDICATES TRACE AMOUNT.




$$
