000
CDUS46 KMFR 250837
CLISIY


CLIMATE REPORT
NATIONAL WEATHER SERVICE MEDFORD, OR
137 AM PDT FRI JUL 25 2014


...................................

...THE MONTAGUE CA CLIMATE SUMMARY FOR JULY 24 2014...

CLIMATE NORMAL PERIOD 1981 TO 2010
CLIMATE RECORD PERIOD 1948 TO 2014


WEATHER ITEM   OBSERVED TIME   RECORD YEAR NORMAL DEPARTURE LAST
                VALUE   (LST)  VALUE       VALUE  FROM      YEAR
                                                  NORMAL
..................................................................
TEMPERATURE (F)
 YESTERDAY
  MAXIMUM         84    450 PM 103    2010  93     -9       98
  MINIMUM         49    515 AM  41    1993  55     -6       64
  AVERAGE         67                        74     -7       81

PRECIPITATION (IN)
  YESTERDAY        0.00          0.28 1958   0.02  -0.02     0.00
  MONTH TO DATE    0.13                      0.30  -0.17      T
  SINCE SEP 1      7.54                     17.98 -10.44     8.62
  SINCE JAN 1      6.16                     10.51  -4.35     3.80

SNOWFALL (IN)
  YESTERDAY       MM                        MM     MM       MM
  MONTH TO DATE   MM                        MM     MM       MM
  SINCE JUL 1     MM                        MM     MM       MM
  SNOW DEPTH      MM

DEGREE DAYS
 HEATING
  YESTERDAY        0                         0      0        0
  MONTH TO DATE    0                         1     -1        0
  SINCE JUN 1     46                        94    -48       70
  SINCE JUL 1      0                         1     -1        0

 COOLING
  YESTERDAY        2                         9     -7       16
  MONTH TO DATE  339                       179    160      282
  SINCE JUN 1    422                       237    185      409
  SINCE JAN 1    429                       250    179      421
..................................................................


WIND (MPH)
  HIGHEST WIND SPEED    23   HIGHEST WIND DIRECTION    NW (320)
  HIGHEST GUST SPEED    26   HIGHEST GUST DIRECTION    NW (320)
  AVERAGE WIND SPEED    10.8


SKY COVER
  POSSIBLE SUNSHINE  MM
  AVERAGE SKY COVER 0.0


WEATHER CONDITIONS
 THE FOLLOWING WEATHER WAS RECORDED YESTERDAY.
  NO SIGNIFICANT WEATHER WAS OBSERVED.


RELATIVE HUMIDITY (PERCENT)
 HIGHEST    74           200 AM
 LOWEST     14           300 PM

..........................................................


THE MONTAGUE CA CLIMATE NORMALS FOR TODAY
                         NORMAL    RECORD    YEAR
 MAXIMUM TEMPERATURE (F)   93       103      2013
 MINIMUM TEMPERATURE (F)   55        48      2005


SUNRISE AND SUNSET
JULY 25 2014..........SUNRISE   557 AM PDT   SUNSET   835 PM PDT
JULY 26 2014..........SUNRISE   558 AM PDT   SUNSET   834 PM PDT


-  INDICATES NEGATIVE NUMBERS.
R  INDICATES RECORD WAS SET OR TIED.
MM INDICATES DATA IS MISSING.
T  INDICATES TRACE AMOUNT.




$$
