000
CDUS46 KMFR 250908
CLISIY


CLIMATE REPORT
NATIONAL WEATHER SERVICE MEDFORD, OR
207 AM PDT MON MAY 25 2015


...................................

...THE MONTAGUE CA CLIMATE SUMMARY FOR MAY 24 2015...

CLIMATE NORMAL PERIOD 1981 TO 2010
CLIMATE RECORD PERIOD 1948 TO 2015


WEATHER ITEM   OBSERVED TIME   RECORD YEAR NORMAL DEPARTURE LAST
                VALUE   (LST)  VALUE       VALUE  FROM      YEAR
                                                  NORMAL
..................................................................
TEMPERATURE (F)
 YESTERDAY
  MAXIMUM         81    308 PM  98    1992  74      7       84
  MINIMUM         42    515 AM  30    2011  42      0       43
  AVERAGE         62                        58      4       64

PRECIPITATION (IN)
  YESTERDAY        0.00          0.19 1958   0.03  -0.03     0.00
  MONTH TO DATE    0.92                      1.27  -0.35     0.42
  SINCE OCT 1     11.96                     16.18  -4.22     6.47
  SINCE JAN 1      6.05                      9.35  -3.30     5.83

SNOWFALL (IN)
  YESTERDAY       MM                        MM     MM       MM
  MONTH TO DATE   MM                        MM     MM       MM
  SINCE JUL 1     MM                        MM     MM        0.0
  SNOW DEPTH      MM

DEGREE DAYS
 HEATING
  YESTERDAY        3                         8     -5        1
  MONTH TO DATE  214                       241    -27      185
  SINCE MAR 1   1194                      1462   -268     1153
  SINCE JUL 1   4336                      5339  -1003     5201

 COOLING
  YESTERDAY        0                         1     -1        0
  MONTH TO DATE    0                         9     -9        4
  SINCE MAR 1      0                         9     -9        6
  SINCE JAN 1      0                         9     -9        6
..................................................................


WIND (MPH)
  HIGHEST WIND SPEED    20   HIGHEST WIND DIRECTION     N (360)
  HIGHEST GUST SPEED    34   HIGHEST GUST DIRECTION    SE (150)
  AVERAGE WIND SPEED     5.8


SKY COVER
  POSSIBLE SUNSHINE  MM
  AVERAGE SKY COVER 0.0


WEATHER CONDITIONS
 THE FOLLOWING WEATHER WAS RECORDED YESTERDAY.
  NO SIGNIFICANT WEATHER WAS OBSERVED.


RELATIVE HUMIDITY (PERCENT)
 HIGHEST    93           200 AM
 LOWEST     28           300 PM

..........................................................


THE MONTAGUE CA CLIMATE NORMALS FOR TODAY
                         NORMAL    RECORD    YEAR
 MAXIMUM TEMPERATURE (F)   74        95      1983
 MINIMUM TEMPERATURE (F)   42        32      1989


SUNRISE AND SUNSET
MAY 25 2015...........SUNRISE   542 AM PDT   SUNSET   832 PM PDT
MAY 26 2015...........SUNRISE   541 AM PDT   SUNSET   833 PM PDT


-  INDICATES NEGATIVE NUMBERS.
R  INDICATES RECORD WAS SET OR TIED.
MM INDICATES DATA IS MISSING.
T  INDICATES TRACE AMOUNT.




$$
