000
CDUS46 KMFR 180836
CLISIY


CLIMATE REPORT
NATIONAL WEATHER SERVICE MEDFORD, OR
136 AM PDT FRI AUG 18 2017


...................................

...THE MONTAGUE CA CLIMATE SUMMARY FOR AUGUST 17 2017...

CLIMATE NORMAL PERIOD 1981 TO 2010
CLIMATE RECORD PERIOD 1948 TO 2017


WEATHER ITEM   OBSERVED TIME   RECORD YEAR NORMAL DEPARTURE LAST
                VALUE   (LST)  VALUE       VALUE  FROM      YEAR
                                                  NORMAL
..................................................................
TEMPERATURE (F)
 YESTERDAY
  MAXIMUM         96    315 PM 103    1977  90      6       98
  MINIMUM         53    543 AM  40    1995  52      1       62
  AVERAGE         75                        71      4       80

PRECIPITATION (IN)
  YESTERDAY        0.00          0.20 2010   0.01  -0.01     0.00
  MONTH TO DATE    0.02                      0.29  -0.27     0.02
  SINCE OCT 1     15.91                     17.78  -1.87    15.14
  SINCE JAN 1      7.70                     10.95  -3.25    10.05

SNOWFALL (IN)
  YESTERDAY       MM                        MM     MM       MM
  MONTH TO DATE   MM                        MM     MM       MM
  SINCE JUL 1     MM                        MM     MM       MM
  SNOW DEPTH      MM

DEGREE DAYS
 HEATING
  YESTERDAY        0                         0      0        0
  MONTH TO DATE    0                         0      0        0
  SINCE JUN 1     88                        97     -9       85
  SINCE JUL 1      0                         4     -4       12

 COOLING
  YESTERDAY       10                         6      4       15
  MONTH TO DATE  204                       128     76      149
  SINCE JUN 1    677                       428    249      527
  SINCE JAN 1    692                       441    251      531
..................................................................


WIND (MPH)
  HIGHEST WIND SPEED    18   HIGHEST WIND DIRECTION     N (360)
  HIGHEST GUST SPEED    22   HIGHEST GUST DIRECTION     N (360)
  AVERAGE WIND SPEED     5.9


SKY COVER
  POSSIBLE SUNSHINE  MM
  AVERAGE SKY COVER 0.0


WEATHER CONDITIONS
 THE FOLLOWING WEATHER WAS RECORDED YESTERDAY.
  HAZE


RELATIVE HUMIDITY (PERCENT)
 HIGHEST    64           600 AM
 LOWEST     12           400 PM

..........................................................


THE MONTAGUE CA CLIMATE NORMALS FOR TODAY
                         NORMAL    RECORD    YEAR
 MAXIMUM TEMPERATURE (F)   89       104      2016
                                             1992
 MINIMUM TEMPERATURE (F)   51        39      1995


SUNRISE AND SUNSET
AUGUST 18 2017........SUNRISE   622 AM PDT   SUNSET   805 PM PDT
AUGUST 19 2017........SUNRISE   623 AM PDT   SUNSET   803 PM PDT


-  INDICATES NEGATIVE NUMBERS.
R  INDICATES RECORD WAS SET OR TIED.
MM INDICATES DATA IS MISSING.
T  INDICATES TRACE AMOUNT.




$$
