000
CDUS46 KMFR 270837
CLISIY


CLIMATE REPORT
NATIONAL WEATHER SERVICE MEDFORD, OR
137 AM PDT FRI MAR 27 2015


...................................

...THE MONTAGUE CA CLIMATE SUMMARY FOR MARCH 26 2015...

CLIMATE NORMAL PERIOD 1981 TO 2010
CLIMATE RECORD PERIOD 1948 TO 2015


WEATHER ITEM   OBSERVED TIME   RECORD YEAR NORMAL DEPARTURE LAST
                VALUE   (LST)  VALUE       VALUE  FROM      YEAR
                                                  NORMAL
..................................................................
TEMPERATURE (F)
 YESTERDAY
  MAXIMUM         75R   543 PM  75    1994  57     18       52
  MINIMUM         34    613 AM  21    1995  30      4       35
  AVERAGE         55                        43     12       44

PRECIPITATION (IN)
  YESTERDAY        0.00          0.88 1971   0.08  -0.08     0.05
  MONTH TO DATE    0.80                      1.94  -1.14     1.86
  SINCE OCT 1     10.60                     12.98  -2.38     4.94
  SINCE JAN 1      4.69                      6.15  -1.46     4.30

SNOWFALL (IN)
  YESTERDAY       MM                        MM     MM       MM
  MONTH TO DATE   MM                        MM     MM       MM
  SINCE JUL 1     MM                        MM     MM        0.0
  SNOW DEPTH      MM

DEGREE DAYS
 HEATING
  YESTERDAY       10                        22    -12       21
  MONTH TO DATE  445                       577   -132      461
  SINCE MAR 1    445                       577   -132      461
  SINCE JUL 1   3587                      4454   -867     4509

 COOLING
  YESTERDAY        0                         0      0        0
  MONTH TO DATE    0                         0      0        0
  SINCE MAR 1      0                         0      0        0
  SINCE JAN 1      0                         0      0        0
..................................................................


WIND (MPH)
  HIGHEST WIND SPEED     9   HIGHEST WIND DIRECTION     N (360)
  HIGHEST GUST SPEED    25   HIGHEST GUST DIRECTION    NE (40)
  AVERAGE WIND SPEED     1.7


SKY COVER
  POSSIBLE SUNSHINE  MM
  AVERAGE SKY COVER 0.2


WEATHER CONDITIONS
 THE FOLLOWING WEATHER WAS RECORDED YESTERDAY.
  FOG
  FOG W/VISIBILITY <= 1/4 MILE


RELATIVE HUMIDITY (PERCENT)
 HIGHEST   100           400 AM
 LOWEST     33           500 PM

..........................................................


THE MONTAGUE CA CLIMATE NORMALS FOR TODAY
                         NORMAL    RECORD    YEAR
 MAXIMUM TEMPERATURE (F)   57        78      1986
 MINIMUM TEMPERATURE (F)   30        17      2008


SUNRISE AND SUNSET
MARCH 27 2015.........SUNRISE   701 AM PDT   SUNSET   730 PM PDT
MARCH 28 2015.........SUNRISE   700 AM PDT   SUNSET   731 PM PDT


-  INDICATES NEGATIVE NUMBERS.
R  INDICATES RECORD WAS SET OR TIED.
MM INDICATES DATA IS MISSING.
T  INDICATES TRACE AMOUNT.




$$
