000
CDUS46 KMFR 270835
CLISIY


CLIMATE REPORT
NATIONAL WEATHER SERVICE MEDFORD, OR
135 AM PDT MON MAR 27 2017


...................................

...THE MONTAGUE CA CLIMATE SUMMARY FOR MARCH 26 2017...

CLIMATE NORMAL PERIOD 1981 TO 2010
CLIMATE RECORD PERIOD 1948 TO 2017


WEATHER ITEM   OBSERVED TIME   RECORD YEAR NORMAL DEPARTURE LAST
                VALUE   (LST)  VALUE       VALUE  FROM      YEAR
                                                  NORMAL
..................................................................
TEMPERATURE (F)
 YESTERDAY
  MAXIMUM         50   1221 PM  75    2015  57     -7       57
                                      1994
  MINIMUM         33   1138 PM  21    1995  30      3       29
  AVERAGE         42                        43     -1       43

PRECIPITATION (IN)
  YESTERDAY        0.13          0.88 1971   0.08   0.05      T
  MONTH TO DATE    1.19                      1.94  -0.75     2.44
  SINCE OCT 1     13.71                     12.98   0.73    12.33
  SINCE JAN 1      5.50                      6.15  -0.65     7.24

SNOWFALL (IN)
  YESTERDAY       MM                        MM     MM       MM
  MONTH TO DATE   MM                        MM     MM       MM
  SINCE JUL 1     MM                        MM     MM       MM
  SNOW DEPTH      MM

DEGREE DAYS
 HEATING
  YESTERDAY       23                        22      1       22
  MONTH TO DATE  509                       577    -68      495
  SINCE MAR 1    509                       577    -68      495
  SINCE JUL 1   4406                      4454    -48     3912

 COOLING
  YESTERDAY        0                         0      0        0
  MONTH TO DATE    0                         0      0        0
  SINCE MAR 1      0                         0      0        0
  SINCE JAN 1      0                         0      0        0
..................................................................


WIND (MPH)
  HIGHEST WIND SPEED    28   HIGHEST WIND DIRECTION     S (170)
  HIGHEST GUST SPEED    34   HIGHEST GUST DIRECTION     S (170)
  AVERAGE WIND SPEED     8.5


SKY COVER
  POSSIBLE SUNSHINE  MM
  AVERAGE SKY COVER 0.9


WEATHER CONDITIONS
 THE FOLLOWING WEATHER WAS RECORDED YESTERDAY.
  LIGHT RAIN


RELATIVE HUMIDITY (PERCENT)
 HIGHEST   100           300 AM
 LOWEST     66          1200 PM

..........................................................


THE MONTAGUE CA CLIMATE NORMALS FOR TODAY
                         NORMAL    RECORD    YEAR
 MAXIMUM TEMPERATURE (F)   57        78      2015
                                             1986
 MINIMUM TEMPERATURE (F)   30        17      2008


SUNRISE AND SUNSET
MARCH 27 2017.........SUNRISE   701 AM PDT   SUNSET   730 PM PDT
MARCH 28 2017.........SUNRISE   659 AM PDT   SUNSET   731 PM PDT


-  INDICATES NEGATIVE NUMBERS.
R  INDICATES RECORD WAS SET OR TIED.
MM INDICATES DATA IS MISSING.
T  INDICATES TRACE AMOUNT.




$$
