000
CDUS46 KMFR 290037
CLISIY


CLIMATE REPORT
NATIONAL WEATHER SERVICE MEDFORD, OR
536 PM PDT THU AUG 28 2014


...................................

...THE MONTAGUE CA CLIMATE SUMMARY FOR AUGUST 28 2014...
VALID TODAY AS OF 0500 PM LOCAL TIME.

CLIMATE NORMAL PERIOD 1981 TO 2010
CLIMATE RECORD PERIOD 1948 TO 2014


WEATHER ITEM   OBSERVED TIME   RECORD YEAR NORMAL DEPARTURE LAST
                VALUE   (LST)  VALUE       VALUE  FROM      YEAR
                                                  NORMAL
..................................................................
TEMPERATURE (F)
 TODAY
  MAXIMUM         92    224 PM 103    1988  87      5       89
  MINIMUM         53    521 AM  41    1990  49      4       51
  AVERAGE         73                        68      5       70

PRECIPITATION (IN)
  TODAY            0.00          0.05 1979   0.01  -0.01     0.00
  MONTH TO DATE    T                         0.33  -0.33     0.50
  SINCE SEP 1      7.55                     18.46 -10.91     9.15
  SINCE JAN 1      6.17                     10.99  -4.82     4.33

SNOWFALL (IN)
  TODAY           MM                        MM     MM       MM
  MONTH TO DATE   MM                        MM     MM       MM
  SINCE JUL 1     MM                        MM     MM       MM
  SNOW DEPTH      MM

DEGREE DAYS
 HEATING
  TODAY            0                         1     -1        0
  MONTH TO DATE    0                         6     -6        0
  SINCE JUN 1     46                       103    -57       70
  SINCE JUL 1      0                        10    -10        0

 COOLING
  TODAY            8                         4      4        5
  MONTH TO DATE  269                       179     90      170
  SINCE JUN 1    783                       479    304      657
  SINCE JAN 1    790                       492    298      669
..................................................................


WIND (MPH)
  HIGHEST WIND SPEED    18   HIGHEST WIND DIRECTION    NW (310)
  HIGHEST GUST SPEED    22   HIGHEST GUST DIRECTION    NW (310)
  AVERAGE WIND SPEED     5.6


SKY COVER
  POSSIBLE SUNSHINE  MM
  AVERAGE SKY COVER 0.5


WEATHER CONDITIONS
 THE FOLLOWING WEATHER WAS RECORDED TODAY.
  HAZE


RELATIVE HUMIDITY (PERCENT)
 HIGHEST    48           700 AM
 LOWEST     14           200 PM

..........................................................


THE MONTAGUE CA CLIMATE NORMALS FOR TOMORROW
                         NORMAL    RECORD    YEAR
 MAXIMUM TEMPERATURE (F)   86       101      1988
 MINIMUM TEMPERATURE (F)   48        41      1964


SUNRISE AND SUNSET
AUGUST 28 2014........SUNRISE   632 AM PDT   SUNSET   750 PM PDT
AUGUST 29 2014........SUNRISE   633 AM PDT   SUNSET   748 PM PDT


-  INDICATES NEGATIVE NUMBERS.
R  INDICATES RECORD WAS SET OR TIED.
MM INDICATES DATA IS MISSING.
T  INDICATES TRACE AMOUNT.




$$
