000
CDUS46 KMFR 260836
CLISIY


CLIMATE REPORT
NATIONAL WEATHER SERVICE MEDFORD, OR
136 AM PDT MON JUN 26 2017


...................................

...THE MONTAGUE CA CLIMATE SUMMARY FOR JUNE 25 2017...

CLIMATE NORMAL PERIOD 1981 TO 2010
CLIMATE RECORD PERIOD 1948 TO 2017


WEATHER ITEM   OBSERVED TIME   RECORD YEAR NORMAL DEPARTURE LAST
                VALUE   (LST)  VALUE       VALUE  FROM      YEAR
                                                  NORMAL
..................................................................
TEMPERATURE (F)
 YESTERDAY
  MAXIMUM         96    125 PM 104    2006  84     12       90
  MINIMUM         57    513 AM  35    1975  50      7       43
  AVERAGE         77                        67     10       67

PRECIPITATION (IN)
  YESTERDAY        0.04          0.88 1982   0.01   0.03     0.00
  MONTH TO DATE    0.43                      0.63  -0.20     1.18
  SINCE OCT 1     15.89                     16.96  -1.07    15.07
  SINCE JAN 1      7.68                     10.13  -2.45     9.98

SNOWFALL (IN)
  YESTERDAY       MM                        MM     MM       MM
  MONTH TO DATE   MM                        MM     MM       MM
  SINCE JUL 1     MM                        MM     MM       MM
  SNOW DEPTH      MM

DEGREE DAYS
 HEATING
  YESTERDAY        0                         1     -1        0
  MONTH TO DATE   88                        89     -1       73
  SINCE JUN 1     88                        89     -1       73
  SINCE JUL 1   5415                      5478    -63     4646

 COOLING
  YESTERDAY       12                         3      9        2
  MONTH TO DATE  105                        38     67       82
  SINCE JUN 1    105                        38     67       82
  SINCE JAN 1    120                        51     69       86
..................................................................


WIND (MPH)
  HIGHEST WIND SPEED    17   HIGHEST WIND DIRECTION     N (10)
  HIGHEST GUST SPEED    24   HIGHEST GUST DIRECTION     N (10)
  AVERAGE WIND SPEED     4.3


SKY COVER
  POSSIBLE SUNSHINE  MM
  AVERAGE SKY COVER 0.1


WEATHER CONDITIONS
 THE FOLLOWING WEATHER WAS RECORDED YESTERDAY.
  THUNDERSTORM
  LIGHT RAIN


RELATIVE HUMIDITY (PERCENT)
 HIGHEST    78          1100 PM
 LOWEST     21          1100 AM

..........................................................


THE MONTAGUE CA CLIMATE NORMALS FOR TODAY
                         NORMAL    RECORD    YEAR
 MAXIMUM TEMPERATURE (F)   84       104      2015
                                             2006
 MINIMUM TEMPERATURE (F)   50        36      2012


SUNRISE AND SUNSET
JUNE 26 2017..........SUNRISE   537 AM PDT   SUNSET   849 PM PDT
JUNE 27 2017..........SUNRISE   537 AM PDT   SUNSET   849 PM PDT


-  INDICATES NEGATIVE NUMBERS.
R  INDICATES RECORD WAS SET OR TIED.
MM INDICATES DATA IS MISSING.
T  INDICATES TRACE AMOUNT.




$$
