000
CDUS46 KMTR 290829
CLISJC


CLIMATE REPORT
NATIONAL WEATHER SERVICE SAN FRANCISCO BAY AREA
129 AM PDT FRI MAY 29 2015


...................................

...THE SAN JOSE AIRPORT CLIMATE SUMMARY FOR MAY 28 2015...

CLIMATE NORMAL PERIOD 1981 TO 2010
CLIMATE RECORD PERIOD 1893 TO 2015


WEATHER ITEM   OBSERVED TIME   RECORD YEAR NORMAL DEPARTURE LAST
                VALUE   (LST)  VALUE       VALUE  FROM      YEAR
                                                  NORMAL
..................................................................
TEMPERATURE (F)
 YESTERDAY
  MAXIMUM         69    300 PM  97    1984  77     -8       76
  MINIMUM         55    511 AM  45    2010  54      1       52
                                      1900
  AVERAGE         62                        66     -4       64

PRECIPITATION (IN)
  YESTERDAY        0.00          0.65 1913   0.00   0.00     0.00
  MONTH TO DATE    0.50                      0.37   0.13      T
  SINCE OCT 1     13.26                     14.56  -1.30     5.68
  SINCE JAN 1      3.31                      9.78  -6.47     4.78

SNOWFALL (IN)
  YESTERDAY        0.0                      MM     MM        0.0
  MONTH TO DATE    0.0                      MM     MM        0.0
  SINCE MAR 1      0.0                      MM     MM        0.0
  SINCE JUL 1      0.0                      MM     MM        0.0

DEGREE DAYS
 HEATING
  YESTERDAY        3                         2      1        1
  MONTH TO DATE  124                        78     46       48
  SINCE MAR 1    425                       519    -94      354
  SINCE JUL 1   1645                      1982   -337     1895

 COOLING
  YESTERDAY        0                         2     -2        0
  MONTH TO DATE    6                        45    -39       59
  SINCE MAR 1     27                        64    -37       87
  SINCE JAN 1     27                        64    -37       87
..................................................................


WIND (MPH)
  RESULTANT WIND SPEED   6   RESULTANT WIND DIRECTION  NW (310)
  HIGHEST WIND SPEED    17   HIGHEST WIND DIRECTION    NW (310)
  HIGHEST GUST SPEED    22   HIGHEST GUST DIRECTION    NW (300)
  AVERAGE WIND SPEED     7.6


SKY COVER
  POSSIBLE SUNSHINE  MM
  AVERAGE SKY COVER 0.8


WEATHER CONDITIONS
 THE FOLLOWING WEATHER WAS RECORDED YESTERDAY.
  NO SIGNIFICANT WEATHER WAS OBSERVED.


RELATIVE HUMIDITY (PERCENT)
 HIGHEST    86           800 PM
 LOWEST     58          1200 PM
 AVERAGE    72

..........................................................


THE SAN JOSE AIRPORT CLIMATE NORMALS FOR TODAY
                         NORMAL    RECORD    YEAR
 MAXIMUM TEMPERATURE (F)   77        99      1950
 MINIMUM TEMPERATURE (F)   54        36      1895


SUNRISE AND SUNSET
MAY 29 2015...........SUNRISE   550 AM PDT   SUNSET   821 PM PDT
MAY 30 2015...........SUNRISE   549 AM PDT   SUNSET   821 PM PDT


-  INDICATES NEGATIVE NUMBERS.
R  INDICATES RECORD WAS SET OR TIED.
MM INDICATES DATA IS MISSING.
T  INDICATES TRACE AMOUNT.




$$
