000
CDUS46 KMTR 270836
CLISJC


CLIMATE REPORT
NATIONAL WEATHER SERVICE SAN FRANCISCO BAY AREA
1235 AM PST TUE JAN 27 2015


...................................

...THE SAN JOSE AIRPORT CLIMATE SUMMARY FOR JANUARY 26 2015...

CLIMATE NORMAL PERIOD 1981 TO 2010
CLIMATE RECORD PERIOD 1893 TO 2015


WEATHER ITEM   OBSERVED TIME   RECORD YEAR NORMAL DEPARTURE LAST
                VALUE   (LST)  VALUE       VALUE  FROM      YEAR
                                                  NORMAL
..................................................................
TEMPERATURE (F)
 YESTERDAY
  MAXIMUM         65    414 PM  71    2014  60      5       71
  MINIMUM         39    421 AM  23    1895  43     -4       45
  AVERAGE         52                        52      0       58

PRECIPITATION (IN)
  YESTERDAY        0.00          1.25 1909   0.08  -0.08     0.00
  MONTH TO DATE    0.02                      2.55  -2.53     0.01
  SINCE JUL 1     10.33                      7.56   2.77     1.57
  SINCE JAN 1      0.02                      2.55  -2.53     0.01

SNOWFALL (IN)
  YESTERDAY        0.0                      MM     MM        0.0
  MONTH TO DATE    0.0                      MM     MM        0.0
  SINCE DEC 1      0.0                      MM     MM        0.0
  SINCE JUL 1      0.0                      MM     MM        0.0

DEGREE DAYS
 HEATING
  YESTERDAY       13                        13      0        7
  MONTH TO DATE  370                       363      7      298
  SINCE DEC 1    691                       775    -84      825
  SINCE JUL 1    975                      1100   -125     1205

 COOLING
  YESTERDAY        0                         0      0        0
  MONTH TO DATE    0                         0      0        0
  SINCE DEC 1      0                         0      0        0
  SINCE JAN 1      0                         0      0        0
..................................................................


WIND (MPH)
  RESULTANT WIND SPEED   1   RESULTANT WIND DIRECTION   W (290)
  HIGHEST WIND SPEED     8   HIGHEST WIND DIRECTION    NW (310)
  HIGHEST GUST SPEED    12   HIGHEST GUST DIRECTION    NW (320)
  AVERAGE WIND SPEED     1.6


SKY COVER
  POSSIBLE SUNSHINE  MM
  AVERAGE SKY COVER 0.6


WEATHER CONDITIONS
 THE FOLLOWING WEATHER WAS RECORDED YESTERDAY.
  NO SIGNIFICANT WEATHER WAS OBSERVED.


RELATIVE HUMIDITY (PERCENT)
 HIGHEST    86           500 AM
 LOWEST     40           300 PM
 AVERAGE    63

..........................................................


THE SAN JOSE AIRPORT CLIMATE NORMALS FOR TODAY
                         NORMAL    RECORD    YEAR
 MAXIMUM TEMPERATURE (F)   60        76      1988
 MINIMUM TEMPERATURE (F)   43        27      1902


SUNRISE AND SUNSET
JANUARY 27 2015.......SUNRISE   715 AM PST   SUNSET   526 PM PST
JANUARY 28 2015.......SUNRISE   714 AM PST   SUNSET   528 PM PST


-  INDICATES NEGATIVE NUMBERS.
R  INDICATES RECORD WAS SET OR TIED.
MM INDICATES DATA IS MISSING.
T  INDICATES TRACE AMOUNT.




$$
