446
CDUS44 KSJT 272227
CLISJT


CLIMATE REPORT
NATIONAL WEATHER SERVICE SAN ANGELO TX
526 PM CDT THU APR 27 2017


...................................

...THE SAN ANGELO CLIMATE SUMMARY FOR APRIL 27 2017...
VALID TODAY AS OF 0500 PM LOCAL TIME.

CLIMATE NORMAL PERIOD 1981 TO 2010
CLIMATE RECORD PERIOD 1907 TO 2017


WEATHER ITEM   OBSERVED TIME   RECORD YEAR NORMAL DEPARTURE LAST
                VALUE   (LST)  VALUE       VALUE  FROM      YEAR
                                                  NORMAL
..................................................................
TEMPERATURE (F)
 TODAY
  MAXIMUM         90    359 PM 102    2012  83      7       84
  MINIMUM         48    435 AM  39    1916  55     -7       45
                                      1908
  AVERAGE         69                        69      0       65

PRECIPITATION (IN)
  TODAY            0.00          2.28 2009   0.06  -0.06     0.00
  MONTH TO DATE    1.46                      1.24   0.22     5.10
  SINCE MAR 1      1.71                      2.74  -1.03     8.43
  SINCE JAN 1      4.42                      5.02  -0.60     9.23

SNOWFALL (IN)
  TODAY            0.0           0.0  2002   0.0    0.0      0.0
  MONTH TO DATE    T                         0.0    0.0      0.0
  SINCE NOV 1      T                         2.2   -2.2      3.1
  SINCE JUL 1      T                         2.2   -2.2      3.1

DEGREE DAYS
 HEATING
  TODAY            0                         1     -1        0
  MONTH TO DATE   48                        85    -37       55
  SINCE MAR 1    168                       342   -174      210
  SINCE JUL 1   1492                      2303   -811     1803

 COOLING
  TODAY            4                         6     -2        0
  MONTH TO DATE  138                        99     39       70
  SINCE MAR 1    255                       132    123      112
  SINCE JAN 1    282                       137    145      122
..................................................................


WIND (MPH)
  HIGHEST WIND SPEED    30   HIGHEST WIND DIRECTION     S (200)
  HIGHEST GUST SPEED    40   HIGHEST GUST DIRECTION    SW (210)
  AVERAGE WIND SPEED    14.6


SKY COVER
  POSSIBLE SUNSHINE  MM
  AVERAGE SKY COVER 0.0


WEATHER CONDITIONS
 THE FOLLOWING WEATHER WAS RECORDED TODAY.
  NO SIGNIFICANT WEATHER WAS OBSERVED.


RELATIVE HUMIDITY (PERCENT)
 HIGHEST    66           500 AM
 LOWEST     16           200 PM
 AVERAGE    41

..........................................................


THE SAN ANGELO CLIMATE NORMALS FOR TOMORROW
                         NORMAL    RECORD    YEAR
 MAXIMUM TEMPERATURE (F)   84        96      2002
 MINIMUM TEMPERATURE (F)   56        37      2008


SUNRISE AND SUNSET
APRIL 27 2017.........SUNRISE   701 AM CDT   SUNSET   819 PM CDT
APRIL 28 2017.........SUNRISE   700 AM CDT   SUNSET   820 PM CDT


-  INDICATES NEGATIVE NUMBERS.
R  INDICATES RECORD WAS SET OR TIED.
MM INDICATES DATA IS MISSING.
T  INDICATES TRACE AMOUNT.




$$
