000
CDUS44 KSJT 210758
CLISJT


CLIMATE REPORT
NATIONAL WEATHER SERVICE SAN ANGELO TX
157 AM CST WED FEB 21 2018


...................................

...THE SAN ANGELO CLIMATE SUMMARY FOR FEBRUARY 20 2018...

CLIMATE NORMAL PERIOD 1981 TO 2010
CLIMATE RECORD PERIOD 1907 TO 2018


WEATHER ITEM   OBSERVED TIME   RECORD YEAR NORMAL DEPARTURE LAST
                VALUE   (LST)  VALUE       VALUE  FROM      YEAR
                                                  NORMAL
..................................................................
TEMPERATURE (F)
 YESTERDAY
  MAXIMUM         84    223 PM  91    1986  65     19       74
  MINIMUM         41   1159 PM  20    1936  38      3       47
  AVERAGE         63                        51     12       61

PRECIPITATION (IN)
  YESTERDAY        T             2.32 1997   0.05  -0.05     0.00
  MONTH TO DATE    0.19                      0.95  -0.76     1.23
  SINCE DEC 1      1.33                      2.73  -1.40     3.45
  SINCE JAN 1      0.20                      1.88  -1.68     2.71

SNOWFALL (IN)
  YESTERDAY        0.0           0.9  1984   0.0    0.0      0.0
  MONTH TO DATE    T                         0.2   -0.2      0.0
  SINCE NOV 1      T                         2.0   -2.0       T
  SINCE JUL 1      T                         2.0   -2.0       T
  SNOW DEPTH       0

DEGREE DAYS
 HEATING
  YESTERDAY        2                        14    -12        4
  MONTH TO DATE  249                       314    -65      165
  SINCE DEC 1   1433                      1458    -25     1114
  SINCE JUL 1   1733                      1858   -125     1282

 COOLING
  YESTERDAY        0                         0      0        0
  MONTH TO DATE   16                         0     16       11
  SINCE DEC 1     19                         2     17       13
  SINCE JAN 1     16                         1     15       12
..................................................................


WIND (MPH)
  HIGHEST WIND SPEED    26   HIGHEST WIND DIRECTION    NE (30)
  HIGHEST GUST SPEED    33   HIGHEST GUST DIRECTION     S (160)
  AVERAGE WIND SPEED    16.5


SKY COVER
  POSSIBLE SUNSHINE  MM
  AVERAGE SKY COVER 0.5


WEATHER CONDITIONS
 THE FOLLOWING WEATHER WAS RECORDED YESTERDAY.
  THUNDERSTORM
  HAZE


RELATIVE HUMIDITY (PERCENT)
 HIGHEST    81           500 AM
 LOWEST     33           500 PM
 AVERAGE    57

..........................................................


THE SAN ANGELO CLIMATE NORMALS FOR TODAY
                         NORMAL    RECORD    YEAR
 MAXIMUM TEMPERATURE (F)   65        93      1996
 MINIMUM TEMPERATURE (F)   38        19      1939


SUNRISE AND SUNSET
FEBRUARY 21 2018......SUNRISE   717 AM CST   SUNSET   634 PM CST
FEBRUARY 22 2018......SUNRISE   716 AM CST   SUNSET   635 PM CST


-  INDICATES NEGATIVE NUMBERS.
R  INDICATES RECORD WAS SET OR TIED.
MM INDICATES DATA IS MISSING.
T  INDICATES TRACE AMOUNT.




$$
