000
CDUS44 KSJT 100755
CLISJT


CLIMATE REPORT
NATIONAL WEATHER SERVICE SAN ANGELO TX
154 AM CST WED FEB 10 2016


...................................

...THE SAN ANGELO CLIMATE SUMMARY FOR FEBRUARY 9 2016...

CLIMATE NORMAL PERIOD 1981 TO 2010
CLIMATE RECORD PERIOD 1907 TO 2016


WEATHER ITEM   OBSERVED TIME   RECORD YEAR NORMAL DEPARTURE LAST
                VALUE   (LST)  VALUE       VALUE  FROM      YEAR
                                                  NORMAL
..................................................................
TEMPERATURE (F)
 YESTERDAY
  MAXIMUM         71    421 PM  90    1957  62      9       81
  MINIMUM         30    644 AM   6    1933  36     -6       39
  AVERAGE         51                        49      2       60

PRECIPITATION (IN)
  YESTERDAY        0.00          0.60 1935   0.04  -0.04     0.00
  MONTH TO DATE    0.00                      0.37  -0.37      T
  SINCE DEC 1      2.29                      2.15   0.14     2.39
  SINCE JAN 1      0.03                      1.30  -1.27     2.03

SNOWFALL (IN)
  YESTERDAY        0.0           1.0  1980   0.0    0.0      0.0
  MONTH TO DATE    0.0                       0.1   -0.1      0.0
  SINCE NOV 1      3.1                       1.9    1.2       T
  SINCE JUL 1      3.1                       1.9    1.2       T
  SNOW DEPTH       0

DEGREE DAYS
 HEATING
  YESTERDAY       14                        16     -2        5
  MONTH TO DATE  160                       150     10      127
  SINCE DEC 1   1135                      1294   -159     1148
  SINCE JUL 1   1421                      1694   -273     1518

 COOLING
  YESTERDAY        0                         0      0        0
  MONTH TO DATE    0                         0      0        0
  SINCE DEC 1      0                         2     -2        1
  SINCE JAN 1      0                         1     -1        0
..................................................................


WIND (MPH)
  HIGHEST WIND SPEED    16   HIGHEST WIND DIRECTION     W (290)
  HIGHEST GUST SPEED    20   HIGHEST GUST DIRECTION     W (290)
  AVERAGE WIND SPEED     7.0


SKY COVER
  POSSIBLE SUNSHINE  MM
  AVERAGE SKY COVER 0.0


WEATHER CONDITIONS
 THE FOLLOWING WEATHER WAS RECORDED YESTERDAY.
  NO SIGNIFICANT WEATHER WAS OBSERVED.


RELATIVE HUMIDITY (PERCENT)
 HIGHEST    58           700 AM
 LOWEST     17           300 PM
 AVERAGE    38

..........................................................


THE SAN ANGELO CLIMATE NORMALS FOR TODAY
                         NORMAL    RECORD    YEAR
 MAXIMUM TEMPERATURE (F)   63        87      1943
                                             1932
 MINIMUM TEMPERATURE (F)   36        12      2011
                                             1929


SUNRISE AND SUNSET
FEBRUARY 10 2016......SUNRISE   728 AM CST   SUNSET   625 PM CST
FEBRUARY 11 2016......SUNRISE   727 AM CST   SUNSET   625 PM CST


-  INDICATES NEGATIVE NUMBERS.
R  INDICATES RECORD WAS SET OR TIED.
MM INDICATES DATA IS MISSING.
T  INDICATES TRACE AMOUNT.




$$
