000
CDUS44 KSJT 280800
CLISJT


CLIMATE REPORT
NATIONAL WEATHER SERVICE SAN ANGELO TX
158 AM CST WED JAN 28 2015


...................................

...THE SAN ANGELO CLIMATE SUMMARY FOR JANUARY 27 2015...

CLIMATE NORMAL PERIOD 1981 TO 2010
CLIMATE RECORD PERIOD 1907 TO 2015


WEATHER ITEM   OBSERVED TIME   RECORD YEAR NORMAL DEPARTURE LAST
                VALUE   (LST)  VALUE       VALUE  FROM      YEAR
                                                  NORMAL
..................................................................
TEMPERATURE (F)
 YESTERDAY
  MAXIMUM         78    528 PM  86    1975  60     18       46
  MINIMUM         35    807 AM  11    1926  34      1       27
  AVERAGE         57                        47     10       37

PRECIPITATION (IN)
  YESTERDAY        0.00          0.50 2005   0.04  -0.04      T
  MONTH TO DATE    1.50                      0.80   0.70      T
  SINCE DEC 1      1.86                      1.65   0.21     1.15
  SINCE JAN 1      1.50                      0.80   0.70      T

SNOWFALL (IN)
  YESTERDAY        0.0           1.0  1925   0.0    0.0       T
  MONTH TO DATE    T                         1.1   -1.1       T
  SINCE NOV 1      T                         1.7   -1.7      1.5
  SINCE JUL 1      T                         1.7   -1.7      1.5
  SNOW DEPTH       0

DEGREE DAYS
 HEATING
  YESTERDAY        8                        18    -10       28
  MONTH TO DATE  593                       505     88      502
  SINCE DEC 1    984                      1072    -88     1125
  SINCE JUL 1   1354                      1472   -118     1601

 COOLING
  YESTERDAY        0                         0      0        0
  MONTH TO DATE    0                         0      0        0
  SINCE DEC 1      1                         1      0        3
  SINCE JAN 1      0                         0      0        0
..................................................................


WIND (MPH)
  HIGHEST WIND SPEED    12   HIGHEST WIND DIRECTION     W (260)
  HIGHEST GUST SPEED    13   HIGHEST GUST DIRECTION     W (260)
  AVERAGE WIND SPEED     4.7


SKY COVER
  POSSIBLE SUNSHINE  MM
  AVERAGE SKY COVER 0.0


WEATHER CONDITIONS
 THE FOLLOWING WEATHER WAS RECORDED YESTERDAY.
  NO SIGNIFICANT WEATHER WAS OBSERVED.


RELATIVE HUMIDITY (PERCENT)
 HIGHEST    89           700 AM
 LOWEST     16           400 PM
 AVERAGE    53

..........................................................


THE SAN ANGELO CLIMATE NORMALS FOR TODAY
                         NORMAL    RECORD    YEAR
 MAXIMUM TEMPERATURE (F)   61        85      1970
 MINIMUM TEMPERATURE (F)   34        11      1948


SUNRISE AND SUNSET
JANUARY 28 2015.......SUNRISE   737 AM CST   SUNSET   613 PM CST
JANUARY 29 2015.......SUNRISE   736 AM CST   SUNSET   614 PM CST


-  INDICATES NEGATIVE NUMBERS.
R  INDICATES RECORD WAS SET OR TIED.
MM INDICATES DATA IS MISSING.
T  INDICATES TRACE AMOUNT.




$$
