000
CDUS44 KSJT 210813
CLISJT


CLIMATE REPORT
NATIONAL WEATHER SERVICE SAN ANGELO TX
213 AM CST TUE NOV 21 2017


...................................

...THE SAN ANGELO CLIMATE SUMMARY FOR NOVEMBER 20 2017...

CLIMATE NORMAL PERIOD 1981 TO 2010
CLIMATE RECORD PERIOD 1907 TO 2017


WEATHER ITEM   OBSERVED TIME   RECORD YEAR NORMAL DEPARTURE LAST
                VALUE   (LST)  VALUE       VALUE  FROM      YEAR
                                                  NORMAL
..................................................................
TEMPERATURE (F)
 YESTERDAY
  MAXIMUM         68    428 PM  87    1996  67      1       72
  MINIMUM         32    649 AM  22    1937  40     -8       34
  AVERAGE         50                        53     -3       53

PRECIPITATION (IN)
  YESTERDAY        0.00          0.30 1962   0.03  -0.03     0.00
  MONTH TO DATE    0.98                      0.87   0.11     2.28
  SINCE SEP 1      5.25                      6.06  -0.81     9.01
  SINCE JAN 1     17.35                     20.13  -2.78    34.53

SNOWFALL (IN)
  YESTERDAY        0.0           0.0  2002   0.1   -0.1      0.0
  MONTH TO DATE    0.0                       0.2   -0.2      0.0
  SINCE NOV 1      0.0                       0.2   -0.2      0.0
  SINCE JUL 1      0.0                       0.2   -0.2      0.0
  SNOW DEPTH       0

DEGREE DAYS
 HEATING
  YESTERDAY       15                        12      3       12
  MONTH TO DATE  112                       171    -59       77
  SINCE SEP 1    215                       262    -47       90
  SINCE JUL 1    215                       262    -47       90

 COOLING
  YESTERDAY        0                         0      0        0
  MONTH TO DATE   67                        15     52       37
  SINCE SEP 1    599                       463    136      665
  SINCE JAN 1   2873                      2499    374     2825
..................................................................


WIND (MPH)
  HIGHEST WIND SPEED    22   HIGHEST WIND DIRECTION    SW (220)
  HIGHEST GUST SPEED    30   HIGHEST GUST DIRECTION    SW (210)
  AVERAGE WIND SPEED    10.4


SKY COVER
  POSSIBLE SUNSHINE  MM
  AVERAGE SKY COVER 0.0


WEATHER CONDITIONS
 THE FOLLOWING WEATHER WAS RECORDED YESTERDAY.
  NO SIGNIFICANT WEATHER WAS OBSERVED.


RELATIVE HUMIDITY (PERCENT)
 HIGHEST    75           500 AM
 LOWEST     22           200 PM
 AVERAGE    49

..........................................................


THE SAN ANGELO CLIMATE NORMALS FOR TODAY
                         NORMAL    RECORD    YEAR
 MAXIMUM TEMPERATURE (F)   66        85      1989
 MINIMUM TEMPERATURE (F)   40        20      1988


SUNRISE AND SUNSET
NOVEMBER 21 2017......SUNRISE   715 AM CST   SUNSET   541 PM CST
NOVEMBER 22 2017......SUNRISE   716 AM CST   SUNSET   540 PM CST


-  INDICATES NEGATIVE NUMBERS.
R  INDICATES RECORD WAS SET OR TIED.
MM INDICATES DATA IS MISSING.
T  INDICATES TRACE AMOUNT.




$$
