000
CDUS44 KSJT 250807
CLISJT


CLIMATE REPORT
NATIONAL WEATHER SERVICE SAN ANGELO TX
307 AM CDT WED MAY 25 2016


...................................

...THE SAN ANGELO CLIMATE SUMMARY FOR MAY 24 2016...

CLIMATE NORMAL PERIOD 1981 TO 2010
CLIMATE RECORD PERIOD 1907 TO 2016


WEATHER ITEM   OBSERVED TIME   RECORD YEAR NORMAL DEPARTURE LAST
                VALUE   (LST)  VALUE       VALUE  FROM      YEAR
                                                  NORMAL
..................................................................
TEMPERATURE (F)
 YESTERDAY
  MAXIMUM         87    457 PM 109    2000  89     -2       84
  MINIMUM         74    647 AM  49    1940  64     10       63
                                      1910
  AVERAGE         81                        77      4       74

PRECIPITATION (IN)
  YESTERDAY        0.00          2.39 2014   0.11  -0.11     1.07
  MONTH TO DATE    2.99                      2.04   0.95     7.80
  SINCE MAR 1     11.42                      4.96   6.46    11.28
  SINCE JAN 1     12.22                      7.24   4.98    13.54

DEGREE DAYS
 HEATING
  YESTERDAY        0                         0      0        0
  MONTH TO DATE   22                         8     14        8
  SINCE MAR 1    232                       353   -121      338
  SINCE JUL 1   1825                      2314   -489     2185

 COOLING
  YESTERDAY       16                        12      4        9
  MONTH TO DATE  186                       217    -31      211
  SINCE MAR 1    310                       368    -58      405
  SINCE JAN 1    320                       373    -53      407
..................................................................


WIND (MPH)
  HIGHEST WIND SPEED    20   HIGHEST WIND DIRECTION     S (180)
  HIGHEST GUST SPEED    26   HIGHEST GUST DIRECTION     S (190)
  AVERAGE WIND SPEED    10.3


SKY COVER
  POSSIBLE SUNSHINE  MM
  AVERAGE SKY COVER 0.5


WEATHER CONDITIONS
 THE FOLLOWING WEATHER WAS RECORDED YESTERDAY.
  HAZE


RELATIVE HUMIDITY (PERCENT)
 HIGHEST    87           600 AM
 LOWEST     59           400 PM
 AVERAGE    73

..........................................................


THE SAN ANGELO CLIMATE NORMALS FOR TODAY
                         NORMAL    RECORD    YEAR
 MAXIMUM TEMPERATURE (F)   89       107      1989
 MINIMUM TEMPERATURE (F)   65        51      1947


SUNRISE AND SUNSET
MAY 25 2016...........SUNRISE   640 AM CDT   SUNSET   838 PM CDT
MAY 26 2016...........SUNRISE   640 AM CDT   SUNSET   839 PM CDT


-  INDICATES NEGATIVE NUMBERS.
R  INDICATES RECORD WAS SET OR TIED.
MM INDICATES DATA IS MISSING.
T  INDICATES TRACE AMOUNT.




$$
