712
CDUS44 KSJT 280707
CLISJT


CLIMATE REPORT
NATIONAL WEATHER SERVICE SAN ANGELO TX
205 AM CDT SUN AUG 28 2016


...................................

...THE SAN ANGELO CLIMATE SUMMARY FOR AUGUST 27 2016...

CLIMATE NORMAL PERIOD 1981 TO 2010
CLIMATE RECORD PERIOD 1907 TO 2016


WEATHER ITEM   OBSERVED TIME   RECORD YEAR NORMAL DEPARTURE LAST
                VALUE   (LST)  VALUE       VALUE  FROM      YEAR
                                                  NORMAL
..................................................................
TEMPERATURE (F)
 YESTERDAY
  MAXIMUM         93   1234 PM 106    2002  93      0      100
  MINIMUM         70    646 AM  55    1926  69      1       68
  AVERAGE         82                        81      1       84

PRECIPITATION (IN)
  YESTERDAY        T             2.26 2006   0.09  -0.09     0.00
  MONTH TO DATE    2.87                      1.86   1.01     1.28
  SINCE JUN 1      9.89                      5.65   4.24     5.38
  SINCE JAN 1     25.52                     13.67  11.85    20.24

DEGREE DAYS
 HEATING
  YESTERDAY        0                         0      0        0
  MONTH TO DATE    0                         0      0        0
  SINCE JUN 1      0                         0      0        0
  SINCE JUL 1      0                         0      0        0

 COOLING
  YESTERDAY       17                        16      1       19
  MONTH TO DATE  540                       488     52      605
  SINCE JUN 1   1687                      1515    172     1679
  SINCE JAN 1   2098                      1975    123     2146
..................................................................


WIND (MPH)
  HIGHEST WIND SPEED    24   HIGHEST WIND DIRECTION    SW (210)
  HIGHEST GUST SPEED    32   HIGHEST GUST DIRECTION    SW (210)
  AVERAGE WIND SPEED     6.0


SKY COVER
  POSSIBLE SUNSHINE  MM
  AVERAGE SKY COVER 0.2


WEATHER CONDITIONS
 THE FOLLOWING WEATHER WAS RECORDED YESTERDAY.
  THUNDERSTORM
  LIGHT RAIN


RELATIVE HUMIDITY (PERCENT)
 HIGHEST    90           200 AM
 LOWEST     38          1200 PM
 AVERAGE    64

..........................................................


THE SAN ANGELO CLIMATE NORMALS FOR TODAY
                         NORMAL    RECORD    YEAR
 MAXIMUM TEMPERATURE (F)   93       108      2011
 MINIMUM TEMPERATURE (F)   69        52      1926


SUNRISE AND SUNSET
AUGUST 28 2016........SUNRISE   716 AM CDT   SUNSET   810 PM CDT
AUGUST 29 2016........SUNRISE   716 AM CDT   SUNSET   809 PM CDT


-  INDICATES NEGATIVE NUMBERS.
R  INDICATES RECORD WAS SET OR TIED.
MM INDICATES DATA IS MISSING.
T  INDICATES TRACE AMOUNT.




$$
