690
CDCA42 TJSJ 300507
CLISJU


CLIMATE REPORT
NATIONAL WEATHER SERVICE SAN JUAN, PR
106 AM AST THU MAR 30 2017


...................................

...THE SAN JUAN AREA/PR CLIMATE SUMMARY FOR MARCH 29 2017...

CLIMATE NORMAL PERIOD 1981 TO 2010
CLIMATE RECORD PERIOD 1898 TO 2017


WEATHER ITEM   OBSERVED TIME   RECORD YEAR NORMAL DEPARTURE LAST
                VALUE   (LST)  VALUE       VALUE  FROM      YEAR
                                                  NORMAL
..................................................................
TEMPERATURE (F)
 YESTERDAY
  MAXIMUM         84    123 PM  93    1984  86     -2       84
  MINIMUM         73    551 AM  64    1961  73      0       73
  AVERAGE         79                        80     -1       79

PRECIPITATION (IN)
  YESTERDAY        0.00          2.78 1958   0.07  -0.07     0.02
  MONTH TO DATE    6.04                      1.80   4.24     2.14
  SINCE MAR 1      6.04                      1.80   4.24     2.14
  SINCE JAN 1      9.63                      7.95   1.68     7.62

SNOWFALL (IN)
  YESTERDAY        0.0                       0.0    0.0      0.0
  MONTH TO DATE    0.0                       0.0    0.0      0.0
  SINCE MAR 1      0.0                       0.0    0.0      0.0
  SINCE JUL 1      0.0                       0.0    0.0      0.0

DEGREE DAYS
 HEATING
  YESTERDAY        0                         0      0        0
  MONTH TO DATE    0                         0      0        0
  SINCE MAR 1      0                         0      0        0
  SINCE JUL 1      0                         0      0        0

 COOLING
  YESTERDAY       14                        14      0       14
  MONTH TO DATE  387                       400    -13      413
  SINCE MAR 1    387                       400    -13      413
  SINCE JAN 1   1235                      1151     84     1256
..................................................................


WIND (MPH)
  HIGHEST WIND SPEED    13   HIGHEST WIND DIRECTION     N (340)
  HIGHEST GUST SPEED    22   HIGHEST GUST DIRECTION     N (360)
  AVERAGE WIND SPEED     5.8


SKY COVER
  AVERAGE SKY COVER 0.4


WEATHER CONDITIONS
 THE FOLLOWING WEATHER WAS RECORDED YESTERDAY.
  NO SIGNIFICANT WEATHER WAS OBSERVED.


RELATIVE HUMIDITY (PERCENT)
 HIGHEST   100
 LOWEST     69
 AVERAGE    85

..........................................................


THE SAN JUAN AREA/PR CLIMATE NORMALS FOR TODAY
                         NORMAL    RECORD    YEAR
 MAXIMUM TEMPERATURE (F)   86        95      1984
 MINIMUM TEMPERATURE (F)   73        65      1961


SUNRISE AND SUNSET
MARCH 30 2017.........SUNRISE   620 AM AST   SUNSET   637 PM AST
MARCH 31 2017.........SUNRISE   619 AM AST   SUNSET   638 PM AST


-  INDICATES NEGATIVE NUMBERS.
R  INDICATES RECORD WAS SET OR TIED.
MM INDICATES DATA IS MISSING.
T  INDICATES TRACE AMOUNT.




$$
