000
CDCA42 TJSJ 010503
CLISJU


CLIMATE REPORT
NATIONAL WEATHER SERVICE SAN JUAN, PR
1256 AM AST SAT OCT 1 2016


...................................

...THE SAN JUAN AREA/PR CLIMATE SUMMARY FOR SEPTEMBER 30 2016...

CLIMATE NORMAL PERIOD 1981 TO 2010
CLIMATE RECORD PERIOD 1898 TO 2016


WEATHER ITEM   OBSERVED TIME   RECORD YEAR NORMAL DEPARTURE LAST
                VALUE   (LST)  VALUE       VALUE  FROM      YEAR
                                                  NORMAL
..................................................................
TEMPERATURE (F)
 YESTERDAY
  MAXIMUM         88    235 PM  94    2014  89     -1       92
  MINIMUM         77   1008 PM  71    1938  78     -1       79
  AVERAGE         83                        83      0       86

PRECIPITATION (IN)
  YESTERDAY        0.12          2.30 1899   0.17  -0.05     0.00
  MONTH TO DATE    4.91                      5.77  -0.86     4.30
  SINCE SEP 1      4.91                      5.77  -0.86     4.30
  SINCE JAN 1     42.77                     39.39   3.38    27.34

SNOWFALL (IN)
  YESTERDAY        0.0                       0.0    0.0      0.0
  MONTH TO DATE    0.0                      MM     MM        0.0
  SINCE SEP 1      0.0                      MM     MM        0.0
  SINCE JUL 1      0.0                      MM     MM        0.0

DEGREE DAYS
 HEATING
  YESTERDAY        0                         0      0        0
  MONTH TO DATE    0                         0      0        0
  SINCE SEP 1      0                         0      0        0
  SINCE JUL 1      0                         0      0        0

 COOLING
  YESTERDAY       18                        18      0       21
  MONTH TO DATE  564                       555      9      586
  SINCE SEP 1    564                       555      9      586
  SINCE JAN 1   4569                      4412    157     4661
..................................................................


WIND (MPH)
  HIGHEST WIND SPEED    23   HIGHEST WIND DIRECTION     E (80)
  HIGHEST GUST SPEED    29   HIGHEST GUST DIRECTION     E (70)
  AVERAGE WIND SPEED    11.0


SKY COVER
  AVERAGE SKY COVER 0.5


WEATHER CONDITIONS
 THE FOLLOWING WEATHER WAS RECORDED YESTERDAY.
  LIGHT RAIN


RELATIVE HUMIDITY (PERCENT)
 HIGHEST    97
 LOWEST     70
 AVERAGE    84

..........................................................


THE SAN JUAN AREA/PR CLIMATE NORMALS FOR TODAY
                         NORMAL    RECORD    YEAR
 MAXIMUM TEMPERATURE (F)   89        96      1982
 MINIMUM TEMPERATURE (F)   77        68      1899


SUNRISE AND SUNSET
OCTOBER  1 2016.......SUNRISE   615 AM AST   SUNSET   612 PM AST
OCTOBER  2 2016.......SUNRISE   615 AM AST   SUNSET   611 PM AST


-  INDICATES NEGATIVE NUMBERS.
R  INDICATES RECORD WAS SET OR TIED.
MM INDICATES DATA IS MISSING.
T  INDICATES TRACE AMOUNT.




$$
